{"id":22,"date":"2019-10-25T13:51:57","date_gmt":"2019-10-25T11:51:57","guid":{"rendered":"http:\/\/agora.xtec.cat\/ceipjosepmadrenys\/?page_id=22"},"modified":"2019-10-25T13:51:40","modified_gmt":"2019-10-25T11:51:40","slug":"lescola","status":"publish","type":"page","link":"https:\/\/agora.xtec.cat\/ceipjosepmadrenys\/lescola\/","title":{"rendered":"L&#8217;escola"},"content":{"rendered":"<p>Aquesta secci\u00f3 cont\u00e9 diverses informacions relacionades amb l&#8217;escola: localitzaci\u00f3, calendaris, membres de l&#8217;equip docent, PAS i consell escolar, documents,&#8230;<\/p>\n<p>Esperem que gaudiu molt del nou espai i ens feu els suggeriments que creieu oportuns.<\/p>\n<p><a href=\"https:\/\/agora.xtec.cat\/ceipjosepmadrenys\/wp-content\/uploads\/usu1386\/2019\/10\/LOGOLLARG.jpg\"><img loading=\"lazy\" decoding=\"async\" class=\"wp-image-720 aligncenter\" src=\"https:\/\/agora.xtec.cat\/ceipjosepmadrenys\/wp-content\/uploads\/usu1386\/2019\/10\/LOGOLLARG.jpg\" alt=\"\" width=\"711\" height=\"86\" srcset=\"https:\/\/agora.xtec.cat\/ceipjosepmadrenys\/wp-content\/uploads\/usu1386\/2019\/10\/LOGOLLARG.jpg 1997w, https:\/\/agora.xtec.cat\/ceipjosepmadrenys\/wp-content\/uploads\/usu1386\/2019\/10\/LOGOLLARG-300x36.jpg 300w, https:\/\/agora.xtec.cat\/ceipjosepmadrenys\/wp-content\/uploads\/usu1386\/2019\/10\/LOGOLLARG-768x93.jpg 768w, https:\/\/agora.xtec.cat\/ceipjosepmadrenys\/wp-content\/uploads\/usu1386\/2019\/10\/LOGOLLARG-1024x124.jpg 1024w\" sizes=\"auto, (max-width: 711px) 100vw, 711px\" \/><\/a><\/p>\n","protected":false},"excerpt":{"rendered":"<p>Aquesta secci\u00f3 cont\u00e9 diverses informacions relacionades amb l&#8217;escola: localitzaci\u00f3, calendaris, membres de l&#8217;equip docent, PAS i consell escolar, documents,&#8230;<br \/>\nEsperem que gaudiu molt del nou espai i ens feu els suggeriments que creieu oportuns.<br \/>\n<a href=\"https:\/\/agora.xtec.cat\/ceipjosepmadrenys\/wp-content\/uploads\/usu1386\/2019\/10\/LOGOLLARG.jpg\"><\/a><\/p>\n","protected":false},"author":1,"featured_media":0,"parent":0,"menu_order":0,"comment_status":"closed","ping_status":"closed","template":"page-templates\/side-menu.php","meta":{"_bbp_topic_count":0,"_bbp_reply_count":0,"_bbp_total_topic_count":0,"_bbp_total_reply_count":0,"_bbp_voice_count":0,"_bbp_anonymous_reply_count":0,"_bbp_topic_count_hidden":0,"_bbp_reply_count_hidden":0,"_bbp_forum_subforum_count":0,"footnotes":""},"class_list":["post-22","page","type-page","status-publish","hentry"],"post_mailing_queue_ids":[],"_links":{"self":[{"href":"https:\/\/agora.xtec.cat\/ceipjosepmadrenys\/wp-json\/wp\/v2\/pages\/22","targetHints":{"allow":["GET"]}}],"collection":[{"href":"https:\/\/agora.xtec.cat\/ceipjosepmadrenys\/wp-json\/wp\/v2\/pages"}],"about":[{"href":"https:\/\/agora.xtec.cat\/ceipjosepmadrenys\/wp-json\/wp\/v2\/types\/page"}],"author":[{"embeddable":true,"href":"https:\/\/agora.xtec.cat\/ceipjosepmadrenys\/wp-json\/wp\/v2\/users\/1"}],"replies":[{"embeddable":true,"href":"https:\/\/agora.xtec.cat\/ceipjosepmadrenys\/wp-json\/wp\/v2\/comments?post=22"}],"version-history":[{"count":3,"href":"https:\/\/agora.xtec.cat\/ceipjosepmadrenys\/wp-json\/wp\/v2\/pages\/22\/revisions"}],"predecessor-version":[{"id":722,"href":"https:\/\/agora.xtec.cat\/ceipjosepmadrenys\/wp-json\/wp\/v2\/pages\/22\/revisions\/722"}],"wp:attachment":[{"href":"https:\/\/agora.xtec.cat\/ceipjosepmadrenys\/wp-json\/wp\/v2\/media?parent=22"}],"curies":[{"name":"wp","href":"https:\/\/api.w.org\/{rel}","templated":true}]}}

<p>Aquesta secció conté diverses informacions relacionades amb l&#8217;escola: localització, calendaris, membres de l&#8217;equip docent, PAS i consell escolar, documents,&#8230;</p>
<p>Esperem que gaudiu molt del nou espai i ens feu els suggeriments que creieu oportuns.</p>
<p><a href="https://agora.xtec.cat/ceipjosepmadrenys/wp-content/uploads/usu1386/2019/10/LOGOLLARG.jpg"><img loading="lazy" decoding="async" class="wp-image-720 aligncenter" src="https://agora.xtec.cat/ceipjosepmadrenys/wp-content/uploads/usu1386/2019/10/LOGOLLARG.jpg" alt="" width="711" height="86" srcset="https://agora.xtec.cat/ceipjosepmadrenys/wp-content/uploads/usu1386/2019/10/LOGOLLARG.jpg 1997w, https://agora.xtec.cat/ceipjosepmadrenys/wp-content/uploads/usu1386/2019/10/LOGOLLARG-300x36.jpg 300w, https://agora.xtec.cat/ceipjosepmadrenys/wp-content/uploads/usu1386/2019/10/LOGOLLARG-768x93.jpg 768w, https://agora.xtec.cat/ceipjosepmadrenys/wp-content/uploads/usu1386/2019/10/LOGOLLARG-1024x124.jpg 1024w" sizes="auto, (max-width: 711px) 100vw, 711px" /></a></p>

<p>Aquesta secció conté diverses informacions relacionades amb l&#8217;escola: localització, calendaris, membres de l&#8217;equip docent, PAS i consell escolar, documents,&#8230;<br />
Esperem que gaudiu molt del nou espai i ens feu els suggeriments que creieu oportuns.<br />
<a href="https://agora.xtec.cat/ceipjosepmadrenys/wp-content/uploads/usu1386/2019/10/LOGOLLARG.jpg"></a></p>
