{"id":815,"date":"2017-04-08T09:52:43","date_gmt":"2017-04-08T07:52:43","guid":{"rendered":"http:\/\/agora.xtec.cat\/ceipjosepguinovart\/?page_id=815"},"modified":"2026-07-27T00:06:04","modified_gmt":"2026-07-26T22:06:04","slug":"projecte-de-convivencia","status":"publish","type":"page","link":"https:\/\/agora.xtec.cat\/ceipjosepguinovart\/projecte-de-convivencia\/","title":{"rendered":"Projecte de conviv\u00e8ncia (PdC)"},"content":{"rendered":"<p style=\"text-align: justify;\">D&#8217;acord amb la RESOLUCI\u00d3 ENS\/585\/2017, de 17 de mar\u00e7, per la qual s&#8217;estableix l&#8217;elaboraci\u00f3 i la implementaci\u00f3 del Projecte de Conviv\u00e8ncia en els centres educatius dins el marc del Projecte Educatiu de Centre, l&#8217;escola s&#8217;ha dotat d&#8217;un Projecte de Conviv\u00e8ncia on es reflecteix les accions que l&#8217;escola desenvolupa per capacitar tot l&#8217;alumnat i la resta de la comunitat escolar per a la conviv\u00e8ncia i la gesti\u00f3 positiva dels conflictes. Aquestes accions estan adre\u00e7ades a la millora de la conviv\u00e8ncia a l&#8217;aula, al centre o a l&#8217;entorn, en el benent\u00e8s que la permeabilitat entre aquests tres \u00e0mbits d&#8217;intervenci\u00f3 afavoreix la transfer\u00e8ncia d&#8217;aprenentatges, valors, actituds i h\u00e0bits relacionals. Tamb\u00e9 recull els mecanismes que el centre estableix a l&#8217;hora de resoldre els conflictes i de crear una atmosfera de treball i conviv\u00e8ncia segura i saludable.<\/p>\n<p style=\"text-align: center;\"><a href=\"https:\/\/agora.xtec.cat\/ceipjosepguinovart\/wp-content\/uploads\/usu421\/2026\/07\/PDC-Projecte-de-Convivencia.pdf\" target=\"_blank\" rel=\"noopener\">PdC Projecte de Conviv\u00e8ncia<\/a><\/p>\n<div style=\"text-align: center;\">\n<div style=\"margin: 8px 0px 4px;\"><\/div>\n<p><iframe loading=\"lazy\" style=\"margin: 0 auto;\" src=\"\/\/v.calameo.com\/?bkcode=0061755606e8160eb4210&amp;mode=mini\" width=\"960\" height=\"600\" frameborder=\"0\" scrolling=\"no\" allowfullscreen=\"allowfullscreen\"><span data-mce-type=\"bookmark\" style=\"display: inline-block; width: 0px; overflow: hidden; line-height: 0;\" class=\"mce_SELRES_start\">\ufeff<\/span><\/iframe><\/p>\n<div style=\"margin: 4px 0px 8px;\"><\/div>\n<\/div>\n","protected":false},"excerpt":{"rendered":"<p>D&#8217;acord amb la RESOLUCI\u00d3 ENS\/585\/2017, de 17 de mar\u00e7, per la qual s&#8217;estableix l&#8217;elaboraci\u00f3 i la implementaci\u00f3 del Projecte de Conviv\u00e8ncia en els centres educatius dins el marc del Projecte Educatiu de Centre, l&#8217;escola s&#8217;ha dotat d&#8217;un Projecte de Conviv\u00e8ncia on es reflecteix les accions que l&#8217;escola desenvolupa per capacitar tot l&#8217;alumnat i la resta [&hellip;]<\/p>\n","protected":false},"author":1,"featured_media":0,"parent":0,"menu_order":0,"comment_status":"closed","ping_status":"closed","template":"","meta":{"_bbp_topic_count":0,"_bbp_reply_count":0,"_bbp_total_topic_count":0,"_bbp_total_reply_count":0,"_bbp_voice_count":0,"_bbp_anonymous_reply_count":0,"_bbp_topic_count_hidden":0,"_bbp_reply_count_hidden":0,"_bbp_forum_subforum_count":0,"site-sidebar-layout":"default","site-content-layout":"","ast-site-content-layout":"default","site-content-style":"default","site-sidebar-style":"default","ast-global-header-display":"","ast-banner-title-visibility":"","ast-main-header-display":"","ast-hfb-above-header-display":"","ast-hfb-below-header-display":"","ast-hfb-mobile-header-display":"","site-post-title":"","ast-breadcrumbs-content":"","ast-featured-img":"","footer-sml-layout":"","theme-transparent-header-meta":"","adv-header-id-meta":"","stick-header-meta":"","header-above-stick-meta":"","header-main-stick-meta":"","header-below-stick-meta":"","astra-migrate-meta-layouts":"set","ast-page-background-enabled":"default","ast-page-background-meta":{"desktop":{"background-color":"var(--ast-global-color-4)","background-image":"","background-repeat":"repeat","background-position":"center center","background-size":"auto","background-attachment":"scroll","background-type":"","background-media":"","overlay-type":"","overlay-color":"","overlay-opacity":"","overlay-gradient":""},"tablet":{"background-color":"","background-image":"","background-repeat":"repeat","background-position":"center center","background-size":"auto","background-attachment":"scroll","background-type":"","background-media":"","overlay-type":"","overlay-color":"","overlay-opacity":"","overlay-gradient":""},"mobile":{"background-color":"","background-image":"","background-repeat":"repeat","background-position":"center center","background-size":"auto","background-attachment":"scroll","background-type":"","background-media":"","overlay-type":"","overlay-color":"","overlay-opacity":"","overlay-gradient":""}},"ast-content-background-meta":{"desktop":{"background-color":"var(--ast-global-color-5)","background-image":"","background-repeat":"repeat","background-position":"center center","background-size":"auto","background-attachment":"scroll","background-type":"","background-media":"","overlay-type":"","overlay-color":"","overlay-opacity":"","overlay-gradient":""},"tablet":{"background-color":"var(--ast-global-color-5)","background-image":"","background-repeat":"repeat","background-position":"center center","background-size":"auto","background-attachment":"scroll","background-type":"","background-media":"","overlay-type":"","overlay-color":"","overlay-opacity":"","overlay-gradient":""},"mobile":{"background-color":"var(--ast-global-color-5)","background-image":"","background-repeat":"repeat","background-position":"center center","background-size":"auto","background-attachment":"scroll","background-type":"","background-media":"","overlay-type":"","overlay-color":"","overlay-opacity":"","overlay-gradient":""}},"footnotes":""},"class_list":["post-815","page","type-page","status-publish","hentry"],"post_mailing_queue_ids":[],"_links":{"self":[{"href":"https:\/\/agora.xtec.cat\/ceipjosepguinovart\/wp-json\/wp\/v2\/pages\/815","targetHints":{"allow":["GET"]}}],"collection":[{"href":"https:\/\/agora.xtec.cat\/ceipjosepguinovart\/wp-json\/wp\/v2\/pages"}],"about":[{"href":"https:\/\/agora.xtec.cat\/ceipjosepguinovart\/wp-json\/wp\/v2\/types\/page"}],"author":[{"embeddable":true,"href":"https:\/\/agora.xtec.cat\/ceipjosepguinovart\/wp-json\/wp\/v2\/users\/1"}],"replies":[{"embeddable":true,"href":"https:\/\/agora.xtec.cat\/ceipjosepguinovart\/wp-json\/wp\/v2\/comments?post=815"}],"version-history":[{"count":6,"href":"https:\/\/agora.xtec.cat\/ceipjosepguinovart\/wp-json\/wp\/v2\/pages\/815\/revisions"}],"predecessor-version":[{"id":20915,"href":"https:\/\/agora.xtec.cat\/ceipjosepguinovart\/wp-json\/wp\/v2\/pages\/815\/revisions\/20915"}],"wp:attachment":[{"href":"https:\/\/agora.xtec.cat\/ceipjosepguinovart\/wp-json\/wp\/v2\/media?parent=815"}],"curies":[{"name":"wp","href":"https:\/\/api.w.org\/{rel}","templated":true}]}}

Projecte de convivència (PdC)

<p style="text-align: justify;">D&#8217;acord amb la RESOLUCIÓ ENS/585/2017, de 17 de març, per la qual s&#8217;estableix l&#8217;elaboració i la implementació del Projecte de Convivència en els centres educatius dins el marc del Projecte Educatiu de Centre, l&#8217;escola s&#8217;ha dotat d&#8217;un Projecte de Convivència on es reflecteix les accions que l&#8217;escola desenvolupa per capacitar tot l&#8217;alumnat i la resta de la comunitat escolar per a la convivència i la gestió positiva dels conflictes. Aquestes accions estan adreçades a la millora de la convivència a l&#8217;aula, al centre o a l&#8217;entorn, en el benentès que la permeabilitat entre aquests tres àmbits d&#8217;intervenció afavoreix la transferència d&#8217;aprenentatges, valors, actituds i hàbits relacionals. També recull els mecanismes que el centre estableix a l&#8217;hora de resoldre els conflictes i de crear una atmosfera de treball i convivència segura i saludable.</p>
<p style="text-align: center;"><a href="https://agora.xtec.cat/ceipjosepguinovart/wp-content/uploads/usu421/2026/07/PDC-Projecte-de-Convivencia.pdf" target="_blank" rel="noopener">PdC Projecte de Convivència</a></p>
<div style="text-align: center;">
<div style="margin: 8px 0px 4px;"></div>
<p><iframe loading="lazy" style="margin: 0 auto;" src="//v.calameo.com/?bkcode=0061755606e8160eb4210&amp;mode=mini" width="960" height="600" frameborder="0" scrolling="no" allowfullscreen="allowfullscreen"><span data-mce-type="bookmark" style="display: inline-block; width: 0px; overflow: hidden; line-height: 0;" class="mce_SELRES_start">﻿</span></iframe></p>
<div style="margin: 4px 0px 8px;"></div>
</div>

<p>D&#8217;acord amb la RESOLUCIÓ ENS/585/2017, de 17 de març, per la qual s&#8217;estableix l&#8217;elaboració i la implementació del Projecte de Convivència en els centres educatius dins el marc del Projecte Educatiu de Centre, l&#8217;escola s&#8217;ha dotat d&#8217;un Projecte de Convivència on es reflecteix les accions que l&#8217;escola desenvolupa per capacitar tot l&#8217;alumnat i la resta [&hellip;]</p>
