{"id":77,"date":"2014-09-18T14:05:08","date_gmt":"2014-09-18T13:05:08","guid":{"rendered":"http:\/\/agora.xtec.cat\/ceipjosepguinovart\/?page_id=77"},"modified":"2025-08-28T12:44:19","modified_gmt":"2025-08-28T10:44:19","slug":"acollida","status":"publish","type":"page","link":"https:\/\/agora.xtec.cat\/ceipjosepguinovart\/serveis\/acollida\/","title":{"rendered":"Acollida i perman\u00e8ncia"},"content":{"rendered":"<p style=\"padding-left: 30px;\"><strong><span style=\"color: #3366ff;\">SERVEI D&#8217;ACOLLIDA<\/span><\/strong><\/p>\n<p>El servei d\u2019acollida matinal pret\u00e9n ser un servei per aquelles fam\u00edlies que necessiten conciliar els horaris de la seva vida quotidiana amb l\u2019escolaritzaci\u00f3 dels seus fills\/es.\u00a0Est\u00e0 dirigit als infants d&#8217;edats compreses entre els 3 i els 12 anys, escolaritzats en les etapes d\u2019educaci\u00f3 infantil i prim\u00e0ria de l\u2019escola Josep Guinovart.<\/p>\n<p style=\"text-align: center;\"><strong>La distribuci\u00f3 hor\u00e0ria del servei ser\u00e0:<\/strong><br \/>\n<strong>\u2022de 7:45h a 9:00h<\/strong><br \/>\n<strong>\u2022de 8:30h a 9:00h<\/strong><\/p>\n<p style=\"text-align: left;\">Per accedir al recinte s\u2019haur\u00e0 d\u2019anar per la porta d\u2019entrada principal i <span style=\"text-decoration: underline;\">tocar al timbre del menjador<\/span>. Una vegada dins el recinte, la persona entra a deixar al participant i es dirigeix de nou cap a la sortida. El familiar acompanyant sortir\u00e0 per la mateixa porta d\u2019entrada.<\/p>\n<p>El preu del servei d\u2019acollida matinal variar\u00e0 en funci\u00f3 de la modalitat escollida i si la fam\u00edlia es soci\/a del AFA:<\/p>\n<p>&nbsp;<\/p>\n<table style=\"border-color: #6760f0;\">\n<tbody>\n<tr style=\"background-color: #7495e3;\">\n<td colspan=\"2\" width=\"225\">\n<p style=\"text-align: center;\"><strong>P<\/strong><strong>R<\/strong><strong>EUS SOCIS<\/strong><\/p>\n<\/td>\n<td colspan=\"2\" width=\"225\">\n<p style=\"text-align: center;\"><strong>P<\/strong><strong>R<\/strong><strong>EU NO SOCIS<\/strong><\/p>\n<\/td>\n<\/tr>\n<tr>\n<td style=\"text-align: center;\" colspan=\"2\" width=\"225\">ACOLLIDA<\/p>\n<p>07:45 a 09:00<\/td>\n<td style=\"text-align: center;\" colspan=\"2\" width=\"225\">ACOLLIDA<\/p>\n<p>07:45 a 09:00<\/td>\n<\/tr>\n<tr>\n<td style=\"text-align: center;\" width=\"112\">*Espor\u00e0dic<\/td>\n<td style=\"text-align: center;\" width=\"112\">5\u20ac<\/td>\n<td style=\"text-align: center;\" width=\"112\">Espor\u00e0dic<\/td>\n<td style=\"text-align: center;\" width=\"112\">7\u20ac<\/td>\n<\/tr>\n<tr>\n<td style=\"text-align: center;\" width=\"112\">**Fix Mensual<\/td>\n<td style=\"text-align: center;\" width=\"112\">50\u20ac<\/td>\n<td style=\"text-align: center;\" width=\"112\">Fix Mensual<\/td>\n<td style=\"text-align: center;\" width=\"112\">60\u20ac<\/td>\n<\/tr>\n<tr>\n<td style=\"text-align: center;\" colspan=\"2\" width=\"225\">ACOLLIDA<\/p>\n<p>08:30 a 09:00<\/td>\n<td style=\"text-align: center;\" colspan=\"2\" width=\"225\">ACOLLIDA<\/p>\n<p>08:30 a 09:00<\/td>\n<\/tr>\n<tr>\n<td style=\"text-align: center;\" width=\"112\">Espor\u00e0dic<\/td>\n<td style=\"text-align: center;\" width=\"112\">3\u20ac<\/td>\n<td style=\"text-align: center;\" width=\"112\">Espor\u00e0dic<\/td>\n<td style=\"text-align: center;\" width=\"112\">4,50\u20ac<\/td>\n<\/tr>\n<tr>\n<td style=\"text-align: center;\" width=\"112\">Fix Mensual<\/td>\n<td style=\"text-align: center;\" width=\"112\">35\u20ac<\/td>\n<td style=\"text-align: center;\" width=\"112\">Fix Mensual<\/td>\n<td style=\"text-align: center;\" width=\"112\">45\u20ac<\/td>\n<\/tr>\n<\/tbody>\n<\/table>\n<p><sup>*Espor\u00e0dic: servei que es correspon amb 1 dia puntual i s\u2019haur\u00e0 d\u2019abonar a l\u2019hora de deixar al participant.<\/sup><br \/>\n<sup>**Fix mensual: Preu que s\u2019aplica als participants que utilitzen el servei d\u2019acollida de forma fixe durant el curs.<\/sup><\/p>\n<p><u>F<\/u><u>orma de pagament<\/u><\/p>\n<ul>\n<li>Dia espor\u00e0dic: El pagament dels serveis espor\u00e0dics es realitzaran directament al monitoratge d&#8217;acollida que el realitzen, el mateix dia que s\u2019utilitza.<\/li>\n<li>Fixe mensual: Els participants que utilitzin el servei de forma fixe, hauran de fer l\u2019abonament mensualment a la coordinadora d\u2019extraescolars (Gabi).<br \/>\nExisteix l\u2019opci\u00f3 de domiciliar el pagament. Parlar amb la coordinadora per definir millor opci\u00f3. Si l\u2019opci\u00f3 escollida es la domiciliaci\u00f3 bancaria s\u2019hauran d\u2019emplenar les dades en el formulari d\u2019inscripci\u00f3.<a style=\"color: #2795b6;\" href=\"https:\/\/forms.gle\/aYZYmRtjwAaXFcvD7\">https:\/\/forms.gle\/aYZYmRtjwAaXFcvD7<\/a><\/li>\n<\/ul>\n<p><em>Per qualsevol dubte o consulta us podeu posar en contacte enviant un correu a<a href=\"mailto:extraescolarsjosepguinovart@gmail.com\"> extraescolarsjosepguinovart@gmail.com<\/a><\/em><\/p>\n<p>&nbsp;<\/p>\n<p style=\"padding-left: 30px;\"><strong><span style=\"color: #3366ff;\">SERVEI DE PERMAN\u00c8NCIA<\/span><\/strong><\/p>\n<p>El centre ofereix a les fam\u00edlies la possibilitat de deixar els nens i nenes a l&#8217;escola a c\u00e0rrec d&#8217;un equip de monitors\/es des de les <strong>16:25h <\/strong>fins a les<strong> 17:45h<\/strong>. Pot fer-se \u00fas de manera fixa o tamb\u00e9 de manera espor\u00e0dica.<\/p>\n<p>El preu del servei d\u2019acollida matinal variar\u00e0 en funci\u00f3 de la modalitat escollida i si la fam\u00edlia es soci\/a del AFA:<\/p>\n<table style=\"border-color: #6760f0;\">\n<tbody>\n<tr style=\"background-color: #7495e3;\">\n<td colspan=\"2\" width=\"225\">\n<p style=\"text-align: center;\"><strong>P<\/strong><strong>R<\/strong><strong>EUS SOCIS<\/strong><\/p>\n<\/td>\n<td colspan=\"2\" width=\"225\">\n<p style=\"text-align: center;\"><strong>P<\/strong><strong>R<\/strong><strong>EU NO SOCIS<\/strong><\/p>\n<\/td>\n<\/tr>\n<tr>\n<td style=\"text-align: center;\" colspan=\"2\" width=\"225\">PERMAN\u00c8NCIA<\/p>\n<p>16:30 a 17:45<\/td>\n<td style=\"text-align: center;\" colspan=\"2\" width=\"225\">PERMAN\u00c8CIA<\/p>\n<p>16:30 a 17:45<\/td>\n<\/tr>\n<tr>\n<td style=\"text-align: center;\" width=\"112\">*Espor\u00e0dic<\/td>\n<td style=\"text-align: center;\" width=\"112\">5\u20ac<\/td>\n<td style=\"text-align: center;\" width=\"112\">Espor\u00e0dic<\/td>\n<td style=\"text-align: center;\" width=\"112\">7\u20ac<\/td>\n<\/tr>\n<tr>\n<td style=\"text-align: center;\" width=\"112\">**Fix Mensual<\/td>\n<td style=\"text-align: center;\" width=\"112\">50\u20ac<\/td>\n<td style=\"text-align: center;\" width=\"112\">Fix Mensual<\/td>\n<td style=\"text-align: center;\" width=\"112\">60\u20ac<\/td>\n<\/tr>\n<\/tbody>\n<\/table>\n<p><sup>*Espor\u00e0dic: servei que es correspon amb 1 dia puntual i s\u2019haur\u00e0 d\u2019abonar a l\u2019hora de deixar al participant.<br \/>\n<\/sup><sup>**Fix mensual: Preu que s\u2019aplica als participants que utilitzen el servei d\u2019acollida de forma fixe durant el curs.<\/sup><\/p>\n<p><u>F<\/u><u>orma de pagament<\/u><\/p>\n<ul>\n<li style=\"list-style-type: none;\">\n<ul>\n<li>Dia espor\u00e0dic: El pagament dels serveis espor\u00e0dics es realitzaran directament a la coordinadora d&#8217;extraescolars a la recollida de l&#8217;infant el mateix dia que s\u2019utilitza.<\/li>\n<li>Fixe mensual: Els participants que utilitzin el servei de forma fixe, hauran de fer l\u2019abonament mensualment a la coordinadora d\u2019extraescolars. La inscripci\u00f3 s&#8217;ha de fer de forma presencial.<\/li>\n<\/ul>\n<\/li>\n<\/ul>\n<p><em style=\"font-family: inherit; font-size: 1em;\">Qualssevol dubte o informaci\u00f3 us podeu posar en contacte amb la coordinador d&#8217;extraescolars (Gabi) a trav\u00e9s del correu electr\u00f2nic <a href=\"mailto:extraescolarsjosepguinovart@gmail.com\" target=\"_blank\" rel=\"noopener\">extraescolarsjosepguinovart@gmail.com<\/a> o al tel\u00e8fon <strong>654 15 65 90<\/strong>\u00a0en horari de 16:30h a 18:00h.<\/em><\/p>\n","protected":false},"excerpt":{"rendered":"<p>SERVEI D&#8217;ACOLLIDA<br \/>\nEl servei d\u2019acollida matinal pret\u00e9n ser un servei per aquelles fam\u00edlies que necessiten conciliar els horaris de la seva vida quotidiana amb l\u2019escolaritzaci\u00f3 dels seus fills\/es.\u00a0Est\u00e0 dirigit als infants d&#8217;edats compreses entre els 3 i els 12 anys, escolaritzats en les etapes d\u2019educaci\u00f3 infantil&hellip;  <a href=\"https:\/\/agora.xtec.cat\/ceipjosepguinovart\/serveis\/acollida\/\" title=\"Read Acollida i perman\u00e8ncia\">Llegeix m\u00e9s\u00bb<\/a><\/p>\n","protected":false},"author":1,"featured_media":0,"parent":66,"menu_order":20,"comment_status":"closed","ping_status":"closed","template":"page-templates\/side-menu.php","meta":{"_bbp_topic_count":0,"_bbp_reply_count":0,"_bbp_total_topic_count":0,"_bbp_total_reply_count":0,"_bbp_voice_count":0,"_bbp_anonymous_reply_count":0,"_bbp_topic_count_hidden":0,"_bbp_reply_count_hidden":0,"_bbp_forum_subforum_count":0,"footnotes":""},"class_list":["post-77","page","type-page","status-publish","hentry"],"post_mailing_queue_ids":[],"_links":{"self":[{"href":"https:\/\/agora.xtec.cat\/ceipjosepguinovart\/wp-json\/wp\/v2\/pages\/77","targetHints":{"allow":["GET"]}}],"collection":[{"href":"https:\/\/agora.xtec.cat\/ceipjosepguinovart\/wp-json\/wp\/v2\/pages"}],"about":[{"href":"https:\/\/agora.xtec.cat\/ceipjosepguinovart\/wp-json\/wp\/v2\/types\/page"}],"author":[{"embeddable":true,"href":"https:\/\/agora.xtec.cat\/ceipjosepguinovart\/wp-json\/wp\/v2\/users\/1"}],"replies":[{"embeddable":true,"href":"https:\/\/agora.xtec.cat\/ceipjosepguinovart\/wp-json\/wp\/v2\/comments?post=77"}],"version-history":[{"count":6,"href":"https:\/\/agora.xtec.cat\/ceipjosepguinovart\/wp-json\/wp\/v2\/pages\/77\/revisions"}],"predecessor-version":[{"id":19955,"href":"https:\/\/agora.xtec.cat\/ceipjosepguinovart\/wp-json\/wp\/v2\/pages\/77\/revisions\/19955"}],"up":[{"embeddable":true,"href":"https:\/\/agora.xtec.cat\/ceipjosepguinovart\/wp-json\/wp\/v2\/pages\/66"}],"wp:attachment":[{"href":"https:\/\/agora.xtec.cat\/ceipjosepguinovart\/wp-json\/wp\/v2\/media?parent=77"}],"curies":[{"name":"wp","href":"https:\/\/api.w.org\/{rel}","templated":true}]}}