{"id":71,"date":"2014-09-18T12:44:56","date_gmt":"2014-09-18T11:44:56","guid":{"rendered":"http:\/\/agora.xtec.cat\/ceipjosepgras\/?page_id=71"},"modified":"2024-05-06T17:46:12","modified_gmt":"2024-05-06T15:46:12","slug":"casals","status":"publish","type":"page","link":"https:\/\/agora.xtec.cat\/ceipjosepgras\/serveis\/casals\/","title":{"rendered":"Casals de nadal i estiu"},"content":{"rendered":"<header class=\"entry-header\"><\/header>\n<div class=\"entry-content\">\n<h2><strong>El Casal d\u2019Estiu\u00a0<\/strong><\/h2>\n<p>L\u2019AFA organitza activitats a l\u2019estiu que complementen el treball que es fa a l\u2019Escola. Activitats per gaudir en el temps lliure i d\u2019aprenentatge, en un entorn que fomenta la interrelaci\u00f3 i la descoberta. En aquesta l\u00ednia hem incl\u00f2s el contacte i sortides a la natura, piscina, etc.<\/p>\n<\/div>\n<p>&nbsp;<\/p>\n","protected":false},"excerpt":{"rendered":"<p>El Casal d\u2019Estiu\u00a0<br \/>\nL\u2019AFA organitza activitats a l\u2019estiu que complementen el treball que es fa a l\u2019Escola. Activitats per gaudir en el temps lliure i d\u2019aprenentatge, en un entorn que fomenta la interrelaci\u00f3 i la descoberta. En aquesta l\u00ednia hem incl\u00f2s el contacte i sortides a&hellip;  <a href=\"https:\/\/agora.xtec.cat\/ceipjosepgras\/serveis\/casals\/\" title=\"Read Casals de nadal i estiu\">Llegeix m\u00e9s\u00bb<\/a><\/p>\n","protected":false},"author":1,"featured_media":0,"parent":66,"menu_order":40,"comment_status":"closed","ping_status":"closed","template":"page-templates\/side-menu.php","meta":{"_bbp_topic_count":0,"_bbp_reply_count":0,"_bbp_total_topic_count":0,"_bbp_total_reply_count":0,"_bbp_voice_count":0,"_bbp_anonymous_reply_count":0,"_bbp_topic_count_hidden":0,"_bbp_reply_count_hidden":0,"_bbp_forum_subforum_count":0,"footnotes":""},"class_list":["post-71","page","type-page","status-publish","hentry"],"post_mailing_queue_ids":[],"_links":{"self":[{"href":"https:\/\/agora.xtec.cat\/ceipjosepgras\/wp-json\/wp\/v2\/pages\/71","targetHints":{"allow":["GET"]}}],"collection":[{"href":"https:\/\/agora.xtec.cat\/ceipjosepgras\/wp-json\/wp\/v2\/pages"}],"about":[{"href":"https:\/\/agora.xtec.cat\/ceipjosepgras\/wp-json\/wp\/v2\/types\/page"}],"author":[{"embeddable":true,"href":"https:\/\/agora.xtec.cat\/ceipjosepgras\/wp-json\/wp\/v2\/users\/1"}],"replies":[{"embeddable":true,"href":"https:\/\/agora.xtec.cat\/ceipjosepgras\/wp-json\/wp\/v2\/comments?post=71"}],"version-history":[{"count":4,"href":"https:\/\/agora.xtec.cat\/ceipjosepgras\/wp-json\/wp\/v2\/pages\/71\/revisions"}],"predecessor-version":[{"id":5841,"href":"https:\/\/agora.xtec.cat\/ceipjosepgras\/wp-json\/wp\/v2\/pages\/71\/revisions\/5841"}],"up":[{"embeddable":true,"href":"https:\/\/agora.xtec.cat\/ceipjosepgras\/wp-json\/wp\/v2\/pages\/66"}],"wp:attachment":[{"href":"https:\/\/agora.xtec.cat\/ceipjosepgras\/wp-json\/wp\/v2\/media?parent=71"}],"curies":[{"name":"wp","href":"https:\/\/api.w.org\/{rel}","templated":true}]}}