{"id":5894,"date":"2024-08-30T13:14:20","date_gmt":"2024-08-30T11:14:20","guid":{"rendered":"https:\/\/agora.xtec.cat\/ceipjosepgras\/?page_id=5894"},"modified":"2024-08-30T13:14:20","modified_gmt":"2024-08-30T11:14:20","slug":"autoritzacions-families","status":"publish","type":"page","link":"https:\/\/agora.xtec.cat\/ceipjosepgras\/lescola\/documents\/autoritzacions-families\/","title":{"rendered":"Autoritzacions fam\u00edlies"},"content":{"rendered":"<p>Aqu\u00ed podeu fer clic als enlla\u00e7os per si necessiteu l&#8217;autoritzaci\u00f3 en paper:<\/p>\n<ul>\n<li><a href=\"https:\/\/drive.google.com\/file\/d\/1--rlBr4KKD9s2FM-Rd_yFJHyBqLuX5qD\/view?usp=sharing\">Autoritzacions de Recollida i dret d&#8217;imatge<\/a><\/li>\n<li><a href=\"https:\/\/drive.google.com\/file\/d\/1tprJf4givGh0fwO9GzuUf_OHDJXxikca\/view?usp=sharing\">Autoritzaci\u00f3 de recollida d&#8217;un menor a un altre menor<\/a><\/li>\n<\/ul>\n<p>&nbsp;<\/p>\n","protected":false},"excerpt":{"rendered":"<p>Aqu\u00ed podeu fer clic als enlla\u00e7os per si necessiteu l&#8217;autoritzaci\u00f3 en paper:<\/p>\n<ul>\n<li><a href=\"https:\/\/drive.google.com\/file\/d\/1--rlBr4KKD9s2FM-Rd_yFJHyBqLuX5qD\/view?usp=sharing\">Autoritzacions de Recollida i dret d&#8217;imatge<\/a><\/li>\n<li><a href=\"https:\/\/drive.google.com\/file\/d\/1tprJf4givGh0fwO9GzuUf_OHDJXxikca\/view?usp=sharing\">Autoritzaci\u00f3 de recollida d&#8217;un menor a un altre menor<\/a><\/li>\n<\/ul>\n<p>&nbsp;<\/p>\n","protected":false},"author":1,"featured_media":0,"parent":5452,"menu_order":7,"comment_status":"closed","ping_status":"closed","template":"page-templates\/side-menu.php","meta":{"_bbp_topic_count":0,"_bbp_reply_count":0,"_bbp_total_topic_count":0,"_bbp_total_reply_count":0,"_bbp_voice_count":0,"_bbp_anonymous_reply_count":0,"_bbp_topic_count_hidden":0,"_bbp_reply_count_hidden":0,"_bbp_forum_subforum_count":0,"footnotes":""},"class_list":["post-5894","page","type-page","status-publish","hentry"],"post_mailing_queue_ids":[],"_links":{"self":[{"href":"https:\/\/agora.xtec.cat\/ceipjosepgras\/wp-json\/wp\/v2\/pages\/5894","targetHints":{"allow":["GET"]}}],"collection":[{"href":"https:\/\/agora.xtec.cat\/ceipjosepgras\/wp-json\/wp\/v2\/pages"}],"about":[{"href":"https:\/\/agora.xtec.cat\/ceipjosepgras\/wp-json\/wp\/v2\/types\/page"}],"author":[{"embeddable":true,"href":"https:\/\/agora.xtec.cat\/ceipjosepgras\/wp-json\/wp\/v2\/users\/1"}],"replies":[{"embeddable":true,"href":"https:\/\/agora.xtec.cat\/ceipjosepgras\/wp-json\/wp\/v2\/comments?post=5894"}],"version-history":[{"count":1,"href":"https:\/\/agora.xtec.cat\/ceipjosepgras\/wp-json\/wp\/v2\/pages\/5894\/revisions"}],"predecessor-version":[{"id":5895,"href":"https:\/\/agora.xtec.cat\/ceipjosepgras\/wp-json\/wp\/v2\/pages\/5894\/revisions\/5895"}],"up":[{"embeddable":true,"href":"https:\/\/agora.xtec.cat\/ceipjosepgras\/wp-json\/wp\/v2\/pages\/5452"}],"wp:attachment":[{"href":"https:\/\/agora.xtec.cat\/ceipjosepgras\/wp-json\/wp\/v2\/media?parent=5894"}],"curies":[{"name":"wp","href":"https:\/\/api.w.org\/{rel}","templated":true}]}}