{"id":5852,"date":"2024-06-10T23:07:11","date_gmt":"2024-06-10T21:07:11","guid":{"rendered":"https:\/\/agora.xtec.cat\/ceipjosepgras\/?page_id=5852"},"modified":"2024-06-10T23:08:48","modified_gmt":"2024-06-10T21:08:48","slug":"fi-dels-projectes-etwinning","status":"publish","type":"page","link":"https:\/\/agora.xtec.cat\/ceipjosepgras\/linia-educativa\/projectes-e-twinning\/fi-dels-projectes-etwinning\/","title":{"rendered":"Fi dels projectes etwinning 23-24"},"content":{"rendered":"<p>S&#8217;ha acabat el curs 23-24 i amb ell, els tres projectes etwinning que des de l&#8217;escola s&#8217;han portat a terme durant aquests mesos.<\/p>\n<p>Aqu\u00ed podreu llegir les documentacions dels projectes, per con\u00e8ixer millor tot el que ha fet l&#8217;alumnat de 4t, 5\u00e8 i 6\u00e8 de la nostra escola amb altres escoles de diferents pa\u00efsos.<\/p>\n<div style=\"position: relative; width: 100%; height: 0; padding-top: 129.4118%; padding-bottom: 0; box-shadow: 0 2px 8px 0 rgba(63,69,81,0.16); margin-top: 1.6em; margin-bottom: 0.9em; overflow: hidden; border-radius: 8px; will-change: transform;\"><iframe style=\"position: absolute; width: 100%; height: 100%; top: 0; left: 0; border: none; padding: 0; margin: 0;\" src=\"https:\/\/www.canva.com\/design\/DAGHxJm09sY\/S1H5dixKxgYxaISH8f-pVg\/view?embed\" allowfullscreen=\"allowfullscreen\"><br \/>\n<\/iframe><\/div>\n<p><a href=\"https:\/\/www.canva.com\/design\/DAGHxJm09sY\/S1H5dixKxgYxaISH8f-pVg\/view?utm_content=DAGHxJm09sY&amp;utm_campaign=designshare&amp;utm_medium=embeds&amp;utm_source=link\" target=\"_blank\" rel=\"noopener\">Blog etwinning final.pdf<\/a><\/p>\n","protected":false},"excerpt":{"rendered":"<p>S&#8217;ha acabat el curs 23-24 i amb ell, els tres projectes etwinning que des de l&#8217;escola s&#8217;han portat a terme durant aquests mesos.<br \/>\nAqu\u00ed podreu llegir les documentacions dels projectes, per con\u00e8ixer millor tot el que ha fet l&#8217;alumnat de 4t, 5\u00e8 i 6\u00e8 de la&hellip;  <a href=\"https:\/\/agora.xtec.cat\/ceipjosepgras\/linia-educativa\/projectes-e-twinning\/fi-dels-projectes-etwinning\/\" title=\"Read Fi dels projectes etwinning 23-24\">Llegeix m\u00e9s\u00bb<\/a><\/p>\n","protected":false},"author":1,"featured_media":0,"parent":5561,"menu_order":0,"comment_status":"closed","ping_status":"closed","template":"","meta":{"_bbp_topic_count":0,"_bbp_reply_count":0,"_bbp_total_topic_count":0,"_bbp_total_reply_count":0,"_bbp_voice_count":0,"_bbp_anonymous_reply_count":0,"_bbp_topic_count_hidden":0,"_bbp_reply_count_hidden":0,"_bbp_forum_subforum_count":0,"footnotes":""},"class_list":["post-5852","page","type-page","status-publish","hentry"],"post_mailing_queue_ids":[],"_links":{"self":[{"href":"https:\/\/agora.xtec.cat\/ceipjosepgras\/wp-json\/wp\/v2\/pages\/5852","targetHints":{"allow":["GET"]}}],"collection":[{"href":"https:\/\/agora.xtec.cat\/ceipjosepgras\/wp-json\/wp\/v2\/pages"}],"about":[{"href":"https:\/\/agora.xtec.cat\/ceipjosepgras\/wp-json\/wp\/v2\/types\/page"}],"author":[{"embeddable":true,"href":"https:\/\/agora.xtec.cat\/ceipjosepgras\/wp-json\/wp\/v2\/users\/1"}],"replies":[{"embeddable":true,"href":"https:\/\/agora.xtec.cat\/ceipjosepgras\/wp-json\/wp\/v2\/comments?post=5852"}],"version-history":[{"count":2,"href":"https:\/\/agora.xtec.cat\/ceipjosepgras\/wp-json\/wp\/v2\/pages\/5852\/revisions"}],"predecessor-version":[{"id":5855,"href":"https:\/\/agora.xtec.cat\/ceipjosepgras\/wp-json\/wp\/v2\/pages\/5852\/revisions\/5855"}],"up":[{"embeddable":true,"href":"https:\/\/agora.xtec.cat\/ceipjosepgras\/wp-json\/wp\/v2\/pages\/5561"}],"wp:attachment":[{"href":"https:\/\/agora.xtec.cat\/ceipjosepgras\/wp-json\/wp\/v2\/media?parent=5852"}],"curies":[{"name":"wp","href":"https:\/\/api.w.org\/{rel}","templated":true}]}}