{"id":5574,"date":"2023-11-01T23:10:13","date_gmt":"2023-11-01T22:10:13","guid":{"rendered":"https:\/\/agora.xtec.cat\/ceipjosepgras\/?page_id=5574"},"modified":"2025-06-19T00:07:54","modified_gmt":"2025-06-18T22:07:54","slug":"6e-projecte-e-twinning","status":"publish","type":"page","link":"https:\/\/agora.xtec.cat\/ceipjosepgras\/linia-educativa\/projectes-e-twinning\/6e-projecte-e-twinning\/","title":{"rendered":"6\u00e8 &#8211; Projecte e-twinning"},"content":{"rendered":"<p>Aquest curs 24-25, aquesta \u00e9s la documentaci\u00f3 del projecte e-twinning que s&#8217;ha portat a terme a 6\u00e8:<\/p>\n<div style=\"position: relative; width: 100%; height: 0; padding-top: 56.2500%; padding-bottom: 0; box-shadow: 0 2px 8px 0 rgba(63,69,81,0.16); margin-top: 1.6em; margin-bottom: 0.9em; overflow: hidden; border-radius: 8px; will-change: transform;\"><iframe style=\"position: absolute; width: 100%; height: 100%; top: 0; left: 0; border: none; padding: 0; margin: 0;\" src=\"https:\/\/www.canva.com\/design\/DAGqvXRFklw\/VYzy7WIzEJ9Hd3w5KClNlw\/view?embed\" allowfullscreen=\"allowfullscreen\"><br \/>\n<\/iframe><\/div>\n<p><a href=\"https:\/\/www.canva.com\/design\/DAGqvXRFklw\/VYzy7WIzEJ9Hd3w5KClNlw\/view?utm_content=DAGqvXRFklw&amp;utm_campaign=designshare&amp;utm_medium=embeds&amp;utm_source=link\" target=\"_blank\" rel=\"noopener\">(web) Documentaci\u00f3 6\u00e8 d&#8217;angl\u00e8s 24-25<\/a><\/p>\n<p>&nbsp;<\/p>\n<hr \/>\n<p>El curs passat 23-24, aquest \u00e9s el projecte etwinning que s&#8217;est\u00e0 portant a terme a 6\u00e8:<\/p>\n<p><iframe loading=\"lazy\" id=\"doc_5321\" class=\"scribd_iframe_embed\" title=\"6\u00e8 - Blog etwinning\" src=\"https:\/\/www.scribd.com\/embeds\/684261295\/content?start_page=1&amp;view_mode=scroll&amp;access_key=key-zw8jNQowicQd3acuxsrM\" width=\"600\" height=\"800\" frameborder=\"0\" scrolling=\"no\" data-auto-height=\"false\" data-aspect-ratio=\"0.7729220222793488\"><\/iframe><\/p>\n","protected":false},"excerpt":{"rendered":"<p>Aquest curs 24-25, aquesta \u00e9s la documentaci\u00f3 del projecte e-twinning que s&#8217;ha portat a terme a 6\u00e8:<\/p>\n<p><a href=\"https:\/\/www.canva.com\/design\/DAGqvXRFklw\/VYzy7WIzEJ9Hd3w5KClNlw\/view?utm_content=DAGqvXRFklw&amp;utm_campaign=designshare&amp;utm_medium=embeds&amp;utm_source=link\" target=\"_blank\" rel=\"noopener\">(web) Documentaci\u00f3 6\u00e8 d&#8217;angl\u00e8s 24-25<\/a><br \/>\n&nbsp;<\/p>\n<p>El curs passat 23-24, aquest \u00e9s el projecte etwinning que s&#8217;est\u00e0 portant a terme a 6\u00e8:<\/p>\n","protected":false},"author":1,"featured_media":0,"parent":5561,"menu_order":12,"comment_status":"closed","ping_status":"closed","template":"page-templates\/side-menu.php","meta":{"_bbp_topic_count":0,"_bbp_reply_count":0,"_bbp_total_topic_count":0,"_bbp_total_reply_count":0,"_bbp_voice_count":0,"_bbp_anonymous_reply_count":0,"_bbp_topic_count_hidden":0,"_bbp_reply_count_hidden":0,"_bbp_forum_subforum_count":0,"footnotes":""},"class_list":["post-5574","page","type-page","status-publish","hentry"],"post_mailing_queue_ids":[],"_links":{"self":[{"href":"https:\/\/agora.xtec.cat\/ceipjosepgras\/wp-json\/wp\/v2\/pages\/5574","targetHints":{"allow":["GET"]}}],"collection":[{"href":"https:\/\/agora.xtec.cat\/ceipjosepgras\/wp-json\/wp\/v2\/pages"}],"about":[{"href":"https:\/\/agora.xtec.cat\/ceipjosepgras\/wp-json\/wp\/v2\/types\/page"}],"author":[{"embeddable":true,"href":"https:\/\/agora.xtec.cat\/ceipjosepgras\/wp-json\/wp\/v2\/users\/1"}],"replies":[{"embeddable":true,"href":"https:\/\/agora.xtec.cat\/ceipjosepgras\/wp-json\/wp\/v2\/comments?post=5574"}],"version-history":[{"count":4,"href":"https:\/\/agora.xtec.cat\/ceipjosepgras\/wp-json\/wp\/v2\/pages\/5574\/revisions"}],"predecessor-version":[{"id":6161,"href":"https:\/\/agora.xtec.cat\/ceipjosepgras\/wp-json\/wp\/v2\/pages\/5574\/revisions\/6161"}],"up":[{"embeddable":true,"href":"https:\/\/agora.xtec.cat\/ceipjosepgras\/wp-json\/wp\/v2\/pages\/5561"}],"wp:attachment":[{"href":"https:\/\/agora.xtec.cat\/ceipjosepgras\/wp-json\/wp\/v2\/media?parent=5574"}],"curies":[{"name":"wp","href":"https:\/\/api.w.org\/{rel}","templated":true}]}}