{"id":5561,"date":"2023-11-01T22:58:01","date_gmt":"2023-11-01T21:58:01","guid":{"rendered":"https:\/\/agora.xtec.cat\/ceipjosepgras\/?page_id=5561"},"modified":"2025-06-19T00:11:18","modified_gmt":"2025-06-18T22:11:18","slug":"projectes-e-twinning","status":"publish","type":"page","link":"https:\/\/agora.xtec.cat\/ceipjosepgras\/linia-educativa\/projectes-e-twinning\/","title":{"rendered":"Projectes e-twinning"},"content":{"rendered":"<table style=\"border-collapse: collapse; width: 100%;\">\n<tbody>\n<tr>\n<td style=\"width: 50%;\"><img loading=\"lazy\" decoding=\"async\" class=\"alignleft wp-image-5563\" src=\"https:\/\/agora.xtec.cat\/ceipjosepgras\/wp-content\/uploads\/usu379\/2023\/11\/Els-projectes-etwinning.pdf-410x1024.jpg\" alt=\"\" width=\"429\" height=\"1071\" srcset=\"https:\/\/agora.xtec.cat\/ceipjosepgras\/wp-content\/uploads\/usu379\/2023\/11\/Els-projectes-etwinning.pdf-410x1024.jpg 410w, https:\/\/agora.xtec.cat\/ceipjosepgras\/wp-content\/uploads\/usu379\/2023\/11\/Els-projectes-etwinning.pdf-120x300.jpg 120w\" sizes=\"auto, (max-width: 429px) 100vw, 429px\" \/><\/td>\n<td style=\"width: 50%;\">&nbsp;<\/p>\n<p>Aquest curs 24-25 s&#8217;han plantejat 3 projectes e-twinning diferents, un per a cada classe de grans.<\/p>\n<p>A 4t es far\u00e0 el projecte de &#8220;Pen Pals&#8221; amb una escola d&#8217;Alemanya.<\/p>\n<p>A 5\u00e8 es portar\u00e0 a terme el projecte &#8220;Pen pals using digital tools&#8221; amb una escola de Gr\u00e8cia.<\/p>\n<p>A 6\u00e8 el projecte es diu &#8220;My town&#8221; amb escoles de Turquia, It\u00e0lia, Alemanya i Gr\u00e8cia.<\/p>\n<p><a href=\"https:\/\/agora.xtec.cat\/ceipjosepgras\/linia-educativa\/projectes-e-twinning\/4t-projecte-e-twinning\/\"><img loading=\"lazy\" decoding=\"async\" class=\"alignnone wp-image-5550\" src=\"https:\/\/agora.xtec.cat\/ceipjosepgras\/wp-content\/uploads\/usu379\/2023\/10\/7-1.png\" alt=\"\" width=\"140\" height=\"140\" srcset=\"https:\/\/agora.xtec.cat\/ceipjosepgras\/wp-content\/uploads\/usu379\/2023\/10\/7-1.png 500w, https:\/\/agora.xtec.cat\/ceipjosepgras\/wp-content\/uploads\/usu379\/2023\/10\/7-1-300x300.png 300w, https:\/\/agora.xtec.cat\/ceipjosepgras\/wp-content\/uploads\/usu379\/2023\/10\/7-1-150x150.png 150w\" sizes=\"auto, (max-width: 140px) 100vw, 140px\" \/><\/a><a href=\"https:\/\/agora.xtec.cat\/ceipjosepgras\/linia-educativa\/projectes-e-twinning\/5e-projecte-e-twinning\/\"><img loading=\"lazy\" decoding=\"async\" class=\"alignnone wp-image-5551\" src=\"https:\/\/agora.xtec.cat\/ceipjosepgras\/wp-content\/uploads\/usu379\/2023\/10\/8.png\" alt=\"\" width=\"141\" height=\"141\" srcset=\"https:\/\/agora.xtec.cat\/ceipjosepgras\/wp-content\/uploads\/usu379\/2023\/10\/8.png 500w, https:\/\/agora.xtec.cat\/ceipjosepgras\/wp-content\/uploads\/usu379\/2023\/10\/8-300x300.png 300w, https:\/\/agora.xtec.cat\/ceipjosepgras\/wp-content\/uploads\/usu379\/2023\/10\/8-150x150.png 150w\" sizes=\"auto, (max-width: 141px) 100vw, 141px\" \/><\/a><a href=\"https:\/\/agora.xtec.cat\/ceipjosepgras\/linia-educativa\/projectes-e-twinning\/6e-projecte-e-twinning\/\"><img loading=\"lazy\" decoding=\"async\" class=\"alignnone wp-image-5552\" src=\"https:\/\/agora.xtec.cat\/ceipjosepgras\/wp-content\/uploads\/usu379\/2023\/10\/9.png\" alt=\"\" width=\"135\" height=\"135\" srcset=\"https:\/\/agora.xtec.cat\/ceipjosepgras\/wp-content\/uploads\/usu379\/2023\/10\/9.png 500w, https:\/\/agora.xtec.cat\/ceipjosepgras\/wp-content\/uploads\/usu379\/2023\/10\/9-300x300.png 300w, https:\/\/agora.xtec.cat\/ceipjosepgras\/wp-content\/uploads\/usu379\/2023\/10\/9-150x150.png 150w\" sizes=\"auto, (max-width: 135px) 100vw, 135px\" \/><\/a><\/p>\n<hr \/>\n<p>El curs passat 23-24 s&#8217;han plantejat 3 projectes e-twinning diferents, un per cada classe de grans.<\/p>\n<p>A 4t es far\u00e0 el projecte &#8220;Pen Pals across Europe&#8221;.<\/p>\n<p>A 5\u00e8 es portar\u00e0 a terme el projecte &#8220;European Culture Express&#8221;.<\/p>\n<p>I a 6\u00e8 el projecte es diu &#8220;Save the planet &#8211; Sustainable Development Goals&#8221;.<\/p>\n<p>Si entreu a l&#8217;enlla\u00e7 de cada classe, podreu tenir m\u00e9s informaci\u00f3 sobre aquests projectes, els pa\u00efsos que hi participen, la durada i els objectius que ens proposem.<\/p>\n<p><a href=\"https:\/\/agora.xtec.cat\/ceipjosepgras\/linia-educativa\/projectes-e-twinning\/4t-projecte-e-twinning\/\"><img loading=\"lazy\" decoding=\"async\" class=\"alignleft wp-image-5550\" src=\"https:\/\/agora.xtec.cat\/ceipjosepgras\/wp-content\/uploads\/usu379\/2023\/10\/7-1.png\" alt=\"\" width=\"142\" height=\"142\" srcset=\"https:\/\/agora.xtec.cat\/ceipjosepgras\/wp-content\/uploads\/usu379\/2023\/10\/7-1.png 500w, https:\/\/agora.xtec.cat\/ceipjosepgras\/wp-content\/uploads\/usu379\/2023\/10\/7-1-300x300.png 300w, https:\/\/agora.xtec.cat\/ceipjosepgras\/wp-content\/uploads\/usu379\/2023\/10\/7-1-150x150.png 150w\" sizes=\"auto, (max-width: 142px) 100vw, 142px\" \/><\/a><a href=\"https:\/\/agora.xtec.cat\/ceipjosepgras\/linia-educativa\/projectes-e-twinning\/5e-projecte-e-twinning\/\"><img loading=\"lazy\" decoding=\"async\" class=\"alignnone wp-image-5551\" src=\"https:\/\/agora.xtec.cat\/ceipjosepgras\/wp-content\/uploads\/usu379\/2023\/10\/8.png\" alt=\"\" width=\"137\" height=\"137\" srcset=\"https:\/\/agora.xtec.cat\/ceipjosepgras\/wp-content\/uploads\/usu379\/2023\/10\/8.png 500w, https:\/\/agora.xtec.cat\/ceipjosepgras\/wp-content\/uploads\/usu379\/2023\/10\/8-300x300.png 300w, https:\/\/agora.xtec.cat\/ceipjosepgras\/wp-content\/uploads\/usu379\/2023\/10\/8-150x150.png 150w\" sizes=\"auto, (max-width: 137px) 100vw, 137px\" \/><\/a> <a href=\"https:\/\/agora.xtec.cat\/ceipjosepgras\/linia-educativa\/projectes-e-twinning\/6e-projecte-e-twinning\/\"><img loading=\"lazy\" decoding=\"async\" class=\"alignnone wp-image-5552\" src=\"https:\/\/agora.xtec.cat\/ceipjosepgras\/wp-content\/uploads\/usu379\/2023\/10\/9.png\" alt=\"\" width=\"142\" height=\"142\" srcset=\"https:\/\/agora.xtec.cat\/ceipjosepgras\/wp-content\/uploads\/usu379\/2023\/10\/9.png 500w, https:\/\/agora.xtec.cat\/ceipjosepgras\/wp-content\/uploads\/usu379\/2023\/10\/9-300x300.png 300w, https:\/\/agora.xtec.cat\/ceipjosepgras\/wp-content\/uploads\/usu379\/2023\/10\/9-150x150.png 150w\" sizes=\"auto, (max-width: 142px) 100vw, 142px\" \/><\/a><\/p>\n<p>&#8212;&#8212;-<\/p>\n<p>El curs 22-23 es van plantejar <a href=\"https:\/\/agora.xtec.cat\/ceipjosepgras\/4t\/projectes-etwinning-langles-en-context\/\">3 projectes e-twinnings diferents<\/a>.<\/p>\n<p>A 4t i 6\u00e8 es va fer &#8220;A healthy living for a healthy world&#8221;.<\/p>\n<p>A 5\u00e8 van fer un projecte amb una escola d&#8217;Estats Units, fent sessions d&#8217;intercanvi i v\u00eddeotrucades.<\/p>\n<p>A 6\u00e8 el projecte es va dir &#8220;<a href=\"https:\/\/agora.xtec.cat\/ceipjosepgras\/6e\/projecte-etwinning-wow-a-world-of-words\/\">WOW, A World of Wows<\/a>&#8220;. Aqu\u00ed tamb\u00e9 podeu veure <a href=\"https:\/\/agora.xtec.cat\/ceipjosepgras\/6e\/english-situations-travel-tourism\/\">una part<\/a>.<\/td>\n<\/tr>\n<\/tbody>\n<\/table>\n<p>&nbsp;<\/p>\n","protected":false},"excerpt":{"rendered":"<p>&nbsp;<br \/>\nAquest curs 24-25 s&#8217;han plantejat 3 projectes e-twinning diferents, un per a cada classe de grans.<br \/>\nA 4t es far\u00e0 el projecte de &#8220;Pen Pals&#8221; amb una escola d&#8217;Alemanya.<br \/>\nA 5\u00e8 es portar\u00e0 a terme el projecte &#8220;Pen pals using digital tools&#8221; amb una escola de Gr\u00e8cia.<br \/>\nA&hellip;  <a href=\"https:\/\/agora.xtec.cat\/ceipjosepgras\/linia-educativa\/projectes-e-twinning\/\" title=\"Read Projectes e-twinning\">Llegeix m\u00e9s\u00bb<\/a><\/p>\n","protected":false},"author":1,"featured_media":0,"parent":205,"menu_order":9,"comment_status":"closed","ping_status":"closed","template":"page-templates\/side-menu.php","meta":{"_bbp_topic_count":0,"_bbp_reply_count":0,"_bbp_total_topic_count":0,"_bbp_total_reply_count":0,"_bbp_voice_count":0,"_bbp_anonymous_reply_count":0,"_bbp_topic_count_hidden":0,"_bbp_reply_count_hidden":0,"_bbp_forum_subforum_count":0,"footnotes":""},"class_list":["post-5561","page","type-page","status-publish","hentry"],"post_mailing_queue_ids":[],"_links":{"self":[{"href":"https:\/\/agora.xtec.cat\/ceipjosepgras\/wp-json\/wp\/v2\/pages\/5561","targetHints":{"allow":["GET"]}}],"collection":[{"href":"https:\/\/agora.xtec.cat\/ceipjosepgras\/wp-json\/wp\/v2\/pages"}],"about":[{"href":"https:\/\/agora.xtec.cat\/ceipjosepgras\/wp-json\/wp\/v2\/types\/page"}],"author":[{"embeddable":true,"href":"https:\/\/agora.xtec.cat\/ceipjosepgras\/wp-json\/wp\/v2\/users\/1"}],"replies":[{"embeddable":true,"href":"https:\/\/agora.xtec.cat\/ceipjosepgras\/wp-json\/wp\/v2\/comments?post=5561"}],"version-history":[{"count":6,"href":"https:\/\/agora.xtec.cat\/ceipjosepgras\/wp-json\/wp\/v2\/pages\/5561\/revisions"}],"predecessor-version":[{"id":6162,"href":"https:\/\/agora.xtec.cat\/ceipjosepgras\/wp-json\/wp\/v2\/pages\/5561\/revisions\/6162"}],"up":[{"embeddable":true,"href":"https:\/\/agora.xtec.cat\/ceipjosepgras\/wp-json\/wp\/v2\/pages\/205"}],"wp:attachment":[{"href":"https:\/\/agora.xtec.cat\/ceipjosepgras\/wp-json\/wp\/v2\/media?parent=5561"}],"curies":[{"name":"wp","href":"https:\/\/api.w.org\/{rel}","templated":true}]}}