{"id":2258,"date":"2016-03-18T15:43:25","date_gmt":"2016-03-18T14:43:25","guid":{"rendered":"http:\/\/agora.xtec.cat\/ceipjosepgras\/?page_id=2258"},"modified":"2026-02-11T13:25:08","modified_gmt":"2026-02-11T12:25:08","slug":"protocol-resolucio-de-conflictes-amb-infants","status":"publish","type":"page","link":"https:\/\/agora.xtec.cat\/ceipjosepgras\/lescola\/documents\/protocol-resolucio-de-conflictes-amb-infants\/","title":{"rendered":"Protocol de resoluci\u00f3 de conflictes (NOFC)"},"content":{"rendered":"<p>La Llei d\u2019educaci\u00f3 de Catalunya (LEC) estableix que un dels principis organitzatius pel qual s\u2019ha de regir el sistema educatiu ha de ser el de l\u2019autonomia de cada centre. Amb la dotaci\u00f3 d\u2019autonomia als centres educatius, la Llei vol flexibilitzar el sistema i millorar l\u2019educaci\u00f3, acceptar la diversitat de centres i rebutjar la uniformitat.<\/p>\n<p>L\u2019exercici de l\u2019autonomia de cadascun d\u2019aquests centres educatius es desenvolupa entorn del seu projecte educatiu i s\u2019articula, entre altres instruments, a trav\u00e9s de les concrecions curriculars del projecte educatiu i de les normes d\u2019organitzaci\u00f3 i funcionament del centre (NOFC). Aquestes normes, que d\u2019acord amb la Llei d\u2019educaci\u00f3, s\u00f3n presents en els diversos \u00e0mbits d\u2019actuaci\u00f3 de cada centre, tenen un marc i uns continguts m\u00ednims que, estableix i sistematitza la Llei, el Decret 102\/2010, d\u2019autonomia dels centres educatius.<\/p>\n<p>Les normes d\u2019organitzaci\u00f3 i funcionament del centre (NOFC) que han d\u2019aplegar el conjunt d\u2019acords i decisions d\u2019organitzaci\u00f3 i de funcionament que s\u2019adopten per fer possible, en el dia a dia, el treball educatiu i de gesti\u00f3 que permet assolir els objectius proposats en el projecte educatiu del centre i en la seva programaci\u00f3 anual.<\/p>\n<p>El conjunt de normes d\u2019organitzaci\u00f3 i funcionament del centre (NOFC) han de ser coherents amb els principis, valors, objectius i criteris educatius que el centre determini en el seu projecte educatiu.<\/p>\n<p>Correspon al consell escolar, a proposta de la direcci\u00f3 del centre p\u00fablic o de la titularitat del centre privat concertat, aprovar les normes d\u2019organitzaci\u00f3 i funcionament (NOFC) i les seves modificacions. En ambd\u00f3s casos, es poden aprovar globalment o per parts.<\/p>\n<p>Les normes d\u2019organitzaci\u00f3 i funcionament del centre (NOFC) han d\u2019aplegar el conjunt d\u2019acords i decisions d\u2019organitzaci\u00f3 i de funcionament que es prenen per fer possible, en el dia a dia, el treball educatiu i de gesti\u00f3 que permet assolir els objectius proposats en el projecte educatiu del centre i en la seva programaci\u00f3 anual. (Art.18.2. D102\/2010).<\/p>\n<p>Dins l&#8217;aparta de normes de conviv\u00e8ncia es troba un mapa conceptual on s&#8217;especifica el protocol que seguim els mestres per a resoldre conflictes amb els infants.<\/p>\n<p>&nbsp;<\/p>\n<p>&nbsp;<\/p>\n<p>&nbsp;<\/p>\n<p><a href=\"https:\/\/drive.google.com\/file\/d\/1KVVOOY6PuhtKsXAc3n86ffTER-G9ex8y\/view?usp=sharing\">NOFC- Infografia acords conviv\u00e8ncia <\/a>\u00a0(aprovat en Consell d&#8217;Infants, Claustre i Consell Escolar 4\/02\/26)<\/p>\n<p>Darrera Actualitzaci\u00f3: 29\/06\/2022<\/p>\n<p><a href=\"https:\/\/agora.xtec.cat\/ceipjosepgras\/wp-content\/uploads\/usu379\/2022\/07\/NOFC-REGULACIO-DE-LUS-DE-DISPOSITIUS-DIGITALS-AL-CENTRE.docx-1.pdf\">NOFC &#8211; REGULACI\u00d3 DE L\u2019\u00daS DE DISPOSITIUS DIGITALS AL CENTRE.docx<\/a><\/p>\n<p><em>NOFC en revisi\u00f3 actualment<\/em><\/p>\n<p><a href=\"https:\/\/agora.xtec.cat\/ceipjosepgras\/wp-content\/uploads\/usu379\/2021\/10\/NOFC-MODIFICACIO-2018.pdf\">NOFC<\/a><\/p>\n","protected":false},"excerpt":{"rendered":"<p>La Llei d\u2019educaci\u00f3 de Catalunya (LEC) estableix que un dels principis organitzatius pel qual s\u2019ha de regir el sistema educatiu ha de ser el de l\u2019autonomia de cada centre. Amb la dotaci\u00f3 d\u2019autonomia als centres educatius, la Llei vol flexibilitzar el sistema i millorar l\u2019educaci\u00f3,&hellip;  <a href=\"https:\/\/agora.xtec.cat\/ceipjosepgras\/lescola\/documents\/protocol-resolucio-de-conflictes-amb-infants\/\" title=\"Read Protocol de resoluci\u00f3 de conflictes (NOFC)\">Llegeix m\u00e9s\u00bb<\/a><\/p>\n","protected":false},"author":1,"featured_media":0,"parent":5452,"menu_order":50,"comment_status":"closed","ping_status":"closed","template":"page-templates\/side-menu.php","meta":{"_bbp_topic_count":0,"_bbp_reply_count":0,"_bbp_total_topic_count":0,"_bbp_total_reply_count":0,"_bbp_voice_count":0,"_bbp_anonymous_reply_count":0,"_bbp_topic_count_hidden":0,"_bbp_reply_count_hidden":0,"_bbp_forum_subforum_count":0,"footnotes":""},"class_list":["post-2258","page","type-page","status-publish","hentry"],"post_mailing_queue_ids":[],"_links":{"self":[{"href":"https:\/\/agora.xtec.cat\/ceipjosepgras\/wp-json\/wp\/v2\/pages\/2258","targetHints":{"allow":["GET"]}}],"collection":[{"href":"https:\/\/agora.xtec.cat\/ceipjosepgras\/wp-json\/wp\/v2\/pages"}],"about":[{"href":"https:\/\/agora.xtec.cat\/ceipjosepgras\/wp-json\/wp\/v2\/types\/page"}],"author":[{"embeddable":true,"href":"https:\/\/agora.xtec.cat\/ceipjosepgras\/wp-json\/wp\/v2\/users\/1"}],"replies":[{"embeddable":true,"href":"https:\/\/agora.xtec.cat\/ceipjosepgras\/wp-json\/wp\/v2\/comments?post=2258"}],"version-history":[{"count":7,"href":"https:\/\/agora.xtec.cat\/ceipjosepgras\/wp-json\/wp\/v2\/pages\/2258\/revisions"}],"predecessor-version":[{"id":6317,"href":"https:\/\/agora.xtec.cat\/ceipjosepgras\/wp-json\/wp\/v2\/pages\/2258\/revisions\/6317"}],"up":[{"embeddable":true,"href":"https:\/\/agora.xtec.cat\/ceipjosepgras\/wp-json\/wp\/v2\/pages\/5452"}],"wp:attachment":[{"href":"https:\/\/agora.xtec.cat\/ceipjosepgras\/wp-json\/wp\/v2\/media?parent=2258"}],"curies":[{"name":"wp","href":"https:\/\/api.w.org\/{rel}","templated":true}]}}