{"id":87,"date":"2017-03-18T14:28:12","date_gmt":"2017-03-18T13:28:12","guid":{"rendered":"http:\/\/agora.xtec.cat\/ceipjoncadella\/?page_id=87"},"modified":"2025-11-15T10:48:31","modified_gmt":"2025-11-15T09:48:31","slug":"nivells","status":"publish","type":"page","link":"https:\/\/agora.xtec.cat\/ceipjoncadella\/nivells\/","title":{"rendered":"NIVELLS"},"content":{"rendered":"<p>Des d&#8217;EI3 fins a 6\u00e8 cada nivell t\u00e9 una p\u00e0gina pr\u00f2pia, feu clic per accedir:<\/p>\n<h1 style=\"padding-left: 40px; text-align: left;\"><span style=\"color: #0000ff;\"><strong><a href=\"https:\/\/agora.xtec.cat\/ceipjoncadella\/categoria\/einfantil\/ei3\/\">I3<\/a>\u00a0 \u00a0 <a href=\"https:\/\/agora.xtec.cat\/ceipjoncadella\/categoria\/einfantil\/ei4\/\">I4<\/a>\u00a0 \u00a0 <a href=\"https:\/\/agora.xtec.cat\/ceipjoncadella\/categoria\/einfantil\/ei5\/\">I5<\/a>\u00a0 \u00a0 <span style=\"color: #00ffff;\"><a style=\"color: #00ffff;\" href=\"https:\/\/agora.xtec.cat\/ceipjoncadella\/categoria\/cicle-inicial\/1r\/\">1r<\/a><\/span>\u00a0 \u00a0 <span style=\"color: #00ffff;\"><a style=\"color: #00ffff;\" href=\"https:\/\/agora.xtec.cat\/ceipjoncadella\/categoria\/cicle-inicial\/2n\/\">2n<\/a><\/span>\u00a0 \u00a0 \u00a0<span style=\"color: #99cc00;\"><a style=\"color: #99cc00;\" href=\"https:\/\/agora.xtec.cat\/ceipjoncadella\/categoria\/cicle-mitja\/3r\/\">3r<\/a>\u00a0<\/span> \u00a0\u00a0<span style=\"color: #99cc00;\"><a style=\"color: #99cc00;\" href=\"https:\/\/agora.xtec.cat\/ceipjoncadella\/categoria\/cicle-mitja\/4t\/\">4t<\/a><\/span> \u00a0\u00a0 \u00a0 <span style=\"color: #ff9900;\"><a style=\"color: #ff9900;\" href=\"https:\/\/agora.xtec.cat\/ceipjoncadella\/categoria\/cicle-superior\/5e\/\">5\u00e8<\/a> <\/span>\u00a0 <span style=\"color: #ff9900;\"><a style=\"color: #ff9900;\" href=\"https:\/\/agora.xtec.cat\/ceipjoncadella\/categoria\/cicle-superior\/6e\/\">6\u00e8<\/a> <\/span><\/strong><\/span><strong><span style=\"color: #ff6600;\">\u00a0 \u00a0<\/span><\/strong><\/h1>\n","protected":false},"excerpt":{"rendered":"<p>Des d&#8217;EI3 fins a 6\u00e8 cada nivell t\u00e9 una p\u00e0gina pr\u00f2pia, feu clic per accedir: I3\u00a0 \u00a0 I4\u00a0 \u00a0 I5\u00a0 \u00a0 1r\u00a0 \u00a0 2n\u00a0 \u00a0 \u00a03r\u00a0 \u00a0\u00a04t \u00a0\u00a0 \u00a0 5\u00e8 \u00a0 6\u00e8 \u00a0 \u00a0<\/p>\n","protected":false},"author":1,"featured_media":0,"parent":0,"menu_order":0,"comment_status":"closed","ping_status":"closed","template":"","meta":{"_bbp_topic_count":0,"_bbp_reply_count":0,"_bbp_total_topic_count":0,"_bbp_total_reply_count":0,"_bbp_voice_count":0,"_bbp_anonymous_reply_count":0,"_bbp_topic_count_hidden":0,"_bbp_reply_count_hidden":0,"_bbp_forum_subforum_count":0,"site-sidebar-layout":"default","site-content-layout":"","ast-site-content-layout":"default","site-content-style":"default","site-sidebar-style":"default","ast-global-header-display":"","ast-banner-title-visibility":"","ast-main-header-display":"","ast-hfb-above-header-display":"","ast-hfb-below-header-display":"","ast-hfb-mobile-header-display":"","site-post-title":"","ast-breadcrumbs-content":"","ast-featured-img":"","footer-sml-layout":"","theme-transparent-header-meta":"default","adv-header-id-meta":"","stick-header-meta":"","header-above-stick-meta":"","header-main-stick-meta":"","header-below-stick-meta":"","astra-migrate-meta-layouts":"set","ast-page-background-enabled":"default","ast-page-background-meta":{"desktop":{"background-color":"var(--ast-global-color-4)","background-image":"","background-repeat":"repeat","background-position":"center center","background-size":"auto","background-attachment":"scroll","background-type":"","background-media":"","overlay-type":"","overlay-color":"","overlay-opacity":"","overlay-gradient":""},"tablet":{"background-color":"","background-image":"","background-repeat":"repeat","background-position":"center center","background-size":"auto","background-attachment":"scroll","background-type":"","background-media":"","overlay-type":"","overlay-color":"","overlay-opacity":"","overlay-gradient":""},"mobile":{"background-color":"","background-image":"","background-repeat":"repeat","background-position":"center center","background-size":"auto","background-attachment":"scroll","background-type":"","background-media":"","overlay-type":"","overlay-color":"","overlay-opacity":"","overlay-gradient":""}},"ast-content-background-meta":{"desktop":{"background-color":"var(--ast-global-color-5)","background-image":"","background-repeat":"repeat","background-position":"center center","background-size":"auto","background-attachment":"scroll","background-type":"","background-media":"","overlay-type":"","overlay-color":"","overlay-opacity":"","overlay-gradient":""},"tablet":{"background-color":"var(--ast-global-color-5)","background-image":"","background-repeat":"repeat","background-position":"center center","background-size":"auto","background-attachment":"scroll","background-type":"","background-media":"","overlay-type":"","overlay-color":"","overlay-opacity":"","overlay-gradient":""},"mobile":{"background-color":"var(--ast-global-color-5)","background-image":"","background-repeat":"repeat","background-position":"center center","background-size":"auto","background-attachment":"scroll","background-type":"","background-media":"","overlay-type":"","overlay-color":"","overlay-opacity":"","overlay-gradient":""}},"footnotes":""},"class_list":["post-87","page","type-page","status-publish","hentry"],"post_mailing_queue_ids":[],"_links":{"self":[{"href":"https:\/\/agora.xtec.cat\/ceipjoncadella\/wp-json\/wp\/v2\/pages\/87","targetHints":{"allow":["GET"]}}],"collection":[{"href":"https:\/\/agora.xtec.cat\/ceipjoncadella\/wp-json\/wp\/v2\/pages"}],"about":[{"href":"https:\/\/agora.xtec.cat\/ceipjoncadella\/wp-json\/wp\/v2\/types\/page"}],"author":[{"embeddable":true,"href":"https:\/\/agora.xtec.cat\/ceipjoncadella\/wp-json\/wp\/v2\/users\/1"}],"replies":[{"embeddable":true,"href":"https:\/\/agora.xtec.cat\/ceipjoncadella\/wp-json\/wp\/v2\/comments?post=87"}],"version-history":[{"count":4,"href":"https:\/\/agora.xtec.cat\/ceipjoncadella\/wp-json\/wp\/v2\/pages\/87\/revisions"}],"predecessor-version":[{"id":17537,"href":"https:\/\/agora.xtec.cat\/ceipjoncadella\/wp-json\/wp\/v2\/pages\/87\/revisions\/17537"}],"wp:attachment":[{"href":"https:\/\/agora.xtec.cat\/ceipjoncadella\/wp-json\/wp\/v2\/media?parent=87"}],"curies":[{"name":"wp","href":"https:\/\/api.w.org\/{rel}","templated":true}]}}