{"id":3797,"date":"2025-05-20T09:26:11","date_gmt":"2025-05-20T07:26:11","guid":{"rendered":"https:\/\/agora.xtec.cat\/ceipjoaquimruyra\/?page_id=3797"},"modified":"2026-03-05T12:02:28","modified_gmt":"2026-03-05T11:02:28","slug":"preinscripcio","status":"publish","type":"page","link":"https:\/\/agora.xtec.cat\/ceipjoaquimruyra\/preinscripcio\/","title":{"rendered":"Preinscripci\u00f3 25-26"},"content":{"rendered":"\n<div class=\"wp-block-file alignfull\"><a id=\"wp-block-file--media-7b8cce71-df8b-4751-8734-89c5fd72e445\" href=\"https:\/\/agora.xtec.cat\/ceipjoaquimruyra\/wp-content\/uploads\/usu2918\/2026\/03\/INFORME_OFERTA_OME_INFORME_OFERTA.pdf\">INFORME_OFERTA_OME_INFORME_OFERTA<br><\/a><a href=\"https:\/\/agora.xtec.cat\/ceipjoaquimruyra\/wp-content\/uploads\/usu2918\/2026\/03\/INFORME_OFERTA_OME_INFORME_OFERTA.pdf\" class=\"wp-block-file__button wp-element-button\" download aria-describedby=\"wp-block-file--media-7b8cce71-df8b-4751-8734-89c5fd72e445\">Baixa<\/a><\/div>\n\n\n\n<p><strong>Preinscripci\u00f3 25-26 &#8211; LLISTAT D&#8217;ASSIGNACIONS<\/strong><\/p>\n\n\n\n<div data-wp-interactive=\"core\/file\" class=\"wp-block-file\"><object data-wp-bind--hidden=\"!state.hasPdfPreview\" hidden class=\"wp-block-file__embed\" data=\"https:\/\/agora.xtec.cat\/ceipjoaquimruyra\/wp-content\/uploads\/usu2918\/2025\/06\/INFORME_ASSIGNADES_INFORME_ASSIGNADES-1-1.pdf\" type=\"application\/pdf\" style=\"width:100%;height:600px\" aria-label=\"Incrustaci\u00f3 del fitxer INFORME_ASSIGNADES_INFORME_ASSIGNADES (1) (1).\"><\/object><a id=\"wp-block-file--media-2d8fd640-8d6a-4ad0-8729-4ca4fb47e2b7\" href=\"https:\/\/agora.xtec.cat\/ceipjoaquimruyra\/wp-content\/uploads\/usu2918\/2025\/06\/INFORME_ASSIGNADES_INFORME_ASSIGNADES-1-1.pdf\">INFORME_ASSIGNADES_INFORME_ASSIGNADES (1) (1)<\/a><a href=\"https:\/\/agora.xtec.cat\/ceipjoaquimruyra\/wp-content\/uploads\/usu2918\/2025\/06\/INFORME_ASSIGNADES_INFORME_ASSIGNADES-1-1.pdf\" class=\"wp-block-file__button wp-element-button\" download aria-describedby=\"wp-block-file--media-2d8fd640-8d6a-4ad0-8729-4ca4fb47e2b7\">Baixa<\/a><\/div>\n\n\n\n<figure class=\"wp-block-embed alignleft is-type-video is-provider-youtube wp-block-embed-youtube wp-embed-aspect-16-9 wp-has-aspect-ratio\"><div class=\"wp-block-embed__wrapper\">\n<div class=\"ast-oembed-container \" style=\"height: 100%;\"><iframe loading=\"lazy\" title=\"PORTES OBERTES  ESCOLA JOAQUIM RUYRA BARCELONA\" width=\"500\" height=\"281\" src=\"https:\/\/www.youtube.com\/embed\/GCPINdruKOI?feature=oembed\" frameborder=\"0\" allow=\"accelerometer; autoplay; clipboard-write; encrypted-media; gyroscope; picture-in-picture; web-share\" referrerpolicy=\"strict-origin-when-cross-origin\" allowfullscreen><\/iframe><\/div>\n<\/div><figcaption class=\"wp-element-caption\"><strong>Portes obertes 24, 25, 26 i 27 de febrer<\/strong><\/figcaption><\/figure>\n\n\n\n<p class=\"has-text-align-center has-large-font-size\"><\/p>\n\n\n\n<p class=\"has-text-align-center has-medium-font-size\">Educaci\u00f3 Infantil i Educaci\u00f3 Prim\u00e0ria<\/p>\n\n\n\n<div class=\"wp-block-buttons is-content-justification-center is-layout-flex wp-container-core-buttons-is-layout-1 wp-block-buttons-is-layout-flex\">\n<div class=\"wp-block-button\"><a class=\"wp-block-button__link has-black-color has-vivid-cyan-blue-background-color has-text-color has-background has-link-color wp-element-button\" href=\"https:\/\/preinscripcio.gencat.cat\/ca\/inici\" target=\"_blank\" rel=\"noreferrer noopener\">PREINSCRIU-TE!<\/a><\/div>\n\n\n\n<div class=\"wp-block-button is-style-fill\"><a class=\"wp-block-button__link has-black-color has-vivid-cyan-blue-background-color has-text-color has-background has-link-color wp-element-button\" href=\"https:\/\/agora.xtec.cat\/ceipjoaquimruyra\/general\/2933\/\" target=\"_blank\" rel=\"noreferrer noopener\">M\u00c9S INFORMACI\u00d3<\/a><\/div>\n<\/div>\n\n\n\n<p class=\"has-text-align-center has-medium-font-size\"><strong>Demaneu cita pr\u00e8via i us donarem un cop de m\u00e0 amb la preinscripci\u00f3!<\/strong><\/p>\n\n\n\n<div class=\"wp-block-group is-vertical is-content-justification-center is-layout-flex wp-container-core-group-is-layout-1 wp-block-group-is-layout-flex\">\n<div class=\"wp-block-columns are-vertically-aligned-bottom has-medium-font-size is-layout-flex wp-container-core-columns-is-layout-1 wp-block-columns-is-layout-flex\">\n<div class=\"wp-block-column is-vertically-aligned-bottom is-layout-flow wp-block-column-is-layout-flow\" style=\"flex-basis:100%\">\n<ul class=\"wp-block-list\">\n<li>\ud83d\udd0d <a href=\"https:\/\/www.edubcn.cat\/comunicats_centres\/20250520_Infografia_1_Etapes_prenscripcio.pdf\" target=\"_blank\" rel=\"noreferrer noopener nofollow\">Qu\u00e8 has de saber?<\/a><\/li>\n\n\n\n<li>\ud83d\udcdd <a href=\"https:\/\/www.edubcn.cat\/comunicats_centres\/20250520_Infografia_2_Com_fer_preinscripcio.pdf\" target=\"_blank\" rel=\"noreferrer noopener nofollow\">Com has de fer la pre<\/a><a href=\"https:\/\/www.edubcn.cat\/comunicats_centres\/20250520_Infografia_2_Com_fer_preinscripcio.pdf\">inscripci\u00f3?<\/a><\/li>\n\n\n\n<li>\ud83d\udc40 <a href=\"https:\/\/www.edubcn.cat\/comunicats_centres\/20250520_Infografia_3_Segueix_el_proces.pdf\" target=\"_blank\" rel=\"noreferrer noopener nofollow\">Segueix amb atenci\u00f3 el proc\u00e9s<\/a><\/li>\n\n\n\n<li>\u2705 <a href=\"https:\/\/www.edubcn.cat\/comunicats_centres\/20250520_Infografia_3_Segueix_el_proces.pdf\" target=\"_blank\" rel=\"noreferrer noopener nofollow\">Confirma la pla\u00e7a i matricula\u2019t<\/a><\/li>\n<\/ul>\n<\/div>\n<\/div>\n<\/div>\n\n\n\n<p><strong>FES LA PREINSCRIPCI\u00d3 A L\u2019ESCOLA JOAQUIM RUYRA!<\/strong>&nbsp;\ud83d\udcda\ud83c\udfeb<\/p>\n\n\n\n<p>Benvolgudes fam\u00edlies,<\/p>\n\n\n\n<p>Ja podeu fer la&nbsp;<strong>preinscripci\u00f3<\/strong>&nbsp;per a Infantil i Prim\u00e0ria a #SomRuyra. Us acompanyarem en tot el proc\u00e9s per facilitar-vos els tr\u00e0mits. Podeu demanar cita pr\u00e8via i us ajudarem en tot el que faci falta.<\/p>\n\n\n\n<p>\ud83d\udccc&nbsp;<strong>Codi de centre:<\/strong>&nbsp;A8002927<\/p>\n\n\n\n<p>Per a m\u00e9s informaci\u00f3, contacteu amb nosaltres!<\/p>\n\n\n\n<p>\ud83d\udcde 933071458<\/p>\n\n\n\n<p><strong>VINE A LES PORTES OBERTES DE L\u2019ESCOLA!<\/strong>&nbsp;\ud83c\udfeb\u2728<\/p>\n\n\n\n<p>Benvolgudes fam\u00edlies,<\/p>\n\n\n\n<p>Us convidem a les&nbsp;<strong>portes obertes<\/strong>&nbsp;de la nostra escola, que tindran lloc els dies&nbsp;<strong>24, 25, 26 i 27 de febrer<\/strong>. Ser\u00e0 una oportunitat \u00fanica per con\u00e8ixer d\u2019aprop el nostre projecte educatiu, les instal\u00b7lacions i l\u2019ambient on els vostres fills i filles aprendran i creixeran.<\/p>\n\n\n\n<p>A m\u00e9s, us ajudarem en tot el proc\u00e9s de&nbsp;<strong>preinscripci\u00f3 per a Infantil i Prim\u00e0ria<\/strong>, resolent els vostres dubtes i guiant-vos pas a pas.<\/p>\n\n\n\n<p>\ud83d\udcc5&nbsp;<strong>Quan?<\/strong>&nbsp;24, 25, 26 i 27 de febrer<br>\ud83d\udccd&nbsp;<strong>On?<\/strong>&nbsp;C\/Llull, 377, 08019 (Barcelona)<\/p>\n\n\n\n<p>Per facilitar l\u2019atenci\u00f3 personalitzada, podeu&nbsp;<strong>demanar cita pr\u00e8via<\/strong>. Us hi esperem amb molta il\u00b7lusi\u00f3! \ud83d\ude0a<\/p>\n\n\n\n<p>\ud83d\udcde 933071458<\/p>\n\n\n\n<p>\ud83d\udce7: contractacio@escolajoaquimruyra.com<\/p>\n","protected":false},"excerpt":{"rendered":"<p>Preinscripci\u00f3 25-26 &#8211; LLISTAT D&#8217;ASSIGNACIONS Educaci\u00f3 Infantil i Educaci\u00f3 Prim\u00e0ria Demaneu cita pr\u00e8via i us donarem un cop de m\u00e0 amb la preinscripci\u00f3! FES LA PREINSCRIPCI\u00d3 A L\u2019ESCOLA JOAQUIM RUYRA!&nbsp;\ud83d\udcda\ud83c\udfeb Benvolgudes fam\u00edlies, Ja podeu fer la&nbsp;preinscripci\u00f3&nbsp;per a Infantil i Prim\u00e0ria a #SomRuyra. Us acompanyarem en tot el proc\u00e9s per facilitar-vos els tr\u00e0mits. Podeu demanar cita [&hellip;]<\/p>\n","protected":false},"author":17,"featured_media":0,"parent":0,"menu_order":0,"comment_status":"closed","ping_status":"close","template":"","meta":{"_bbp_topic_count":0,"_bbp_reply_count":0,"_bbp_total_topic_count":0,"_bbp_total_reply_count":0,"_bbp_voice_count":0,"_bbp_anonymous_reply_count":0,"_bbp_topic_count_hidden":0,"_bbp_reply_count_hidden":0,"_bbp_forum_subforum_count":0,"site-sidebar-layout":"default","site-content-layout":"","ast-site-content-layout":"default","site-content-style":"default","site-sidebar-style":"default","ast-global-header-display":"","ast-banner-title-visibility":"","ast-main-header-display":"","ast-hfb-above-header-display":"","ast-hfb-below-header-display":"","ast-hfb-mobile-header-display":"","site-post-title":"","ast-breadcrumbs-content":"","ast-featured-img":"","footer-sml-layout":"","theme-transparent-header-meta":"","adv-header-id-meta":"","stick-header-meta":"","header-above-stick-meta":"","header-main-stick-meta":"","header-below-stick-meta":"","astra-migrate-meta-layouts":"set","ast-page-background-enabled":"default","ast-page-background-meta":{"desktop":{"background-color":"var(--ast-global-color-4)","background-image":"","background-repeat":"repeat","background-position":"center center","background-size":"auto","background-attachment":"scroll","background-type":"","background-media":"","overlay-type":"","overlay-color":"","overlay-opacity":"","overlay-gradient":""},"tablet":{"background-color":"","background-image":"","background-repeat":"repeat","background-position":"center center","background-size":"auto","background-attachment":"scroll","background-type":"","background-media":"","overlay-type":"","overlay-color":"","overlay-opacity":"","overlay-gradient":""},"mobile":{"background-color":"","background-image":"","background-repeat":"repeat","background-position":"center center","background-size":"auto","background-attachment":"scroll","background-type":"","background-media":"","overlay-type":"","overlay-color":"","overlay-opacity":"","overlay-gradient":""}},"ast-content-background-meta":{"desktop":{"background-color":"var(--ast-global-color-5)","background-image":"","background-repeat":"repeat","background-position":"center center","background-size":"auto","background-attachment":"scroll","background-type":"","background-media":"","overlay-type":"","overlay-color":"","overlay-opacity":"","overlay-gradient":""},"tablet":{"background-color":"var(--ast-global-color-5)","background-image":"","background-repeat":"repeat","background-position":"center center","background-size":"auto","background-attachment":"scroll","background-type":"","background-media":"","overlay-type":"","overlay-color":"","overlay-opacity":"","overlay-gradient":""},"mobile":{"background-color":"var(--ast-global-color-5)","background-image":"","background-repeat":"repeat","background-position":"center center","background-size":"auto","background-attachment":"scroll","background-type":"","background-media":"","overlay-type":"","overlay-color":"","overlay-opacity":"","overlay-gradient":""}},"footnotes":""},"class_list":["post-3797","page","type-page","status-publish","hentry"],"post_mailing_queue_ids":[],"_links":{"self":[{"href":"https:\/\/agora.xtec.cat\/ceipjoaquimruyra\/wp-json\/wp\/v2\/pages\/3797","targetHints":{"allow":["GET"]}}],"collection":[{"href":"https:\/\/agora.xtec.cat\/ceipjoaquimruyra\/wp-json\/wp\/v2\/pages"}],"about":[{"href":"https:\/\/agora.xtec.cat\/ceipjoaquimruyra\/wp-json\/wp\/v2\/types\/page"}],"author":[{"embeddable":true,"href":"https:\/\/agora.xtec.cat\/ceipjoaquimruyra\/wp-json\/wp\/v2\/users\/17"}],"replies":[{"embeddable":true,"href":"https:\/\/agora.xtec.cat\/ceipjoaquimruyra\/wp-json\/wp\/v2\/comments?post=3797"}],"version-history":[{"count":6,"href":"https:\/\/agora.xtec.cat\/ceipjoaquimruyra\/wp-json\/wp\/v2\/pages\/3797\/revisions"}],"predecessor-version":[{"id":4649,"href":"https:\/\/agora.xtec.cat\/ceipjoaquimruyra\/wp-json\/wp\/v2\/pages\/3797\/revisions\/4649"}],"wp:attachment":[{"href":"https:\/\/agora.xtec.cat\/ceipjoaquimruyra\/wp-json\/wp\/v2\/media?parent=3797"}],"curies":[{"name":"wp","href":"https:\/\/api.w.org\/{rel}","templated":true}]}}