{"id":2534,"date":"2025-01-14T11:45:34","date_gmt":"2025-01-14T10:45:34","guid":{"rendered":"https:\/\/agora.xtec.cat\/ceipjoaquimruyra\/?page_id=2534"},"modified":"2025-01-14T12:34:05","modified_gmt":"2025-01-14T11:34:05","slug":"robotica-educativa","status":"publish","type":"page","link":"https:\/\/agora.xtec.cat\/ceipjoaquimruyra\/projectes\/robotica-educativa\/","title":{"rendered":"Pensament computacional i rob\u00f2tica educativa"},"content":{"rendered":"\n<p>La nova dotaci\u00f3 de robots i elements digitals provinents del programa europeu \u201cNext Generation\u201d ens ha ampliat els horitzons en la millora de la compet\u00e8ncia digital. Coincidint amb els tres eixos l\u2019Estrat\u00e8gia Digital de Centre (EDC), la incorporaci\u00f3 d\u2019aquests nous elements formar\u00e0 alumnat competent que assolir\u00e0 la compet\u00e8ncia transversal digital.<\/p>\n\n\n\n<p>El treball a partir de la rob\u00f2tica educativa ens genera un ambient motivador per als infants, que aprenen tot jugant.<\/p>\n\n\n\n<div style=\"height:53px\" aria-hidden=\"true\" class=\"wp-block-spacer\"><\/div>\n\n\n\n<p><strong>Pensament Computacional<\/strong><br>El pensament computacional \u00e9s un m\u00e8tode per abordar un problema complicat de manera sistem\u00e0tica, dividint-ho en parts m\u00e9s petites, i finalment, trobant solucions. Aix\u00ed \u00e9s com tamb\u00e9 funcionen els ordinadors, fan diferents passos abans d&#8217;arribar a una soluci\u00f3 final que es pugui aplicar a un problema en concret i d\u2019altres problemes complexos similars.<\/p>\n\n\n\n<figure class=\"wp-block-image size-full\"><a href=\"https:\/\/agora.xtec.cat\/ceipjoaquimruyra\/wp-content\/uploads\/usu2918\/2025\/01\/WhatsApp-Image-2025-01-14-at-11.53.23-AM.jpeg\"><img loading=\"lazy\" decoding=\"async\" width=\"840\" height=\"219\" src=\"https:\/\/agora.xtec.cat\/ceipjoaquimruyra\/wp-content\/uploads\/usu2918\/2025\/01\/WhatsApp-Image-2025-01-14-at-11.53.23-AM.jpeg\" alt=\"\" class=\"wp-image-2548\" srcset=\"https:\/\/agora.xtec.cat\/ceipjoaquimruyra\/wp-content\/uploads\/usu2918\/2025\/01\/WhatsApp-Image-2025-01-14-at-11.53.23-AM.jpeg 840w, https:\/\/agora.xtec.cat\/ceipjoaquimruyra\/wp-content\/uploads\/usu2918\/2025\/01\/WhatsApp-Image-2025-01-14-at-11.53.23-AM-300x78.jpeg 300w, https:\/\/agora.xtec.cat\/ceipjoaquimruyra\/wp-content\/uploads\/usu2918\/2025\/01\/WhatsApp-Image-2025-01-14-at-11.53.23-AM-768x200.jpeg 768w\" sizes=\"auto, (max-width: 840px) 100vw, 840px\" \/><\/a><\/figure>\n\n\n\n<div style=\"height:52px\" aria-hidden=\"true\" class=\"wp-block-spacer\"><\/div>\n\n\n\n<p><strong>La Rob\u00f2tica Educativa<\/strong><br>Els nens de la societat actual s\u00f3n nadius digitals i, per tant, l&#8217;educaci\u00f3 s&#8217;ha d&#8217;adaptar a aquesta nova forma de vida. La rob\u00f2tica educativa consisteix a emprar robots a l&#8217;\u00e0mbit educatiu per tal d&#8217;educar els alumnes perqu\u00e8 adquireixin coneixements en aquest \u00e0mbit, tot aprenent a estructurar el seu pensament<\/p>\n\n\n\n<p>L&#8217;escola Joaquim Ruyra aposta per la introducci\u00f3 de la rob\u00f2tica educativa a les aules. El seu car\u00e0cter interdisciplinari fa que es puguin treballar diferents continguts curriculars des d&#8217;un vessant motivador i creatiu per als infants.<\/p>\n\n\n\n<div class=\"wp-block-columns is-layout-flex wp-container-core-columns-is-layout-1 wp-block-columns-is-layout-flex\">\n<div class=\"wp-block-column is-layout-flow wp-block-column-is-layout-flow\">\n<figure class=\"wp-block-image size-large is-resized\"><a href=\"https:\/\/agora.xtec.cat\/ceipjoaquimruyra\/wp-content\/uploads\/usu2918\/2025\/01\/3cf81b21-043a-476b-9c6f-1c0bbff86aa0.jpg\"><img loading=\"lazy\" decoding=\"async\" width=\"768\" height=\"1024\" src=\"https:\/\/agora.xtec.cat\/ceipjoaquimruyra\/wp-content\/uploads\/usu2918\/2025\/01\/3cf81b21-043a-476b-9c6f-1c0bbff86aa0-768x1024.jpg\" alt=\"\" class=\"wp-image-2581\" style=\"width:291px;height:auto\" srcset=\"https:\/\/agora.xtec.cat\/ceipjoaquimruyra\/wp-content\/uploads\/usu2918\/2025\/01\/3cf81b21-043a-476b-9c6f-1c0bbff86aa0-768x1024.jpg 768w, https:\/\/agora.xtec.cat\/ceipjoaquimruyra\/wp-content\/uploads\/usu2918\/2025\/01\/3cf81b21-043a-476b-9c6f-1c0bbff86aa0-225x300.jpg 225w, https:\/\/agora.xtec.cat\/ceipjoaquimruyra\/wp-content\/uploads\/usu2918\/2025\/01\/3cf81b21-043a-476b-9c6f-1c0bbff86aa0-1152x1536.jpg 1152w, https:\/\/agora.xtec.cat\/ceipjoaquimruyra\/wp-content\/uploads\/usu2918\/2025\/01\/3cf81b21-043a-476b-9c6f-1c0bbff86aa0.jpg 1536w\" sizes=\"auto, (max-width: 768px) 100vw, 768px\" \/><\/a><\/figure>\n<\/div>\n\n\n\n<div class=\"wp-block-column is-layout-flow wp-block-column-is-layout-flow\">\n<figure class=\"wp-block-image size-full is-resized\"><a href=\"https:\/\/agora.xtec.cat\/ceipjoaquimruyra\/wp-content\/uploads\/usu2918\/2025\/01\/WhatsApp-Image-2025-01-14-at-11.49.21-AM-1.jpeg\"><img loading=\"lazy\" decoding=\"async\" width=\"295\" height=\"344\" src=\"https:\/\/agora.xtec.cat\/ceipjoaquimruyra\/wp-content\/uploads\/usu2918\/2025\/01\/WhatsApp-Image-2025-01-14-at-11.49.21-AM-1.jpeg\" alt=\"\" class=\"wp-image-2539\" style=\"width:331px;height:auto\" srcset=\"https:\/\/agora.xtec.cat\/ceipjoaquimruyra\/wp-content\/uploads\/usu2918\/2025\/01\/WhatsApp-Image-2025-01-14-at-11.49.21-AM-1.jpeg 295w, https:\/\/agora.xtec.cat\/ceipjoaquimruyra\/wp-content\/uploads\/usu2918\/2025\/01\/WhatsApp-Image-2025-01-14-at-11.49.21-AM-1-257x300.jpeg 257w\" sizes=\"auto, (max-width: 295px) 100vw, 295px\" \/><\/a><\/figure>\n<\/div>\n<\/div>\n\n\n\n<div class=\"wp-block-columns is-layout-flex wp-container-core-columns-is-layout-2 wp-block-columns-is-layout-flex\">\n<div class=\"wp-block-column is-layout-flow wp-block-column-is-layout-flow\">\n<figure class=\"wp-block-image size-large is-resized\"><a href=\"https:\/\/agora.xtec.cat\/ceipjoaquimruyra\/wp-content\/uploads\/usu2918\/2025\/01\/WhatsApp-Image-2025-01-14-at-11.50.30-AM-e1736852282926.jpeg\"><img loading=\"lazy\" decoding=\"async\" width=\"731\" height=\"1024\" src=\"https:\/\/agora.xtec.cat\/ceipjoaquimruyra\/wp-content\/uploads\/usu2918\/2025\/01\/WhatsApp-Image-2025-01-14-at-11.50.30-AM-e1736852282926-731x1024.jpeg\" alt=\"\" class=\"wp-image-2542\" style=\"width:321px;height:auto\" srcset=\"https:\/\/agora.xtec.cat\/ceipjoaquimruyra\/wp-content\/uploads\/usu2918\/2025\/01\/WhatsApp-Image-2025-01-14-at-11.50.30-AM-e1736852282926-731x1024.jpeg 731w, https:\/\/agora.xtec.cat\/ceipjoaquimruyra\/wp-content\/uploads\/usu2918\/2025\/01\/WhatsApp-Image-2025-01-14-at-11.50.30-AM-e1736852282926-214x300.jpeg 214w, https:\/\/agora.xtec.cat\/ceipjoaquimruyra\/wp-content\/uploads\/usu2918\/2025\/01\/WhatsApp-Image-2025-01-14-at-11.50.30-AM-e1736852282926-768x1075.jpeg 768w, https:\/\/agora.xtec.cat\/ceipjoaquimruyra\/wp-content\/uploads\/usu2918\/2025\/01\/WhatsApp-Image-2025-01-14-at-11.50.30-AM-e1736852282926.jpeg 1074w\" sizes=\"auto, (max-width: 731px) 100vw, 731px\" \/><\/a><\/figure>\n<\/div>\n\n\n\n<div class=\"wp-block-column is-layout-flow wp-block-column-is-layout-flow\">\n<figure class=\"wp-block-image size-large is-resized\"><a href=\"https:\/\/agora.xtec.cat\/ceipjoaquimruyra\/wp-content\/uploads\/usu2918\/2025\/01\/WhatsApp-Image-2025-01-14-at-11.49.52-AM-e1736852312610.jpeg\"><img loading=\"lazy\" decoding=\"async\" width=\"789\" height=\"1024\" src=\"https:\/\/agora.xtec.cat\/ceipjoaquimruyra\/wp-content\/uploads\/usu2918\/2025\/01\/WhatsApp-Image-2025-01-14-at-11.49.52-AM-e1736852312610-789x1024.jpeg\" alt=\"\" class=\"wp-image-2543\" style=\"width:332px;height:auto\" srcset=\"https:\/\/agora.xtec.cat\/ceipjoaquimruyra\/wp-content\/uploads\/usu2918\/2025\/01\/WhatsApp-Image-2025-01-14-at-11.49.52-AM-e1736852312610-789x1024.jpeg 789w, https:\/\/agora.xtec.cat\/ceipjoaquimruyra\/wp-content\/uploads\/usu2918\/2025\/01\/WhatsApp-Image-2025-01-14-at-11.49.52-AM-e1736852312610-231x300.jpeg 231w, https:\/\/agora.xtec.cat\/ceipjoaquimruyra\/wp-content\/uploads\/usu2918\/2025\/01\/WhatsApp-Image-2025-01-14-at-11.49.52-AM-e1736852312610-768x996.jpeg 768w, https:\/\/agora.xtec.cat\/ceipjoaquimruyra\/wp-content\/uploads\/usu2918\/2025\/01\/WhatsApp-Image-2025-01-14-at-11.49.52-AM-e1736852312610.jpeg 1080w\" sizes=\"auto, (max-width: 789px) 100vw, 789px\" \/><\/a><\/figure>\n<\/div>\n<\/div>\n","protected":false},"excerpt":{"rendered":"<p>La nova dotaci\u00f3 de robots i elements digitals provinents del programa europeu \u201cNext Generation\u201d ens ha ampliat els horitzons en la millora de la compet\u00e8ncia digital. Coincidint amb els tres eixos l\u2019Estrat\u00e8gia Digital de Centre (EDC), la incorporaci\u00f3 d\u2019aquests nous elements formar\u00e0 alumnat competent que assolir\u00e0 la compet\u00e8ncia transversal digital. El treball a partir de [&hellip;]<\/p>\n","protected":false},"author":17,"featured_media":0,"parent":1366,"menu_order":0,"comment_status":"closed","ping_status":"close","template":"page-templates\/side-menu.php","meta":{"_bbp_topic_count":0,"_bbp_reply_count":0,"_bbp_total_topic_count":0,"_bbp_total_reply_count":0,"_bbp_voice_count":0,"_bbp_anonymous_reply_count":0,"_bbp_topic_count_hidden":0,"_bbp_reply_count_hidden":0,"_bbp_forum_subforum_count":0,"site-sidebar-layout":"default","site-content-layout":"","ast-site-content-layout":"","site-content-style":"default","site-sidebar-style":"default","ast-global-header-display":"","ast-banner-title-visibility":"","ast-main-header-display":"","ast-hfb-above-header-display":"","ast-hfb-below-header-display":"","ast-hfb-mobile-header-display":"","site-post-title":"","ast-breadcrumbs-content":"","ast-featured-img":"","footer-sml-layout":"","theme-transparent-header-meta":"","adv-header-id-meta":"","stick-header-meta":"","header-above-stick-meta":"","header-main-stick-meta":"","header-below-stick-meta":"","astra-migrate-meta-layouts":"default","ast-page-background-enabled":"default","ast-page-background-meta":{"desktop":{"background-color":"var(--ast-global-color-4)","background-image":"","background-repeat":"repeat","background-position":"center center","background-size":"auto","background-attachment":"scroll","background-type":"","background-media":"","overlay-type":"","overlay-color":"","overlay-opacity":"","overlay-gradient":""},"tablet":{"background-color":"","background-image":"","background-repeat":"repeat","background-position":"center center","background-size":"auto","background-attachment":"scroll","background-type":"","background-media":"","overlay-type":"","overlay-color":"","overlay-opacity":"","overlay-gradient":""},"mobile":{"background-color":"","background-image":"","background-repeat":"repeat","background-position":"center center","background-size":"auto","background-attachment":"scroll","background-type":"","background-media":"","overlay-type":"","overlay-color":"","overlay-opacity":"","overlay-gradient":""}},"ast-content-background-meta":{"desktop":{"background-color":"var(--ast-global-color-5)","background-image":"","background-repeat":"repeat","background-position":"center center","background-size":"auto","background-attachment":"scroll","background-type":"","background-media":"","overlay-type":"","overlay-color":"","overlay-opacity":"","overlay-gradient":""},"tablet":{"background-color":"var(--ast-global-color-5)","background-image":"","background-repeat":"repeat","background-position":"center center","background-size":"auto","background-attachment":"scroll","background-type":"","background-media":"","overlay-type":"","overlay-color":"","overlay-opacity":"","overlay-gradient":""},"mobile":{"background-color":"var(--ast-global-color-5)","background-image":"","background-repeat":"repeat","background-position":"center center","background-size":"auto","background-attachment":"scroll","background-type":"","background-media":"","overlay-type":"","overlay-color":"","overlay-opacity":"","overlay-gradient":""}},"footnotes":""},"class_list":["post-2534","page","type-page","status-publish","hentry"],"post_mailing_queue_ids":[],"_links":{"self":[{"href":"https:\/\/agora.xtec.cat\/ceipjoaquimruyra\/wp-json\/wp\/v2\/pages\/2534","targetHints":{"allow":["GET"]}}],"collection":[{"href":"https:\/\/agora.xtec.cat\/ceipjoaquimruyra\/wp-json\/wp\/v2\/pages"}],"about":[{"href":"https:\/\/agora.xtec.cat\/ceipjoaquimruyra\/wp-json\/wp\/v2\/types\/page"}],"author":[{"embeddable":true,"href":"https:\/\/agora.xtec.cat\/ceipjoaquimruyra\/wp-json\/wp\/v2\/users\/17"}],"replies":[{"embeddable":true,"href":"https:\/\/agora.xtec.cat\/ceipjoaquimruyra\/wp-json\/wp\/v2\/comments?post=2534"}],"version-history":[{"count":6,"href":"https:\/\/agora.xtec.cat\/ceipjoaquimruyra\/wp-json\/wp\/v2\/pages\/2534\/revisions"}],"predecessor-version":[{"id":2582,"href":"https:\/\/agora.xtec.cat\/ceipjoaquimruyra\/wp-json\/wp\/v2\/pages\/2534\/revisions\/2582"}],"up":[{"embeddable":true,"href":"https:\/\/agora.xtec.cat\/ceipjoaquimruyra\/wp-json\/wp\/v2\/pages\/1366"}],"wp:attachment":[{"href":"https:\/\/agora.xtec.cat\/ceipjoaquimruyra\/wp-json\/wp\/v2\/media?parent=2534"}],"curies":[{"name":"wp","href":"https:\/\/api.w.org\/{rel}","templated":true}]}}