{"id":1685,"date":"2022-07-20T17:40:08","date_gmt":"2022-07-20T15:40:08","guid":{"rendered":"https:\/\/agora.xtec.cat\/ceipjoanxxiii-lesborges\/?page_id=1685"},"modified":"2022-07-20T17:58:51","modified_gmt":"2022-07-20T15:58:51","slug":"afa","status":"publish","type":"page","link":"https:\/\/agora.xtec.cat\/ceipjoanxxiii-lesborges\/afa\/","title":{"rendered":"AFA"},"content":{"rendered":"<p><strong>AFA ESCOLA JOAN XXIII<\/strong><\/p>\n<p>\ud83d\udce7 <strong><span class=\"qu\" tabindex=\"-1\" role=\"gridcell\" translate=\"no\"><span class=\"gD\" data-hovercard-id=\"joan23ampa@gmail.com\" data-hovercard-owner-id=\"100\">joan23ampa@gmail.com<\/span><\/span><\/strong><\/p>\n<p>&nbsp;<\/p>\n<p>Des del grup de pares que formem l&#8217;AFA us convidem a fer-vos socis per nom\u00e9s 20 \u20ac a l&#8217;any. Pagant aquesta m\u00ednima quota els vostres fills\/es podran tornar a gaudir un curs m\u00e9s de:<br \/>\n&#8211; Descomptes en els llibres (P3 a P5) i formar part del Banc llibres (1r a 6\u00e8).<br \/>\n&#8211; Descompte 3 \u20ac als alumnes de P3 a 1r en una sortida programada.<br \/>\n&#8211; Agenda gratu\u00efta de 2on a 6\u00e8<br \/>\n&#8211; Obsequi de Nadal<br \/>\n&#8211; A m\u00e9s de: la Festa fi de curs, detalls als alumnes de 6\u00e8, pagament de les activitats de l&#8217;English Day, pagament mensual d\u2019un renting de la fotocopiadora, equipaci\u00f3 de les aules amb ordinadors i tauletes, manteniment dels filtres de l&#8217;aigua, aportaci\u00f3 econ\u00f2mica a l&#8217;escola perqu\u00e8 els nostres fills gaudeixin d&#8217;una educaci\u00f3 de qualitat\u2026<\/p>\n<p>De tot l&#8217;esmentat i m\u00e9s han pogut beneficiar-se els vostres fills i filles en aquest curs passat, aix\u00ed qu\u00e8\u2026 T&#8217;animes a fer gran l&#8217;escola?<\/p>\n<p>&nbsp;<\/p>\n","protected":false},"excerpt":{"rendered":"<p>AFA ESCOLA JOAN XXIII<br \/>\n\ud83d\udce7 joan23ampa@gmail.com<br \/>\n&nbsp;<br \/>\nDes del grup de pares que formem l&#8217;AFA us convidem a fer-vos socis per nom\u00e9s 20 \u20ac a l&#8217;any. Pagant aquesta m\u00ednima quota els vostres fills\/es podran tornar a gaudir un curs m\u00e9s de:<br \/>\n&#8211; Descomptes en els llibres (P3 a P5)&hellip;  <a href=\"https:\/\/agora.xtec.cat\/ceipjoanxxiii-lesborges\/afa\/\" title=\"Read AFA\">Llegeix m\u00e9s\u00bb<\/a><\/p>\n","protected":false},"author":1,"featured_media":0,"parent":0,"menu_order":6,"comment_status":"closed","ping_status":"closed","template":"page-templates\/side-menu.php","meta":{"_bbp_topic_count":0,"_bbp_reply_count":0,"_bbp_total_topic_count":0,"_bbp_total_reply_count":0,"_bbp_voice_count":0,"_bbp_anonymous_reply_count":0,"_bbp_topic_count_hidden":0,"_bbp_reply_count_hidden":0,"_bbp_forum_subforum_count":0,"footnotes":""},"class_list":["post-1685","page","type-page","status-publish","hentry"],"post_mailing_queue_ids":[],"_links":{"self":[{"href":"https:\/\/agora.xtec.cat\/ceipjoanxxiii-lesborges\/wp-json\/wp\/v2\/pages\/1685","targetHints":{"allow":["GET"]}}],"collection":[{"href":"https:\/\/agora.xtec.cat\/ceipjoanxxiii-lesborges\/wp-json\/wp\/v2\/pages"}],"about":[{"href":"https:\/\/agora.xtec.cat\/ceipjoanxxiii-lesborges\/wp-json\/wp\/v2\/types\/page"}],"author":[{"embeddable":true,"href":"https:\/\/agora.xtec.cat\/ceipjoanxxiii-lesborges\/wp-json\/wp\/v2\/users\/1"}],"replies":[{"embeddable":true,"href":"https:\/\/agora.xtec.cat\/ceipjoanxxiii-lesborges\/wp-json\/wp\/v2\/comments?post=1685"}],"version-history":[{"count":3,"href":"https:\/\/agora.xtec.cat\/ceipjoanxxiii-lesborges\/wp-json\/wp\/v2\/pages\/1685\/revisions"}],"predecessor-version":[{"id":1697,"href":"https:\/\/agora.xtec.cat\/ceipjoanxxiii-lesborges\/wp-json\/wp\/v2\/pages\/1685\/revisions\/1697"}],"wp:attachment":[{"href":"https:\/\/agora.xtec.cat\/ceipjoanxxiii-lesborges\/wp-json\/wp\/v2\/media?parent=1685"}],"curies":[{"name":"wp","href":"https:\/\/api.w.org\/{rel}","templated":true}]}}