{"id":38,"date":"2014-09-18T12:34:08","date_gmt":"2014-09-18T11:34:08","guid":{"rendered":"http:\/\/agora.xtec.cat\/ceipjoansolans\/?page_id=38"},"modified":"2025-09-30T10:42:17","modified_gmt":"2025-09-30T08:42:17","slug":"sortides","status":"publish","type":"page","link":"https:\/\/agora.xtec.cat\/ceipjoansolans\/lescola\/sortides\/","title":{"rendered":"Activitats i Sortides"},"content":{"rendered":"<table width=\"822\">\n<tbody>\n<tr>\n<td colspan=\"4\" width=\"822\">&nbsp;<\/p>\n<p style=\"text-align: center;\">ACTIVITATS DE L&#8217;ASSOCIACI\u00d3 CULTURAL\u00a0 AC-GRANOLLERS (TEATRE)<\/p>\n<\/td>\n<\/tr>\n<tr>\n<td width=\"272\"><strong>Nivell<\/strong><\/td>\n<td width=\"272\"><strong>Data<\/strong><\/td>\n<td width=\"272\"><strong>Activitat<\/strong><\/td>\n<td width=\"4\"><\/td>\n<\/tr>\n<tr>\n<td width=\"272\"><strong>\u00a0<\/strong><\/td>\n<td width=\"272\"><strong>\u00a0<\/strong><\/td>\n<td width=\"272\"><strong>\u00a0<\/strong><\/td>\n<td width=\"4\"><\/td>\n<\/tr>\n<tr>\n<td width=\"272\">I3+I4<\/td>\n<td width=\"272\">21\/11\/25<\/p>\n<p>per confirmar<\/td>\n<td width=\"272\">Un jard\u00ed ple de m\u00fasica<\/p>\n<p>(m\u00fasica)<\/td>\n<td width=\"4\"><\/td>\n<\/tr>\n<tr>\n<td width=\"272\">I5<\/td>\n<td width=\"272\">27\/11\/25<\/p>\n<p>per confirmar<\/td>\n<td width=\"272\">Festival el m\u00e9s petit de tots<\/p>\n<p>(m\u00fasica)<\/td>\n<td width=\"4\"><\/td>\n<\/tr>\n<tr>\n<td width=\"272\">EI<\/td>\n<td width=\"272\">23\/01\/26<\/p>\n<p>per confirmar<\/td>\n<td width=\"272\">Un tros de pa<\/p>\n<p>(teatre i m\u00fasica)<\/td>\n<td width=\"4\"><\/td>\n<\/tr>\n<tr>\n<td width=\"272\">EI<\/td>\n<td width=\"272\">20\/02\/26<\/p>\n<p>per confirmar<\/td>\n<td width=\"272\">Tip tap top<\/p>\n<p>(Dansa)<\/td>\n<td width=\"4\"><\/td>\n<\/tr>\n<tr>\n<td width=\"272\">EI<\/td>\n<td width=\"272\">22\/05\/26<\/p>\n<p>per confirmar<\/td>\n<td width=\"272\">Numa<\/p>\n<p>(titelles)<\/td>\n<td width=\"4\"><\/td>\n<\/tr>\n<tr>\n<td width=\"272\">1r<\/td>\n<td width=\"272\">10\/10\/2025<\/p>\n<p>Hora: 11:00h<\/td>\n<td width=\"272\">Teatre &#8211; Babar Farr\u00e9s Brothers<\/td>\n<td width=\"4\"><\/td>\n<\/tr>\n<tr>\n<td width=\"272\">2n<\/td>\n<td width=\"272\">14 al 16\/10\/2025<\/td>\n<td width=\"272\">M\u00fasica + CM Bon vent Ebri knight<\/td>\n<td width=\"4\"><\/td>\n<\/tr>\n<tr>\n<td width=\"272\">CI<\/td>\n<td width=\"272\">9 i 10\/12\/2025<\/td>\n<td width=\"272\">Cin\u00e9ma\u00a0 Sirocco la reina dels vents Dir.: Beno\u00eet Chieux<\/td>\n<td width=\"4\"><\/td>\n<\/tr>\n<tr>\n<td width=\"272\">CI<\/td>\n<td width=\"272\">10 i 11\/3\/2026<\/td>\n<td width=\"272\">Clown Senzillament Marcel Gros<\/td>\n<td width=\"4\"><\/td>\n<\/tr>\n<tr>\n<td width=\"272\">CI<\/td>\n<td width=\"272\">13 al 15\/4\/2026<\/td>\n<td width=\"272\">Teatre La idea brillant Marga Socies<\/td>\n<td width=\"4\"><\/td>\n<\/tr>\n<tr>\n<td width=\"272\">CI + 3r\u00a0 (angl\u00e8s)<\/td>\n<td width=\"272\">27 al 30\/1\/2026<\/td>\n<td width=\"272\">\u00a0Goldilocks<\/td>\n<td width=\"4\"><\/td>\n<\/tr>\n<tr>\n<td width=\"272\">CM<\/td>\n<td width=\"272\">14 al 16\/10<\/td>\n<td width=\"272\">M\u00fasica + CM Bon vent Ebri knight<\/td>\n<td width=\"4\"><\/td>\n<\/tr>\n<tr>\n<td width=\"272\">CM<\/td>\n<td width=\"272\">11 i 12\/12<\/td>\n<td width=\"272\">cinema- Salvatges Claude Barras<\/td>\n<td width=\"4\"><\/td>\n<\/tr>\n<tr>\n<td width=\"272\">CM<\/td>\n<td width=\"272\">8 i 9\/04<\/td>\n<td width=\"272\">Teatre- Les sirenes s\u00f3n calbes- Cia Deliri<\/td>\n<td width=\"4\"><\/td>\n<\/tr>\n<tr>\n<td width=\"272\">CM<\/td>\n<td width=\"272\">11 al 13\/05<\/td>\n<td width=\"272\">Clown i m\u00e0gia- Txema M\u00e0gic- Gota<\/td>\n<td width=\"4\"><\/td>\n<\/tr>\n<tr>\n<td width=\"272\">4t + CS<\/p>\n<p>(angl\u00e8s)<\/td>\n<td width=\"272\">5 i 6\/3\/2026<\/td>\n<td width=\"272\">Ulysses<\/td>\n<td width=\"4\"><\/td>\n<\/tr>\n<tr>\n<td width=\"272\">CS<\/td>\n<td width=\"272\">23 i 24\/3\/2026<\/td>\n<td width=\"272\">Flordeneu: l&#8217;\u00faltima fada del Canig\u00f3<\/td>\n<td width=\"4\"><\/td>\n<\/tr>\n<tr>\n<td width=\"272\">CS<\/td>\n<td width=\"272\">16 i 17\/12\/2025<\/td>\n<td width=\"272\">Flow<\/td>\n<td width=\"4\"><\/td>\n<\/tr>\n<\/tbody>\n<\/table>\n<p>&nbsp;<\/p>\n<table width=\"822\">\n<tbody>\n<tr>\n<td style=\"text-align: center;\" colspan=\"4\" width=\"822\">ACTIVITATS DE L\u2019AJUNTAMENT<\/td>\n<\/tr>\n<tr>\n<td width=\"272\"><strong>Nivell<\/strong><\/td>\n<td width=\"272\"><strong>Data<\/strong><\/td>\n<td width=\"272\"><strong>Activitat<\/strong><\/td>\n<td width=\"5\"><\/td>\n<\/tr>\n<tr>\n<td width=\"272\"><strong>\u00a0<\/strong><\/td>\n<td width=\"272\"><strong>\u00a0<\/strong><\/td>\n<td width=\"272\"><strong>\u00a0<\/strong><\/td>\n<td width=\"5\"><\/td>\n<\/tr>\n<tr>\n<td width=\"272\">I3<\/td>\n<td width=\"272\">16 gener<\/p>\n<p>10 a 11<\/td>\n<td width=\"272\">Primeres passes a la biblioteca<\/td>\n<td width=\"5\"><\/td>\n<\/tr>\n<tr>\n<td width=\"272\">I3<\/td>\n<td width=\"272\">7\/11\/26 9:30<\/td>\n<td width=\"272\">Descobrim la biblioteca<\/td>\n<td width=\"5\"><\/td>\n<\/tr>\n<tr>\n<td width=\"272\">I4<\/td>\n<td width=\"272\">&nbsp;<\/p>\n<p>3\/10<\/p>\n<p>10 a 11h<\/p>\n<p>Confirmada<\/td>\n<td width=\"272\">Edifici de les hist\u00f2ries: personatges \u00e0lbums cl\u00e0ssics.<\/td>\n<td width=\"5\"><\/td>\n<\/tr>\n<tr>\n<td width=\"272\">I4<\/td>\n<td width=\"272\">Per confirmar<\/td>\n<td width=\"272\">drac de colors<\/td>\n<td width=\"5\"><\/td>\n<\/tr>\n<tr>\n<td width=\"272\">I4<\/td>\n<td width=\"272\">Per confirmar<\/td>\n<td width=\"272\">La troca<\/td>\n<td width=\"5\"><\/td>\n<\/tr>\n<tr>\n<td width=\"272\">i4 i5<\/td>\n<td width=\"272\">7 de novembre<\/p>\n<p>Confirmada<\/p>\n<p>9:00 I5<\/p>\n<p>10:00 I4<\/td>\n<td width=\"272\">La casa de la festa major<\/td>\n<td width=\"5\"><\/td>\n<\/tr>\n<tr>\n<td width=\"272\">I5<\/td>\n<td width=\"272\">14 novembre<\/p>\n<p>hora:10 a 11h<\/p>\n<p>Confirmada<\/p>\n<p>&nbsp;<\/td>\n<td width=\"272\">No miris sota el llit<\/td>\n<td width=\"5\"><\/td>\n<\/tr>\n<tr>\n<td width=\"272\">\u00a0\u00a0\u00a0\u00a0\u00a0\u00a0\u00a0\u00a0\u00a0\u00a0\u00a0 EI<\/td>\n<td width=\"272\">\u00a012\/12\/25<\/p>\n<p>I3 i I4:11:45 \u2013 12:05<\/p>\n<p>I5:12:10 -12:30<\/td>\n<td width=\"272\">Visita dels patges Gregorins i Gregorines<\/td>\n<td width=\"5\"><\/td>\n<\/tr>\n<tr>\n<td width=\"272\">\u00a0\u00a0\u00a0\u00a0\u00a0\u00a0\u00a0\u00a0\u00a0\u00a0\u00a0 4t<\/td>\n<td width=\"272\">26 de maig<\/p>\n<p>Hora?<\/td>\n<td width=\"272\">M\u00e9s enll\u00e0 dels miralls: Visita guiada al Teatre Auditori de Granollers<\/p>\n<p>&nbsp;<\/td>\n<td width=\"5\"><\/td>\n<\/tr>\n<tr>\n<td width=\"272\">CI<\/td>\n<td width=\"272\">17 de desembre<\/p>\n<p>1r 11\u20190h h<\/p>\n<p>2n 9\u201915h h<\/td>\n<td width=\"272\">M\u00e9s enll\u00e0 dels miralls: Visita guiada al Teatre Auditori de Granollers<\/td>\n<td width=\"5\"><\/td>\n<\/tr>\n<tr>\n<td width=\"272\">CI<\/td>\n<td width=\"272\">Tot el curs (un cop al mes)<\/p>\n<p>&nbsp;<\/p>\n<p>Concretar dia i hora?<\/p>\n<p>&nbsp;<\/td>\n<td width=\"272\">La biblioteca silenciosa<\/td>\n<td width=\"5\"><\/td>\n<\/tr>\n<tr>\n<td width=\"272\">1r<\/td>\n<td width=\"272\">26 gener<\/p>\n<p>9:30h<\/td>\n<td width=\"272\">Volum i textures \u2013 Antoni Cumella (1913-1985)<\/td>\n<td width=\"5\"><\/td>\n<\/tr>\n<tr>\n<td width=\"272\">1r<\/td>\n<td width=\"272\">&nbsp;<\/p>\n<p>29\/10\/2025<\/p>\n<p>Hora: 10:00h a 11:00h<\/p>\n<p>Dimecres i divendres de 10h a 14h<\/td>\n<td width=\"272\">Animalons. Hist\u00f2ries d\u2019animals molt filos\u00f2fics!<\/p>\n<p>&nbsp;<\/td>\n<td width=\"5\"><\/td>\n<\/tr>\n<tr>\n<td width=\"272\">2n<\/td>\n<td width=\"272\">27 gener<\/p>\n<p>9:30h<\/td>\n<td width=\"272\">Volum i textures \u2013 Antoni Cumella (1913-1985)<\/td>\n<td width=\"5\"><\/td>\n<\/tr>\n<tr>\n<td width=\"272\">2n<\/td>\n<td width=\"272\">Dimecres 8 octubre<\/p>\n<p>10h-11.15h<\/td>\n<td width=\"272\">La perruqueria de la Caputxeta. Lectura de la imatge (2n PRI)<\/p>\n<p>&nbsp;<\/td>\n<td width=\"5\"><\/td>\n<\/tr>\n<tr>\n<td width=\"272\">3r<\/td>\n<td width=\"272\">Primer dimarts de mes a la tarda<\/p>\n<p>Tot el curs<\/td>\n<td width=\"272\">La biblioteca silenciosa<\/td>\n<td width=\"5\"><\/td>\n<\/tr>\n<tr>\n<td width=\"272\">3r<\/td>\n<td width=\"272\"><\/td>\n<td width=\"272\">Empatia<\/td>\n<td width=\"5\"><\/td>\n<\/tr>\n<tr>\n<td width=\"272\">3r<\/td>\n<td width=\"272\"><\/td>\n<td width=\"272\">Tengo un nudo en la barriga<\/td>\n<td width=\"5\"><\/td>\n<\/tr>\n<tr>\n<td width=\"272\">3r<\/td>\n<td width=\"272\"><\/td>\n<td width=\"272\">Amics de la gent gran<\/td>\n<td width=\"5\"><\/td>\n<\/tr>\n<tr>\n<td width=\"272\">4t<\/td>\n<td width=\"272\">Tot el curs<\/p>\n<p>Primer dijous de cada mes de 15-16h<\/p>\n<p>&nbsp;<\/td>\n<td width=\"272\">La biblioteca silenciosa<\/td>\n<td width=\"5\"><\/td>\n<\/tr>\n<tr>\n<td width=\"272\">4t<\/td>\n<td width=\"272\"><\/td>\n<td width=\"272\">Empatia<\/td>\n<td width=\"5\"><\/td>\n<\/tr>\n<tr>\n<td width=\"272\">4t<\/td>\n<td width=\"272\">12 novembre<\/p>\n<p>10-11h<\/td>\n<td width=\"272\">Jugant amb la poesia<\/td>\n<td width=\"5\"><\/td>\n<\/tr>\n<tr>\n<td width=\"272\">4t<\/td>\n<td width=\"272\">&#8211;<\/td>\n<td width=\"272\">El joc de la brossa<\/td>\n<td width=\"5\"><\/td>\n<\/tr>\n<tr>\n<td width=\"272\">5\u00e8<\/td>\n<td width=\"272\">A concretar<\/p>\n<p>Dilluns a les 12h (5\u00e8)<\/td>\n<td width=\"272\">Regulaci\u00f3 Emocional<\/td>\n<td width=\"5\"><\/td>\n<\/tr>\n<tr>\n<td width=\"272\">5\u00e8 i 6\u00e8<\/td>\n<td width=\"272\">A concretar<\/p>\n<p>Dilluns a les 12h (5\u00e8)<\/p>\n<p>Dimecres de 11.15h a 12.15h (6\u00e8)<\/td>\n<td width=\"272\">Consci\u00e8ncia Emocional<\/td>\n<td width=\"5\"><\/td>\n<\/tr>\n<tr>\n<td width=\"272\">5\u00e8 i 6\u00e8<\/td>\n<td width=\"272\">A concretar<\/p>\n<p>Dilluns a les 12h (5\u00e8)<\/p>\n<p>Dimecres de 11.15h a 12.15h (6\u00e8)<\/td>\n<td width=\"272\">Assertivitat<\/td>\n<td width=\"5\"><\/td>\n<\/tr>\n<tr>\n<td width=\"272\">5\u00e8 i 6\u00e8<\/td>\n<td width=\"272\">A concretar<\/p>\n<p>Dilluns a les 12h (5\u00e8)<\/p>\n<p>Dimecres de 11.15h a 12.15h (6\u00e8)<\/td>\n<td width=\"272\">Tengo un nudo a la Barriga<\/td>\n<td width=\"5\"><\/td>\n<\/tr>\n<tr>\n<td width=\"272\">5\u00e8<\/td>\n<td width=\"272\">A concretar<\/p>\n<p>Dilluns a les 12h (5\u00e8)<\/td>\n<td width=\"272\">Propera parada les pantalles<\/td>\n<td width=\"5\"><\/td>\n<\/tr>\n<tr>\n<td width=\"272\">6\u00e8<\/td>\n<td width=\"272\">Data?<\/p>\n<p>Dimecres de 11.15h a 12.15h (6\u00e8)<\/td>\n<td width=\"272\">Optimisme<\/td>\n<td width=\"5\"><\/td>\n<\/tr>\n<\/tbody>\n<\/table>\n<p>&nbsp;<\/p>\n<table width=\"850\">\n<tbody>\n<tr>\n<td colspan=\"4\" width=\"850\">&nbsp;<\/p>\n<p style=\"text-align: center;\">ACTIVITATS DEL MUSEU<\/p>\n<\/td>\n<\/tr>\n<tr>\n<td width=\"282\"><strong>Nivell<\/strong><\/td>\n<td width=\"282\"><strong>Data<\/strong><\/td>\n<td width=\"282\"><strong>Activitat<\/strong><\/td>\n<td width=\"5\"><\/td>\n<\/tr>\n<tr>\n<td width=\"282\">I3<\/td>\n<td width=\"282\">3\/2\/26 9:00<\/td>\n<td width=\"282\">Conte del riu<\/td>\n<td width=\"5\"><\/td>\n<\/tr>\n<tr>\n<td width=\"282\">I3<\/td>\n<td width=\"282\">2\/12\/25 9:30<\/p>\n<p>&nbsp;<\/td>\n<td width=\"282\">Papallones i marietes<\/td>\n<td width=\"5\"><\/td>\n<\/tr>\n<tr>\n<td width=\"282\">I4<\/td>\n<td width=\"282\">Per confirmar<\/td>\n<td width=\"282\">Tortugues<\/td>\n<td width=\"5\"><\/td>\n<\/tr>\n<tr>\n<td width=\"282\">I5<\/td>\n<td width=\"282\">28 gener<\/p>\n<p>Hora 9.30h<\/p>\n<p>&nbsp;<\/td>\n<td width=\"282\">Dibuixa&#8217;m! Diferents maneres de fer un autoretrat<\/td>\n<td width=\"5\"><\/td>\n<\/tr>\n<tr>\n<td width=\"282\">I5<\/td>\n<td width=\"282\">3\/2\/26 10:00<\/td>\n<td width=\"282\">El riu a l\u00b4escola<\/td>\n<td width=\"5\"><\/td>\n<\/tr>\n<\/tbody>\n<\/table>\n<p>&nbsp;<\/p>\n<table width=\"861\">\n<tbody>\n<tr>\n<td style=\"text-align: center;\" colspan=\"3\" width=\"859\">TALLERS<\/td>\n<td width=\"1\"><\/td>\n<\/tr>\n<tr>\n<td width=\"287\"><strong>Nivell<\/strong><\/td>\n<td rowspan=\"2\" width=\"287\"><strong>Data<\/strong><\/td>\n<td colspan=\"2\" width=\"287\"><strong>Activitat<\/strong><\/td>\n<\/tr>\n<tr>\n<td width=\"287\"><strong>\u00a0<\/strong><\/td>\n<td colspan=\"2\" width=\"287\"><strong>\u00a0<\/strong><\/td>\n<\/tr>\n<tr>\n<td width=\"287\">3r<\/td>\n<td width=\"287\">21\/10\/2025<\/p>\n<p>Hora: 9:00 a 10:30h<\/td>\n<td colspan=\"2\" width=\"287\">Anem a Comprar<\/p>\n<p>&nbsp;<\/td>\n<\/tr>\n<tr>\n<td width=\"287\">4t<\/td>\n<td width=\"287\">21\/10\/2025<\/p>\n<p>Hora: 11:00 a 12:30h<\/td>\n<td colspan=\"2\" width=\"287\">Anem a Comprar<\/p>\n<p>&nbsp;<\/td>\n<\/tr>\n<\/tbody>\n<\/table>\n","protected":false},"excerpt":{"rendered":"<p>&nbsp;<br \/>\nACTIVITATS DE L&#8217;ASSOCIACI\u00d3 CULTURAL\u00a0 AC-GRANOLLERS (TEATRE)<\/p>\n<p>Nivell<br \/>\nData<br \/>\nActivitat<\/p>\n<p>\u00a0<br \/>\n\u00a0<br \/>\n\u00a0<\/p>\n<p>I3+I4<br \/>\n21\/11\/25<br \/>\nper confirmar<br \/>\nUn jard\u00ed ple de m\u00fasica<br \/>\n(m\u00fasica)<\/p>\n<p>I5<br \/>\n27\/11\/25<br \/>\nper confirmar<br \/>\nFestival el m\u00e9s petit de tots<br \/>\n(m\u00fasica)<\/p>\n<p>EI<br \/>\n23\/01\/26<br \/>\nper confirmar<br \/>\nUn tros de pa<br \/>\n(teatre i m\u00fasica)<\/p>\n<p>EI<br \/>\n20\/02\/26<br \/>\nper confirmar<br \/>\nTip tap top<br \/>\n(Dansa)<\/p>\n<p>EI<br \/>\n22\/05\/26<br \/>\nper confirmar<br \/>\nNuma<br \/>\n(titelles)<\/p>\n<p>1r<br \/>\n10\/10\/2025<br \/>\nHora: 11:00h<br \/>\nTeatre &#8211; Babar Farr\u00e9s Brothers<\/p>\n<p>2n<br \/>\n14 al 16\/10\/2025<br \/>\nM\u00fasica + CM Bon vent Ebri knight<\/p>\n<p>CI<br \/>\n9 i 10\/12\/2025<br \/>\nCin\u00e9ma\u00a0 Sirocco la reina&hellip;  <a href=\"https:\/\/agora.xtec.cat\/ceipjoansolans\/lescola\/sortides\/\" title=\"Read Activitats i Sortides\">Llegeix m\u00e9s\u00bb<\/a><\/p>\n","protected":false},"author":1,"featured_media":0,"parent":22,"menu_order":24,"comment_status":"closed","ping_status":"closed","template":"page-templates\/side-menu.php","meta":{"_bbp_topic_count":0,"_bbp_reply_count":0,"_bbp_total_topic_count":0,"_bbp_total_reply_count":0,"_bbp_voice_count":0,"_bbp_anonymous_reply_count":0,"_bbp_topic_count_hidden":0,"_bbp_reply_count_hidden":0,"_bbp_forum_subforum_count":0,"footnotes":""},"class_list":["post-38","page","type-page","status-publish","hentry"],"post_mailing_queue_ids":[],"_links":{"self":[{"href":"https:\/\/agora.xtec.cat\/ceipjoansolans\/wp-json\/wp\/v2\/pages\/38","targetHints":{"allow":["GET"]}}],"collection":[{"href":"https:\/\/agora.xtec.cat\/ceipjoansolans\/wp-json\/wp\/v2\/pages"}],"about":[{"href":"https:\/\/agora.xtec.cat\/ceipjoansolans\/wp-json\/wp\/v2\/types\/page"}],"author":[{"embeddable":true,"href":"https:\/\/agora.xtec.cat\/ceipjoansolans\/wp-json\/wp\/v2\/users\/1"}],"replies":[{"embeddable":true,"href":"https:\/\/agora.xtec.cat\/ceipjoansolans\/wp-json\/wp\/v2\/comments?post=38"}],"version-history":[{"count":7,"href":"https:\/\/agora.xtec.cat\/ceipjoansolans\/wp-json\/wp\/v2\/pages\/38\/revisions"}],"predecessor-version":[{"id":5093,"href":"https:\/\/agora.xtec.cat\/ceipjoansolans\/wp-json\/wp\/v2\/pages\/38\/revisions\/5093"}],"up":[{"embeddable":true,"href":"https:\/\/agora.xtec.cat\/ceipjoansolans\/wp-json\/wp\/v2\/pages\/22"}],"wp:attachment":[{"href":"https:\/\/agora.xtec.cat\/ceipjoansolans\/wp-json\/wp\/v2\/media?parent=38"}],"curies":[{"name":"wp","href":"https:\/\/api.w.org\/{rel}","templated":true}]}}