{"id":32,"date":"2014-09-18T12:31:33","date_gmt":"2014-09-18T11:31:33","guid":{"rendered":"http:\/\/agora.xtec.cat\/ceipjoansolans\/?page_id=32"},"modified":"2026-07-23T14:38:38","modified_gmt":"2026-07-23T12:38:38","slug":"calendari-del-curs","status":"publish","type":"page","link":"https:\/\/agora.xtec.cat\/ceipjoansolans\/lescola\/calendari-del-curs\/","title":{"rendered":"Calendari del curs"},"content":{"rendered":"<h4 style=\"text-align: center;\"><img loading=\"lazy\" decoding=\"async\" class=\"aligncenter size-full wp-image-5552\" src=\"https:\/\/agora.xtec.cat\/ceipjoansolans\/wp-content\/uploads\/usu497\/2026\/07\/calendari26_27.jpg\" alt=\"\" width=\"686\" height=\"591\" srcset=\"https:\/\/agora.xtec.cat\/ceipjoansolans\/wp-content\/uploads\/usu497\/2026\/07\/calendari26_27.jpg 686w, https:\/\/agora.xtec.cat\/ceipjoansolans\/wp-content\/uploads\/usu497\/2026\/07\/calendari26_27-300x258.jpg 300w\" sizes=\"auto, (max-width: 686px) 100vw, 686px\" \/><\/h4>\n<h4><strong>Inici de curs:<\/strong><\/h4>\n<p>8 de setembre de 2026<\/p>\n<h4><strong>Vacances:<\/strong><\/h4>\n<p>Del 22 de desembre de 2026 al 7 de gener de 2027\u00a0 (ambd\u00f3s inclosos)<\/p>\n<p>Del 22 de mar\u00e7 de 2027 al 29 de mar\u00e7 de 2027 (ambd\u00f3s inclosos)<\/p>\n<p>A partir del 22 de juny de 2027<\/p>\n<h4><strong>Dies festius de lliure disposici\u00f3:<\/strong><\/h4>\n<p>30 d&#8217;octubre de 2026<\/p>\n<p>7 de desembre de 2026<\/p>\n<p>8 de febrer de 2027<\/p>\n<p>19 d&#8217;abril de 2027<\/p>\n<p>17 de maig de 2027<\/p>\n<h4><strong>Festa local: <\/strong><\/h4>\n<p>7 de maig de 2027<\/p>\n<h4><strong>Jornada compactada:<\/strong><\/h4>\n<p>21 de desembre de 2026 i del 7 al 21 de juny de 2027 (ambd\u00f3s inclosos)<\/p>\n<p>L&#8217;<b>horari lectiu<\/b> del centre \u00e9s de 8,30 a 13,00 h i de 15,00 a 16,30 h. El dia 21 de desembre de 2026 i a partir del 7 de juny de 2027 es realitza horari compactat i l&#8217;horari \u00e9s de 8,30 a 13,00 h.(Els alumnes que utilitzen el servei de menjador surten a les 15:00h.)<\/p>\n","protected":false},"excerpt":{"rendered":"<p>Inici de curs:<br \/>\n8 de setembre de 2026<br \/>\nVacances:<br \/>\nDel 22 de desembre de 2026 al 7 de gener de 2027\u00a0 (ambd\u00f3s inclosos)<br \/>\nDel 22 de mar\u00e7 de 2027 al 29 de mar\u00e7 de 2027 (ambd\u00f3s inclosos)<br \/>\nA partir del 22 de juny de 2027<br \/>\nDies festius de lliure disposici\u00f3:<br \/>\n30 d&#8217;octubre&hellip;  <a href=\"https:\/\/agora.xtec.cat\/ceipjoansolans\/lescola\/calendari-del-curs\/\" title=\"Read Calendari del curs\">Llegeix m\u00e9s\u00bb<\/a><\/p>\n","protected":false},"author":1,"featured_media":0,"parent":22,"menu_order":22,"comment_status":"closed","ping_status":"closed","template":"page-templates\/side-menu.php","meta":{"_bbp_topic_count":0,"_bbp_reply_count":0,"_bbp_total_topic_count":0,"_bbp_total_reply_count":0,"_bbp_voice_count":0,"_bbp_anonymous_reply_count":0,"_bbp_topic_count_hidden":0,"_bbp_reply_count_hidden":0,"_bbp_forum_subforum_count":0,"footnotes":""},"class_list":["post-32","page","type-page","status-publish","hentry"],"post_mailing_queue_ids":[],"_links":{"self":[{"href":"https:\/\/agora.xtec.cat\/ceipjoansolans\/wp-json\/wp\/v2\/pages\/32","targetHints":{"allow":["GET"]}}],"collection":[{"href":"https:\/\/agora.xtec.cat\/ceipjoansolans\/wp-json\/wp\/v2\/pages"}],"about":[{"href":"https:\/\/agora.xtec.cat\/ceipjoansolans\/wp-json\/wp\/v2\/types\/page"}],"author":[{"embeddable":true,"href":"https:\/\/agora.xtec.cat\/ceipjoansolans\/wp-json\/wp\/v2\/users\/1"}],"replies":[{"embeddable":true,"href":"https:\/\/agora.xtec.cat\/ceipjoansolans\/wp-json\/wp\/v2\/comments?post=32"}],"version-history":[{"count":7,"href":"https:\/\/agora.xtec.cat\/ceipjoansolans\/wp-json\/wp\/v2\/pages\/32\/revisions"}],"predecessor-version":[{"id":5553,"href":"https:\/\/agora.xtec.cat\/ceipjoansolans\/wp-json\/wp\/v2\/pages\/32\/revisions\/5553"}],"up":[{"embeddable":true,"href":"https:\/\/agora.xtec.cat\/ceipjoansolans\/wp-json\/wp\/v2\/pages\/22"}],"wp:attachment":[{"href":"https:\/\/agora.xtec.cat\/ceipjoansolans\/wp-json\/wp\/v2\/media?parent=32"}],"curies":[{"name":"wp","href":"https:\/\/api.w.org\/{rel}","templated":true}]}}

<h4 style="text-align: center;"><img loading="lazy" decoding="async" class="aligncenter size-full wp-image-5552" src="https://agora.xtec.cat/ceipjoansolans/wp-content/uploads/usu497/2026/07/calendari26_27.jpg" alt="" width="686" height="591" srcset="https://agora.xtec.cat/ceipjoansolans/wp-content/uploads/usu497/2026/07/calendari26_27.jpg 686w, https://agora.xtec.cat/ceipjoansolans/wp-content/uploads/usu497/2026/07/calendari26_27-300x258.jpg 300w" sizes="auto, (max-width: 686px) 100vw, 686px" /></h4>
<h4><strong>Inici de curs:</strong></h4>
<p>8 de setembre de 2026</p>
<h4><strong>Vacances:</strong></h4>
<p>Del 22 de desembre de 2026 al 7 de gener de 2027  (ambdós inclosos)</p>
<p>Del 22 de març de 2027 al 29 de març de 2027 (ambdós inclosos)</p>
<p>A partir del 22 de juny de 2027</p>
<h4><strong>Dies festius de lliure disposició:</strong></h4>
<p>30 d&#8217;octubre de 2026</p>
<p>7 de desembre de 2026</p>
<p>8 de febrer de 2027</p>
<p>19 d&#8217;abril de 2027</p>
<p>17 de maig de 2027</p>
<h4><strong>Festa local: </strong></h4>
<p>7 de maig de 2027</p>
<h4><strong>Jornada compactada:</strong></h4>
<p>21 de desembre de 2026 i del 7 al 21 de juny de 2027 (ambdós inclosos)</p>
<p>L&#8217;<b>horari lectiu</b> del centre és de 8,30 a 13,00 h i de 15,00 a 16,30 h. El dia 21 de desembre de 2026 i a partir del 7 de juny de 2027 es realitza horari compactat i l&#8217;horari és de 8,30 a 13,00 h.(Els alumnes que utilitzen el servei de menjador surten a les 15:00h.)</p>

<p>Inici de curs:<br />
8 de setembre de 2026<br />
Vacances:<br />
Del 22 de desembre de 2026 al 7 de gener de 2027  (ambdós inclosos)<br />
Del 22 de març de 2027 al 29 de març de 2027 (ambdós inclosos)<br />
A partir del 22 de juny de 2027<br />
Dies festius de lliure disposició:<br />
30 d&#8217;octubre&hellip;  <a href="https://agora.xtec.cat/ceipjoansolans/lescola/calendari-del-curs/" title="Read Calendari del curs">Llegeix més»</a></p>
