{"id":4338,"date":"2017-01-25T22:09:34","date_gmt":"2017-01-25T21:09:34","guid":{"rendered":"http:\/\/agora.xtec.cat\/ceipjoansanpera\/?page_id=4338"},"modified":"2018-02-06T09:49:16","modified_gmt":"2018-02-06T08:49:16","slug":"lhort-escolar","status":"publish","type":"page","link":"https:\/\/agora.xtec.cat\/ceipjoansanpera\/projecte-educatiu\/lhort-escolar\/","title":{"rendered":"L&#8217;hort escolar"},"content":{"rendered":"<h1 class=\"Estilo31\"><a href=\"http:\/\/agora.xtec.cat\/ceipjoansanpera\/wp-content\/uploads\/usu1583\/2017\/10\/IMG-20171017-WA0016.jpg\"><img loading=\"lazy\" decoding=\"async\" class=\"alignnone wp-image-5115\" src=\"http:\/\/agora.xtec.cat\/ceipjoansanpera\/wp-content\/uploads\/usu1583\/2017\/10\/IMG-20171017-WA0016-768x1024.jpg\" alt=\"\" width=\"354\" height=\"472\" srcset=\"https:\/\/agora.xtec.cat\/ceipjoansanpera\/wp-content\/uploads\/usu1583\/2017\/10\/IMG-20171017-WA0016-768x1024.jpg 768w, https:\/\/agora.xtec.cat\/ceipjoansanpera\/wp-content\/uploads\/usu1583\/2017\/10\/IMG-20171017-WA0016-225x300.jpg 225w, https:\/\/agora.xtec.cat\/ceipjoansanpera\/wp-content\/uploads\/usu1583\/2017\/10\/IMG-20171017-WA0016.jpg 1200w\" sizes=\"auto, (max-width: 354px) 100vw, 354px\" \/><\/a><\/h1>\n<p class=\"Estilo31\">L\u2019hort pot ser concebut com una extensi\u00f3 de l\u2019aprenentatge del coneixement del medi natural. \u00c9s un petit espai on els alumnes poden observar i explorar les caracter\u00edstiques dels diversos elements que en formen part d\u2019aquest ecosistema, experimentar, provocar canvis, registrar les seves conseq\u00fc\u00e8ncies i inferir les interaccions entre els elements, els fen\u00f2mens f\u00edsics i els \u00e9ssers vius (plantes i animals), aix\u00ed com els possibles impactes de l\u2019activitat humana.<\/p>\n<p class=\"Estilo31\">A m\u00e9s, l\u2019hort ofereix oportunitats per realitzar activitats al laboratori i comparar els resultats amb l\u2019observaci\u00f3 del que passa efectivament durant el cicle natural del sistema. Tamb\u00e9 permet estudiar i integrar sistem\u00e0ticament cicles, processos, la din\u00e0mica dels fen\u00f2mens naturals i les relacions que suposa aquest ecosistema; gaudir del contacte amb la natura i aprendre a tenir-ne cura; brinda l\u2019ocasi\u00f3 de revisar els h\u00e0bits alimentaris i motiva a incorporar a la dieta verdures i hortalisses, que adquireixen un sabor excepcional quan els mateixos alumnes s\u00f3n els responsables de la seva plantaci\u00f3, creixement, collita i transformaci\u00f3 a la cuina.<\/p>\n","protected":false},"excerpt":{"rendered":"<p>L\u2019hort pot ser concebut com una extensi\u00f3 de l\u2019aprenentatge del coneixement del medi natural. \u00c9s un petit espai on els alumnes poden observar i explorar les caracter\u00edstiques dels diversos elements que en formen part d\u2019aquest ecosistema, experimentar, provocar canvis, registrar les seves conseq\u00fc\u00e8ncies i inferir les interaccions entre els elements, els fen\u00f2mens f\u00edsics i els [&hellip;]<\/p>\n","protected":false},"author":3,"featured_media":0,"parent":64,"menu_order":0,"comment_status":"closed","ping_status":"closed","template":"page-templates\/side-menu.php","meta":{"site-sidebar-layout":"default","site-content-layout":"","ast-site-content-layout":"","site-content-style":"default","site-sidebar-style":"default","ast-global-header-display":"","ast-banner-title-visibility":"","ast-main-header-display":"","ast-hfb-above-header-display":"","ast-hfb-below-header-display":"","ast-hfb-mobile-header-display":"","site-post-title":"","ast-breadcrumbs-content":"","ast-featured-img":"","footer-sml-layout":"","theme-transparent-header-meta":"","adv-header-id-meta":"","stick-header-meta":"","header-above-stick-meta":"","header-main-stick-meta":"","header-below-stick-meta":"","astra-migrate-meta-layouts":"default","ast-page-background-enabled":"default","ast-page-background-meta":{"desktop":{"background-color":"var(--ast-global-color-4)","background-image":"","background-repeat":"repeat","background-position":"center center","background-size":"auto","background-attachment":"scroll","background-type":"","background-media":"","overlay-type":"","overlay-color":"","overlay-opacity":"","overlay-gradient":""},"tablet":{"background-color":"","background-image":"","background-repeat":"repeat","background-position":"center center","background-size":"auto","background-attachment":"scroll","background-type":"","background-media":"","overlay-type":"","overlay-color":"","overlay-opacity":"","overlay-gradient":""},"mobile":{"background-color":"","background-image":"","background-repeat":"repeat","background-position":"center center","background-size":"auto","background-attachment":"scroll","background-type":"","background-media":"","overlay-type":"","overlay-color":"","overlay-opacity":"","overlay-gradient":""}},"ast-content-background-meta":{"desktop":{"background-color":"var(--ast-global-color-5)","background-image":"","background-repeat":"repeat","background-position":"center center","background-size":"auto","background-attachment":"scroll","background-type":"","background-media":"","overlay-type":"","overlay-color":"","overlay-opacity":"","overlay-gradient":""},"tablet":{"background-color":"var(--ast-global-color-5)","background-image":"","background-repeat":"repeat","background-position":"center center","background-size":"auto","background-attachment":"scroll","background-type":"","background-media":"","overlay-type":"","overlay-color":"","overlay-opacity":"","overlay-gradient":""},"mobile":{"background-color":"var(--ast-global-color-5)","background-image":"","background-repeat":"repeat","background-position":"center center","background-size":"auto","background-attachment":"scroll","background-type":"","background-media":"","overlay-type":"","overlay-color":"","overlay-opacity":"","overlay-gradient":""}},"footnotes":""},"class_list":["post-4338","page","type-page","status-publish","hentry"],"post_mailing_queue_ids":[],"_links":{"self":[{"href":"https:\/\/agora.xtec.cat\/ceipjoansanpera\/wp-json\/wp\/v2\/pages\/4338","targetHints":{"allow":["GET"]}}],"collection":[{"href":"https:\/\/agora.xtec.cat\/ceipjoansanpera\/wp-json\/wp\/v2\/pages"}],"about":[{"href":"https:\/\/agora.xtec.cat\/ceipjoansanpera\/wp-json\/wp\/v2\/types\/page"}],"author":[{"embeddable":true,"href":"https:\/\/agora.xtec.cat\/ceipjoansanpera\/wp-json\/wp\/v2\/users\/3"}],"replies":[{"embeddable":true,"href":"https:\/\/agora.xtec.cat\/ceipjoansanpera\/wp-json\/wp\/v2\/comments?post=4338"}],"version-history":[{"count":3,"href":"https:\/\/agora.xtec.cat\/ceipjoansanpera\/wp-json\/wp\/v2\/pages\/4338\/revisions"}],"predecessor-version":[{"id":5554,"href":"https:\/\/agora.xtec.cat\/ceipjoansanpera\/wp-json\/wp\/v2\/pages\/4338\/revisions\/5554"}],"up":[{"embeddable":true,"href":"https:\/\/agora.xtec.cat\/ceipjoansanpera\/wp-json\/wp\/v2\/pages\/64"}],"wp:attachment":[{"href":"https:\/\/agora.xtec.cat\/ceipjoansanpera\/wp-json\/wp\/v2\/media?parent=4338"}],"curies":[{"name":"wp","href":"https:\/\/api.w.org\/{rel}","templated":true}]}}