{"id":857,"date":"2017-02-22T11:21:20","date_gmt":"2017-02-22T10:21:20","guid":{"rendered":"http:\/\/agora.xtec.cat\/ceipjoanotalisanda\/?page_id=857"},"modified":"2024-02-27T14:42:29","modified_gmt":"2024-02-27T13:42:29","slug":"setmana-del-cinema-16-17","status":"publish","type":"page","link":"https:\/\/agora.xtec.cat\/ceipjoanotalisanda\/projectes\/setmana-de\/setmana-del-cinema-16-17\/","title":{"rendered":"Setmana del cinema 16-17"},"content":{"rendered":"<p style=\"text-align: justify;\">El cinema \u00e9s art, \u00e9s il\u00b7lusi\u00f3, \u00e9s creativitat, \u00e9s la narraci\u00f3 d&#8217;hist\u00f2ries en moviment !<\/p>\n<p style=\"text-align: justify;\">Durant la Setmana del Cinema, l&#8217;escola ha esdevingut un estudi de cinema on els nens i nenes han pogut treballar tot un seguit de capacitats a nivell t\u00e8cnic, d&#8217;elaboraci\u00f3 de guions, de direcci\u00f3, de so i de muntatge.<\/p>\n<p style=\"text-align: justify;\">Elaborar una pel\u00b7l\u00edcula passa per diferents etapes; desenvolupament, pre-producci\u00f3, rodatge i postproducci\u00f3.<\/p>\n<p style=\"text-align: justify;\">\u00c9s necessari fer un gran treball d&#8217;equip per a crear el producte final: UN CURTMETRATGE.<\/p>\n<p style=\"text-align: justify;\">A continuaci\u00f3 podeu veure els curtmetratges que hem fet, estan ordenats per nivells.<\/p>\n<p><iframe loading=\"lazy\" title=\"VIGILA AMB EL BOU!!! P3A\" width=\"500\" height=\"281\" src=\"https:\/\/www.youtube.com\/embed\/Vkpi0KW0Yts?feature=oembed\" frameborder=\"0\" allow=\"accelerometer; autoplay; clipboard-write; encrypted-media; gyroscope; picture-in-picture; web-share\" referrerpolicy=\"strict-origin-when-cross-origin\" allowfullscreen><\/iframe><\/p>\n<p><iframe loading=\"lazy\" title=\"VIGILA AMB EL BOU!!! P3B\" width=\"500\" height=\"281\" src=\"https:\/\/www.youtube.com\/embed\/skxSdWpaOpk?feature=oembed\" frameborder=\"0\" allow=\"accelerometer; autoplay; clipboard-write; encrypted-media; gyroscope; picture-in-picture; web-share\" referrerpolicy=\"strict-origin-when-cross-origin\" allowfullscreen><\/iframe><\/p>\n<p><iframe loading=\"lazy\" title=\"UN DIA A L&#039;H\u00cdPICA P4A\" width=\"500\" height=\"281\" src=\"https:\/\/www.youtube.com\/embed\/ncN3kue5vLc?feature=oembed\" frameborder=\"0\" allow=\"accelerometer; autoplay; clipboard-write; encrypted-media; gyroscope; picture-in-picture; web-share\" referrerpolicy=\"strict-origin-when-cross-origin\" allowfullscreen><\/iframe><\/p>\n<p><iframe loading=\"lazy\" title=\"M\u00daSICS A LA CACERA  P4B\" width=\"500\" height=\"281\" src=\"https:\/\/www.youtube.com\/embed\/7CM9RIzmniQ?feature=oembed\" frameborder=\"0\" allow=\"accelerometer; autoplay; clipboard-write; encrypted-media; gyroscope; picture-in-picture; web-share\" referrerpolicy=\"strict-origin-when-cross-origin\" allowfullscreen><\/iframe><\/p>\n<p><iframe loading=\"lazy\" title=\"AVENTURA DE PEIXOS P5 A\" width=\"500\" height=\"281\" src=\"https:\/\/www.youtube.com\/embed\/kJGIk2ahzNg?feature=oembed\" frameborder=\"0\" allow=\"accelerometer; autoplay; clipboard-write; encrypted-media; gyroscope; picture-in-picture; web-share\" referrerpolicy=\"strict-origin-when-cross-origin\" allowfullscreen><\/iframe><\/p>\n<p><iframe loading=\"lazy\" title=\"ELS BONS MARINERS  P5B\" width=\"500\" height=\"281\" src=\"https:\/\/www.youtube.com\/embed\/n_Y3_riB5_M?feature=oembed\" frameborder=\"0\" allow=\"accelerometer; autoplay; clipboard-write; encrypted-media; gyroscope; picture-in-picture; web-share\" referrerpolicy=\"strict-origin-when-cross-origin\" allowfullscreen><\/iframe><\/p>\n<p><iframe loading=\"lazy\" title=\"1r A- La m\u00f2mia del gran fara\u00f3 desconegut. Grup 1\" width=\"500\" height=\"281\" src=\"https:\/\/www.youtube.com\/embed\/uplJkwDx_-o?start=23&#038;feature=oembed\" frameborder=\"0\" allow=\"accelerometer; autoplay; clipboard-write; encrypted-media; gyroscope; picture-in-picture; web-share\" referrerpolicy=\"strict-origin-when-cross-origin\" allowfullscreen><\/iframe><\/p>\n<p><iframe loading=\"lazy\" title=\"1r A - La m\u00f2mia del gran fara\u00f3 desconegut. Grup 2\" width=\"500\" height=\"281\" src=\"https:\/\/www.youtube.com\/embed\/wWcYE2yRJRU?feature=oembed\" frameborder=\"0\" allow=\"accelerometer; autoplay; clipboard-write; encrypted-media; gyroscope; picture-in-picture; web-share\" referrerpolicy=\"strict-origin-when-cross-origin\" allowfullscreen><\/iframe><\/p>\n<p><iframe loading=\"lazy\" title=\"1r B - La tribu dels Camaria A\" width=\"500\" height=\"281\" src=\"https:\/\/www.youtube.com\/embed\/7sxl4C8lf88?feature=oembed\" frameborder=\"0\" allow=\"accelerometer; autoplay; clipboard-write; encrypted-media; gyroscope; picture-in-picture; web-share\" referrerpolicy=\"strict-origin-when-cross-origin\" allowfullscreen><\/iframe><\/p>\n<p><iframe loading=\"lazy\" title=\"1r B - La tribu dels Camaria B\" width=\"500\" height=\"281\" src=\"https:\/\/www.youtube.com\/embed\/K8dzcWRsnaQ?feature=oembed\" frameborder=\"0\" allow=\"accelerometer; autoplay; clipboard-write; encrypted-media; gyroscope; picture-in-picture; web-share\" referrerpolicy=\"strict-origin-when-cross-origin\" allowfullscreen><\/iframe><\/p>\n<p><iframe loading=\"lazy\" title=\"2n A - guepards A\" width=\"500\" height=\"281\" src=\"https:\/\/www.youtube.com\/embed\/73VxL_1L9CU?feature=oembed\" frameborder=\"0\" allow=\"accelerometer; autoplay; clipboard-write; encrypted-media; gyroscope; picture-in-picture; web-share\" referrerpolicy=\"strict-origin-when-cross-origin\" allowfullscreen><\/iframe><\/p>\n<p><iframe loading=\"lazy\" title=\"2n A - guepards B\" width=\"500\" height=\"281\" src=\"https:\/\/www.youtube.com\/embed\/SgINbJkGiuM?start=29&#038;feature=oembed\" frameborder=\"0\" allow=\"accelerometer; autoplay; clipboard-write; encrypted-media; gyroscope; picture-in-picture; web-share\" referrerpolicy=\"strict-origin-when-cross-origin\" allowfullscreen><\/iframe><\/p>\n<p><iframe loading=\"lazy\" title=\"Primer viatge a l&#039;espai 2n B\" width=\"500\" height=\"281\" src=\"https:\/\/www.youtube.com\/embed\/kxFHYI2y3Hg?feature=oembed\" frameborder=\"0\" allow=\"accelerometer; autoplay; clipboard-write; encrypted-media; gyroscope; picture-in-picture; web-share\" referrerpolicy=\"strict-origin-when-cross-origin\" allowfullscreen><\/iframe><\/p>\n<p><iframe loading=\"lazy\" title=\"Primer viatge a l&#039;espai grup II 2n B\" width=\"500\" height=\"281\" src=\"https:\/\/www.youtube.com\/embed\/iegFfU9QpW8?start=9&#038;feature=oembed\" frameborder=\"0\" allow=\"accelerometer; autoplay; clipboard-write; encrypted-media; gyroscope; picture-in-picture; web-share\" referrerpolicy=\"strict-origin-when-cross-origin\" allowfullscreen><\/iframe><\/p>\n<p><iframe loading=\"lazy\" title=\"L&#039;ESCOLA DE BALL  3r  A\" width=\"500\" height=\"281\" src=\"https:\/\/www.youtube.com\/embed\/pwC4wNvuFAc?feature=oembed\" frameborder=\"0\" allow=\"accelerometer; autoplay; clipboard-write; encrypted-media; gyroscope; picture-in-picture; web-share\" referrerpolicy=\"strict-origin-when-cross-origin\" allowfullscreen><\/iframe><\/p>\n<p><iframe loading=\"lazy\" title=\"El gran concurs de ball 3rB\" width=\"500\" height=\"281\" src=\"https:\/\/www.youtube.com\/embed\/5Vka_ifdA80?feature=oembed\" frameborder=\"0\" allow=\"accelerometer; autoplay; clipboard-write; encrypted-media; gyroscope; picture-in-picture; web-share\" referrerpolicy=\"strict-origin-when-cross-origin\" allowfullscreen><\/iframe><\/p>\n<p><iframe loading=\"lazy\" title=\"EL MISTERI DEL LLIBRE GAL\u00c0CTIC  4T  A\" width=\"500\" height=\"281\" src=\"https:\/\/www.youtube.com\/embed\/3qr7N4fGtFg?feature=oembed\" frameborder=\"0\" allow=\"accelerometer; autoplay; clipboard-write; encrypted-media; gyroscope; picture-in-picture; web-share\" referrerpolicy=\"strict-origin-when-cross-origin\" allowfullscreen><\/iframe><\/p>\n<p><iframe loading=\"lazy\" title=\"El planeta dels homes de fang  4t  B\" width=\"500\" height=\"281\" src=\"https:\/\/www.youtube.com\/embed\/21LIKPpgQFQ?start=20&#038;feature=oembed\" frameborder=\"0\" allow=\"accelerometer; autoplay; clipboard-write; encrypted-media; gyroscope; picture-in-picture; web-share\" referrerpolicy=\"strict-origin-when-cross-origin\" allowfullscreen><\/iframe><\/p>\n<p><iframe loading=\"lazy\" title=\"5\u00e8 A\" width=\"500\" height=\"281\" src=\"https:\/\/www.youtube.com\/embed\/h_qT8k2QYm4?feature=oembed\" frameborder=\"0\" allow=\"accelerometer; autoplay; clipboard-write; encrypted-media; gyroscope; picture-in-picture; web-share\" referrerpolicy=\"strict-origin-when-cross-origin\" allowfullscreen><\/iframe><\/p>\n<p><iframe loading=\"lazy\" title=\"5eB\" width=\"500\" height=\"281\" src=\"https:\/\/www.youtube.com\/embed\/ukGtqjZYFbw?start=6&#038;feature=oembed\" frameborder=\"0\" allow=\"accelerometer; autoplay; clipboard-write; encrypted-media; gyroscope; picture-in-picture; web-share\" referrerpolicy=\"strict-origin-when-cross-origin\" allowfullscreen><\/iframe><\/p>\n<p><iframe loading=\"lazy\" title=\"6\u00e8 A Stop Motion i Croma\" width=\"500\" height=\"281\" src=\"https:\/\/www.youtube.com\/embed\/SooG_6TuOqA?feature=oembed\" frameborder=\"0\" allow=\"accelerometer; autoplay; clipboard-write; encrypted-media; gyroscope; picture-in-picture; web-share\" referrerpolicy=\"strict-origin-when-cross-origin\" allowfullscreen><\/iframe><\/p>\n<p><iframe loading=\"lazy\" title=\"6e B  Stop Motion i Croma\" width=\"500\" height=\"281\" src=\"https:\/\/www.youtube.com\/embed\/AdsPqAwynEc?start=1&#038;feature=oembed\" frameborder=\"0\" allow=\"accelerometer; autoplay; clipboard-write; encrypted-media; gyroscope; picture-in-picture; web-share\" referrerpolicy=\"strict-origin-when-cross-origin\" allowfullscreen><\/iframe><\/p>\n<p><iframe loading=\"lazy\" title=\"STOP MOTION 6\u00e8 C\" width=\"500\" height=\"281\" src=\"https:\/\/www.youtube.com\/embed\/mDF3j653zIk?feature=oembed\" frameborder=\"0\" allow=\"accelerometer; autoplay; clipboard-write; encrypted-media; gyroscope; picture-in-picture; web-share\" referrerpolicy=\"strict-origin-when-cross-origin\" allowfullscreen><\/iframe><\/p>\n<p>&nbsp;<\/p>\n<p>&nbsp;<\/p>\n","protected":false},"excerpt":{"rendered":"<p>El cinema \u00e9s art, \u00e9s il\u00b7lusi\u00f3, \u00e9s creativitat, \u00e9s la narraci\u00f3 d&#8217;hist\u00f2ries en moviment !<br \/>\nDurant la Setmana del Cinema, l&#8217;escola ha esdevingut un estudi de cinema on els nens i nenes han pogut treballar tot un seguit de capacitats a nivell t\u00e8cnic, d&#8217;elaboraci\u00f3 de guions,&hellip;  <a href=\"https:\/\/agora.xtec.cat\/ceipjoanotalisanda\/projectes\/setmana-de\/setmana-del-cinema-16-17\/\" title=\"Read Setmana del cinema 16-17\">Llegeix m\u00e9s\u00bb<\/a><\/p>\n","protected":false},"author":1,"featured_media":0,"parent":712,"menu_order":2,"comment_status":"closed","ping_status":"closed","template":"page-templates\/side-menu.php","meta":{"_bbp_topic_count":0,"_bbp_reply_count":0,"_bbp_total_topic_count":0,"_bbp_total_reply_count":0,"_bbp_voice_count":0,"_bbp_anonymous_reply_count":0,"_bbp_topic_count_hidden":0,"_bbp_reply_count_hidden":0,"_bbp_forum_subforum_count":0,"footnotes":""},"class_list":["post-857","page","type-page","status-publish","hentry"],"post_mailing_queue_ids":[],"_links":{"self":[{"href":"https:\/\/agora.xtec.cat\/ceipjoanotalisanda\/wp-json\/wp\/v2\/pages\/857","targetHints":{"allow":["GET"]}}],"collection":[{"href":"https:\/\/agora.xtec.cat\/ceipjoanotalisanda\/wp-json\/wp\/v2\/pages"}],"about":[{"href":"https:\/\/agora.xtec.cat\/ceipjoanotalisanda\/wp-json\/wp\/v2\/types\/page"}],"author":[{"embeddable":true,"href":"https:\/\/agora.xtec.cat\/ceipjoanotalisanda\/wp-json\/wp\/v2\/users\/1"}],"replies":[{"embeddable":true,"href":"https:\/\/agora.xtec.cat\/ceipjoanotalisanda\/wp-json\/wp\/v2\/comments?post=857"}],"version-history":[{"count":4,"href":"https:\/\/agora.xtec.cat\/ceipjoanotalisanda\/wp-json\/wp\/v2\/pages\/857\/revisions"}],"predecessor-version":[{"id":881,"href":"https:\/\/agora.xtec.cat\/ceipjoanotalisanda\/wp-json\/wp\/v2\/pages\/857\/revisions\/881"}],"up":[{"embeddable":true,"href":"https:\/\/agora.xtec.cat\/ceipjoanotalisanda\/wp-json\/wp\/v2\/pages\/712"}],"wp:attachment":[{"href":"https:\/\/agora.xtec.cat\/ceipjoanotalisanda\/wp-json\/wp\/v2\/media?parent=857"}],"curies":[{"name":"wp","href":"https:\/\/api.w.org\/{rel}","templated":true}]}}