{"id":712,"date":"2017-01-19T15:48:32","date_gmt":"2017-01-19T14:48:32","guid":{"rendered":"http:\/\/agora.xtec.cat\/ceipjoanotalisanda\/?page_id=712"},"modified":"2024-02-27T14:50:27","modified_gmt":"2024-02-27T13:50:27","slug":"setmana-de","status":"publish","type":"page","link":"https:\/\/agora.xtec.cat\/ceipjoanotalisanda\/projectes\/setmana-de\/","title":{"rendered":"Setmana de &#8230;"},"content":{"rendered":"<p style=\"text-align: justify;\">Cada curs tota l&#8217;escola dediquem una setmana a treballar conjuntament un tema. Aquests temes es preparen i s&#8217;adeq\u00fcen als diferents nivells i caracter\u00edstiques de l&#8217;alumnat. Realitzem experi\u00e8ncies vivencials, imaginatives i interactives que aporten coneixement, per\u00f2 tamb\u00e9 fomenten la cooperaci\u00f3 entre l&#8217;alumnat del grup i entre infants de diferents edats. L&#8217;objectiu \u00e9s que durant uns dies tot l&#8217;alumnat tingui un prop\u00f2sit com\u00fa i el dugui a terme mitjan\u00e7ant activitats motivadores i creatives.<\/p>\n<p style=\"text-align: justify;\">Algunes de les Setmanes que hem fet han estat dedicades a temes tan diversos com la Setmana del T\u00e8xtil a Sabadell, la Publicitat, el Petit Pr\u00edncep, la Creativitat&#8230;<\/p>\n<p style=\"text-align: justify;\">Un cop s&#8217;ha acabat la Setmana de&#8230; s&#8217;organitza el &#8220;<strong><em>DIA DE L&#8217;ESCOLA<\/em><\/strong>&#8220;, en el qual, a la tarda, les fam\u00edlies visiten l&#8217;escola i poden veure els treballs elaborats.<\/p>\n<p style=\"text-align: justify;\">Els darrers anys hem dedicat la &#8220;Setmana de&#8221; a treballar un ODS (Objectiu de Desenvolupament Sostenible) i d&#8217;aquesta manera fer cr\u00e9ixer la consci\u00e8ncia social i el pensament cr\u00edtic. Aquest any treballarem l&#8217;ODS 2: Fam zero.<\/p>\n<p><a href=\"https:\/\/agora.xtec.cat\/ceipjoanotalisanda\/festes-i-projectes-descola\/setmana-de\/setmana-del-cinema-16-17\/\" target=\"_blank\" rel=\"noopener\">Setmana del cinema 16-17<\/a><\/p>\n<p style=\"text-align: justify;\"><a href=\"https:\/\/agora.xtec.cat\/ceipjoanotalisanda\/festes-i-projectes-descola\/setmana-de\/setmana-del-circ-2017-18\/\" target=\"_blank\" rel=\"noopener\">Setmana del circ 17-18<\/a><\/p>\n<p><a href=\"https:\/\/agora.xtec.cat\/ceipjoanotalisanda\/projectes\/setmana-de\/setmana-de-la-fotografia-2018-19\/\" target=\"_blank\" rel=\"noopener\">Setmana de la fotografia 18-19<\/a><\/p>\n<p><a href=\"https:\/\/agora.xtec.cat\/ceipjoanotalisanda\/projectes\/setmana-de\/setmana-den-josep-carner\/\" target=\"_blank\" rel=\"noopener\">Setmana de Josep Carner 20-21<\/a><\/p>\n<p><a href=\"https:\/\/agora.xtec.cat\/ceipjoanotalisanda\/projectes\/setmana-de\/setmana-de-la-dona-i-la-ciencia-21-22\/\" target=\"_blank\" rel=\"noopener\">Setmana de la dona i la ci\u00e8ncia 21-22<\/a><\/p>\n<p style=\"text-align: justify;\"><a href=\"https:\/\/agora.xtec.cat\/ceipjoanotalisanda\/projectes\/setmana-de\/la-setmana-de-la-vida-submarina\/\" target=\"_blank\" rel=\"noopener\">Setmana de la vida submarina 22-23 ODS 14<\/a><\/p>\n<p><a href=\"https:\/\/agora.xtec.cat\/ceipjoanotalisanda\/projectes\/setmana-de\/setmana-de-la-fam-0\/\" target=\"_blank\" rel=\"noopener\">Setmana de la Fam 0 23-24<\/a><\/p>\n","protected":false},"excerpt":{"rendered":"<p>Cada curs tota l&#8217;escola dediquem una setmana a treballar conjuntament un tema. Aquests temes es preparen i s&#8217;adeq\u00fcen als diferents nivells i caracter\u00edstiques de l&#8217;alumnat. Realitzem experi\u00e8ncies vivencials, imaginatives i interactives que aporten coneixement, per\u00f2 tamb\u00e9 fomenten la cooperaci\u00f3 entre l&#8217;alumnat del grup i entre&hellip;  <a href=\"https:\/\/agora.xtec.cat\/ceipjoanotalisanda\/projectes\/setmana-de\/\" title=\"Read Setmana de &#8230;\">Llegeix m\u00e9s\u00bb<\/a><\/p>\n","protected":false},"author":1,"featured_media":0,"parent":19196,"menu_order":2,"comment_status":"closed","ping_status":"closed","template":"page-templates\/side-menu.php","meta":{"_bbp_topic_count":0,"_bbp_reply_count":0,"_bbp_total_topic_count":0,"_bbp_total_reply_count":0,"_bbp_voice_count":0,"_bbp_anonymous_reply_count":0,"_bbp_topic_count_hidden":0,"_bbp_reply_count_hidden":0,"_bbp_forum_subforum_count":0,"footnotes":""},"class_list":["post-712","page","type-page","status-publish","hentry"],"post_mailing_queue_ids":[],"_links":{"self":[{"href":"https:\/\/agora.xtec.cat\/ceipjoanotalisanda\/wp-json\/wp\/v2\/pages\/712","targetHints":{"allow":["GET"]}}],"collection":[{"href":"https:\/\/agora.xtec.cat\/ceipjoanotalisanda\/wp-json\/wp\/v2\/pages"}],"about":[{"href":"https:\/\/agora.xtec.cat\/ceipjoanotalisanda\/wp-json\/wp\/v2\/types\/page"}],"author":[{"embeddable":true,"href":"https:\/\/agora.xtec.cat\/ceipjoanotalisanda\/wp-json\/wp\/v2\/users\/1"}],"replies":[{"embeddable":true,"href":"https:\/\/agora.xtec.cat\/ceipjoanotalisanda\/wp-json\/wp\/v2\/comments?post=712"}],"version-history":[{"count":7,"href":"https:\/\/agora.xtec.cat\/ceipjoanotalisanda\/wp-json\/wp\/v2\/pages\/712\/revisions"}],"predecessor-version":[{"id":19690,"href":"https:\/\/agora.xtec.cat\/ceipjoanotalisanda\/wp-json\/wp\/v2\/pages\/712\/revisions\/19690"}],"up":[{"embeddable":true,"href":"https:\/\/agora.xtec.cat\/ceipjoanotalisanda\/wp-json\/wp\/v2\/pages\/19196"}],"wp:attachment":[{"href":"https:\/\/agora.xtec.cat\/ceipjoanotalisanda\/wp-json\/wp\/v2\/media?parent=712"}],"curies":[{"name":"wp","href":"https:\/\/api.w.org\/{rel}","templated":true}]}}

<p style="text-align: justify;">Cada curs tota l&#8217;escola dediquem una setmana a treballar conjuntament un tema. Aquests temes es preparen i s&#8217;adeqüen als diferents nivells i característiques de l&#8217;alumnat. Realitzem experiències vivencials, imaginatives i interactives que aporten coneixement, però també fomenten la cooperació entre l&#8217;alumnat del grup i entre infants de diferents edats. L&#8217;objectiu és que durant uns dies tot l&#8217;alumnat tingui un propòsit comú i el dugui a terme mitjançant activitats motivadores i creatives.</p>
<p style="text-align: justify;">Algunes de les Setmanes que hem fet han estat dedicades a temes tan diversos com la Setmana del Tèxtil a Sabadell, la Publicitat, el Petit Príncep, la Creativitat&#8230;</p>
<p style="text-align: justify;">Un cop s&#8217;ha acabat la Setmana de&#8230; s&#8217;organitza el &#8220;<strong><em>DIA DE L&#8217;ESCOLA</em></strong>&#8220;, en el qual, a la tarda, les famílies visiten l&#8217;escola i poden veure els treballs elaborats.</p>
<p style="text-align: justify;">Els darrers anys hem dedicat la &#8220;Setmana de&#8221; a treballar un ODS (Objectiu de Desenvolupament Sostenible) i d&#8217;aquesta manera fer créixer la consciència social i el pensament crític. Aquest any treballarem l&#8217;ODS 2: Fam zero.</p>
<p><a href="https://agora.xtec.cat/ceipjoanotalisanda/festes-i-projectes-descola/setmana-de/setmana-del-cinema-16-17/" target="_blank" rel="noopener">Setmana del cinema 16-17</a></p>
<p style="text-align: justify;"><a href="https://agora.xtec.cat/ceipjoanotalisanda/festes-i-projectes-descola/setmana-de/setmana-del-circ-2017-18/" target="_blank" rel="noopener">Setmana del circ 17-18</a></p>
<p><a href="https://agora.xtec.cat/ceipjoanotalisanda/projectes/setmana-de/setmana-de-la-fotografia-2018-19/" target="_blank" rel="noopener">Setmana de la fotografia 18-19</a></p>
<p><a href="https://agora.xtec.cat/ceipjoanotalisanda/projectes/setmana-de/setmana-den-josep-carner/" target="_blank" rel="noopener">Setmana de Josep Carner 20-21</a></p>
<p><a href="https://agora.xtec.cat/ceipjoanotalisanda/projectes/setmana-de/setmana-de-la-dona-i-la-ciencia-21-22/" target="_blank" rel="noopener">Setmana de la dona i la ciència 21-22</a></p>
<p style="text-align: justify;"><a href="https://agora.xtec.cat/ceipjoanotalisanda/projectes/setmana-de/la-setmana-de-la-vida-submarina/" target="_blank" rel="noopener">Setmana de la vida submarina 22-23 ODS 14</a></p>
<p><a href="https://agora.xtec.cat/ceipjoanotalisanda/projectes/setmana-de/setmana-de-la-fam-0/" target="_blank" rel="noopener">Setmana de la Fam 0 23-24</a></p>

<p>Cada curs tota l&#8217;escola dediquem una setmana a treballar conjuntament un tema. Aquests temes es preparen i s&#8217;adeqüen als diferents nivells i característiques de l&#8217;alumnat. Realitzem experiències vivencials, imaginatives i interactives que aporten coneixement, però també fomenten la cooperació entre l&#8217;alumnat del grup i entre&hellip;  <a href="https://agora.xtec.cat/ceipjoanotalisanda/projectes/setmana-de/" title="Read Setmana de &#8230;">Llegeix més»</a></p>
