{"id":704,"date":"2017-01-19T15:42:02","date_gmt":"2017-01-19T14:42:02","guid":{"rendered":"http:\/\/agora.xtec.cat\/ceipjoanotalisanda\/?page_id=704"},"modified":"2024-02-29T13:31:09","modified_gmt":"2024-02-29T12:31:09","slug":"nadal","status":"publish","type":"page","link":"https:\/\/agora.xtec.cat\/ceipjoanotalisanda\/festes-i-projectes-descola\/nadal\/","title":{"rendered":"Nadal"},"content":{"rendered":"<p style=\"text-align: justify;\">El Nadal \u00e9s un moment m\u00e0gic per als nens i nenes. Els infants esperen aquestes dates amb molta il\u00b7lusi\u00f3. Un cop m\u00e9s, les fam\u00edlies ens reunim al voltant de la taula i compartim bones estones.<\/p>\n<p style=\"text-align: justify;\">A Educaci\u00f3 Infantil i Cicle Inicial fem &#8220;Cagar el Ti\u00f3&#8221;. Els padrins\/es de quart amb els fillols i filloles d&#8217;EI3 el van a buscar. Tota la colla al bosc de Can Deu preparats per a buscar al ti\u00f3&#8230; On s&#8217;haur\u00e0 amagat? Sort que els padrins i les padrines ens preparen &#8220;pistes&#8221;. Un cop l&#8217;hem trobat el portem a l&#8217;escola i li donem menjar. Quan ja \u00e9s ben gros&#8230;. Cantem la can\u00e7\u00f3 i cop de bast\u00f3 !\u00a0 A veure qu\u00e8 surt!<\/p>\n<p style=\"text-align: justify;\"><a href=\"https:\/\/agora.xtec.cat\/ceipjoanotalisanda\/wp-content\/uploads\/usu1478\/2024\/02\/IMG_20231204_110112.jpg\"><img loading=\"lazy\" decoding=\"async\" class=\"aligncenter size-full wp-image-19697\" src=\"https:\/\/agora.xtec.cat\/ceipjoanotalisanda\/wp-content\/uploads\/usu1478\/2024\/02\/IMG_20231204_110112.jpg\" alt=\"\" width=\"984\" height=\"555\" srcset=\"https:\/\/agora.xtec.cat\/ceipjoanotalisanda\/wp-content\/uploads\/usu1478\/2024\/02\/IMG_20231204_110112.jpg 984w, https:\/\/agora.xtec.cat\/ceipjoanotalisanda\/wp-content\/uploads\/usu1478\/2024\/02\/IMG_20231204_110112-300x169.jpg 300w, https:\/\/agora.xtec.cat\/ceipjoanotalisanda\/wp-content\/uploads\/usu1478\/2024\/02\/IMG_20231204_110112-768x433.jpg 768w\" sizes=\"auto, (max-width: 984px) 100vw, 984px\" \/><\/a><\/p>\n<p style=\"text-align: justify;\">Tot l&#8217;alumnat ha estat assajant Nadales per al dia del Concert de Nadal. Les fam\u00edlies poden assistir i veure com els seus fills i filles ho fan molt i molt b\u00e9!<\/p>\n","protected":false},"excerpt":{"rendered":"<p>El Nadal \u00e9s un moment m\u00e0gic per als nens i nenes. Els infants esperen aquestes dates amb molta il\u00b7lusi\u00f3. Un cop m\u00e9s, les fam\u00edlies ens reunim al voltant de la taula i compartim bones estones.<br \/>\nA Educaci\u00f3 Infantil i Cicle Inicial fem &#8220;Cagar el Ti\u00f3&#8221;. Els&hellip;  <a href=\"https:\/\/agora.xtec.cat\/ceipjoanotalisanda\/festes-i-projectes-descola\/nadal\/\" title=\"Read Nadal\">Llegeix m\u00e9s\u00bb<\/a><\/p>\n","protected":false},"author":1,"featured_media":0,"parent":608,"menu_order":0,"comment_status":"closed","ping_status":"closed","template":"page-templates\/side-menu.php","meta":{"_bbp_topic_count":0,"_bbp_reply_count":0,"_bbp_total_topic_count":0,"_bbp_total_reply_count":0,"_bbp_voice_count":0,"_bbp_anonymous_reply_count":0,"_bbp_topic_count_hidden":0,"_bbp_reply_count_hidden":0,"_bbp_forum_subforum_count":0,"footnotes":""},"class_list":["post-704","page","type-page","status-publish","hentry"],"post_mailing_queue_ids":[],"_links":{"self":[{"href":"https:\/\/agora.xtec.cat\/ceipjoanotalisanda\/wp-json\/wp\/v2\/pages\/704","targetHints":{"allow":["GET"]}}],"collection":[{"href":"https:\/\/agora.xtec.cat\/ceipjoanotalisanda\/wp-json\/wp\/v2\/pages"}],"about":[{"href":"https:\/\/agora.xtec.cat\/ceipjoanotalisanda\/wp-json\/wp\/v2\/types\/page"}],"author":[{"embeddable":true,"href":"https:\/\/agora.xtec.cat\/ceipjoanotalisanda\/wp-json\/wp\/v2\/users\/1"}],"replies":[{"embeddable":true,"href":"https:\/\/agora.xtec.cat\/ceipjoanotalisanda\/wp-json\/wp\/v2\/comments?post=704"}],"version-history":[{"count":6,"href":"https:\/\/agora.xtec.cat\/ceipjoanotalisanda\/wp-json\/wp\/v2\/pages\/704\/revisions"}],"predecessor-version":[{"id":19698,"href":"https:\/\/agora.xtec.cat\/ceipjoanotalisanda\/wp-json\/wp\/v2\/pages\/704\/revisions\/19698"}],"up":[{"embeddable":true,"href":"https:\/\/agora.xtec.cat\/ceipjoanotalisanda\/wp-json\/wp\/v2\/pages\/608"}],"wp:attachment":[{"href":"https:\/\/agora.xtec.cat\/ceipjoanotalisanda\/wp-json\/wp\/v2\/media?parent=704"}],"curies":[{"name":"wp","href":"https:\/\/api.w.org\/{rel}","templated":true}]}}

<p style="text-align: justify;">El Nadal és un moment màgic per als nens i nenes. Els infants esperen aquestes dates amb molta il·lusió. Un cop més, les famílies ens reunim al voltant de la taula i compartim bones estones.</p>
<p style="text-align: justify;">A Educació Infantil i Cicle Inicial fem &#8220;Cagar el Tió&#8221;. Els padrins/es de quart amb els fillols i filloles d&#8217;EI3 el van a buscar. Tota la colla al bosc de Can Deu preparats per a buscar al tió&#8230; On s&#8217;haurà amagat? Sort que els padrins i les padrines ens preparen &#8220;pistes&#8221;. Un cop l&#8217;hem trobat el portem a l&#8217;escola i li donem menjar. Quan ja és ben gros&#8230;. Cantem la cançó i cop de bastó !  A veure què surt!</p>
<p style="text-align: justify;"><a href="https://agora.xtec.cat/ceipjoanotalisanda/wp-content/uploads/usu1478/2024/02/IMG_20231204_110112.jpg"><img loading="lazy" decoding="async" class="aligncenter size-full wp-image-19697" src="https://agora.xtec.cat/ceipjoanotalisanda/wp-content/uploads/usu1478/2024/02/IMG_20231204_110112.jpg" alt="" width="984" height="555" srcset="https://agora.xtec.cat/ceipjoanotalisanda/wp-content/uploads/usu1478/2024/02/IMG_20231204_110112.jpg 984w, https://agora.xtec.cat/ceipjoanotalisanda/wp-content/uploads/usu1478/2024/02/IMG_20231204_110112-300x169.jpg 300w, https://agora.xtec.cat/ceipjoanotalisanda/wp-content/uploads/usu1478/2024/02/IMG_20231204_110112-768x433.jpg 768w" sizes="auto, (max-width: 984px) 100vw, 984px" /></a></p>
<p style="text-align: justify;">Tot l&#8217;alumnat ha estat assajant Nadales per al dia del Concert de Nadal. Les famílies poden assistir i veure com els seus fills i filles ho fan molt i molt bé!</p>

<p>El Nadal és un moment màgic per als nens i nenes. Els infants esperen aquestes dates amb molta il·lusió. Un cop més, les famílies ens reunim al voltant de la taula i compartim bones estones.<br />
A Educació Infantil i Cicle Inicial fem &#8220;Cagar el Tió&#8221;. Els&hellip;  <a href="https://agora.xtec.cat/ceipjoanotalisanda/festes-i-projectes-descola/nadal/" title="Read Nadal">Llegeix més»</a></p>
