{"id":700,"date":"2017-01-19T15:33:10","date_gmt":"2017-01-19T14:33:10","guid":{"rendered":"http:\/\/agora.xtec.cat\/ceipjoanotalisanda\/?page_id=700"},"modified":"2024-02-02T20:19:37","modified_gmt":"2024-02-02T19:19:37","slug":"castanyada","status":"publish","type":"page","link":"https:\/\/agora.xtec.cat\/ceipjoanotalisanda\/festes-i-projectes-descola\/castanyada\/","title":{"rendered":"Castanyada"},"content":{"rendered":"<p>La Castanyera ens visita cada tardor, als\/les alumnes d&#8217;Educaci\u00f3 Infantil els fa molt\u00edssima il\u00b7lusi\u00f3 con\u00e8ixer-la, sobretot despr\u00e9s d&#8217;haver treballat el conte a classe.<\/p>\n<p><a href=\"http:\/\/agora.xtec.cat\/ceipjoanotalisanda\/wp-content\/uploads\/usu1478\/2017\/01\/IMG_3153-1-e1509476021740.jpg\"><img loading=\"lazy\" decoding=\"async\" class=\"wp-image-1288 alignnone\" src=\"http:\/\/agora.xtec.cat\/ceipjoanotalisanda\/wp-content\/uploads\/usu1478\/2017\/01\/IMG_3153-1-e1509476021740.jpg\" alt=\"\" width=\"246\" height=\"328\" srcset=\"https:\/\/agora.xtec.cat\/ceipjoanotalisanda\/wp-content\/uploads\/usu1478\/2017\/01\/IMG_3153-1-e1509476021740.jpg 480w, https:\/\/agora.xtec.cat\/ceipjoanotalisanda\/wp-content\/uploads\/usu1478\/2017\/01\/IMG_3153-1-e1509476021740-225x300.jpg 225w\" sizes=\"auto, (max-width: 246px) 100vw, 246px\" \/><\/a><a href=\"https:\/\/agora.xtec.cat\/ceipjoanotalisanda\/wp-content\/uploads\/usu1478\/2024\/02\/castanyada.png\"><img loading=\"lazy\" decoding=\"async\" class=\"wp-image-19470 size-medium alignleft\" src=\"https:\/\/agora.xtec.cat\/ceipjoanotalisanda\/wp-content\/uploads\/usu1478\/2024\/02\/castanyada-300x196.png\" alt=\"\" width=\"300\" height=\"196\" srcset=\"https:\/\/agora.xtec.cat\/ceipjoanotalisanda\/wp-content\/uploads\/usu1478\/2024\/02\/castanyada-300x196.png 300w, https:\/\/agora.xtec.cat\/ceipjoanotalisanda\/wp-content\/uploads\/usu1478\/2024\/02\/castanyada.png 403w\" sizes=\"auto, (max-width: 300px) 100vw, 300px\" \/><\/a><\/p>\n<p>&nbsp;<\/p>\n<p>&nbsp;<\/p>\n<p style=\"text-align: justify;\">L&#8217;alumnat de 6\u00e8 cada curs prepara Jocs per a la resta de nens i nenes de l&#8217;escola. A la tarda, hi juguen acompanyats\/des de les seves fam\u00edlies que venen a l&#8217;escola a celebrar la Castanyada menjant castanyes torrades i pastissos bon\u00edssims que han fet des de casa.<\/p>\n<p><a href=\"http:\/\/agora.xtec.cat\/ceipjoanotalisanda\/wp-content\/uploads\/usu1478\/2017\/01\/100_7046.jpg\"><img loading=\"lazy\" decoding=\"async\" class=\"alignleft wp-image-1313 size-medium\" src=\"https:\/\/agora.xtec.cat\/ceipjoanotalisanda\/wp-content\/uploads\/usu1478\/2017\/01\/100_7046-300x225.jpg\" alt=\"\" width=\"300\" height=\"225\" srcset=\"https:\/\/agora.xtec.cat\/ceipjoanotalisanda\/wp-content\/uploads\/usu1478\/2017\/01\/100_7046-300x225.jpg 300w, https:\/\/agora.xtec.cat\/ceipjoanotalisanda\/wp-content\/uploads\/usu1478\/2017\/01\/100_7046-768x576.jpg 768w, https:\/\/agora.xtec.cat\/ceipjoanotalisanda\/wp-content\/uploads\/usu1478\/2017\/01\/100_7046-1024x768.jpg 1024w, https:\/\/agora.xtec.cat\/ceipjoanotalisanda\/wp-content\/uploads\/usu1478\/2017\/01\/100_7046-200x150.jpg 200w, https:\/\/agora.xtec.cat\/ceipjoanotalisanda\/wp-content\/uploads\/usu1478\/2017\/01\/100_7046.jpg 2048w\" sizes=\"auto, (max-width: 300px) 100vw, 300px\" \/><\/a><a href=\"https:\/\/agora.xtec.cat\/ceipjoanotalisanda\/wp-content\/uploads\/usu1478\/2024\/02\/IMG_7198.jpg\"><img loading=\"lazy\" decoding=\"async\" class=\"wp-image-19481 size-medium alignleft\" src=\"https:\/\/agora.xtec.cat\/ceipjoanotalisanda\/wp-content\/uploads\/usu1478\/2024\/02\/IMG_7198-225x300.jpg\" alt=\"\" width=\"225\" height=\"300\" srcset=\"https:\/\/agora.xtec.cat\/ceipjoanotalisanda\/wp-content\/uploads\/usu1478\/2024\/02\/IMG_7198-225x300.jpg 225w, https:\/\/agora.xtec.cat\/ceipjoanotalisanda\/wp-content\/uploads\/usu1478\/2024\/02\/IMG_7198.jpg 545w\" sizes=\"auto, (max-width: 225px) 100vw, 225px\" \/> <\/a><a href=\"https:\/\/agora.xtec.cat\/ceipjoanotalisanda\/wp-content\/uploads\/usu1478\/2024\/02\/IMG_7187.jpg\"><img loading=\"lazy\" decoding=\"async\" class=\"wp-image-19482 size-medium alignright\" src=\"https:\/\/agora.xtec.cat\/ceipjoanotalisanda\/wp-content\/uploads\/usu1478\/2024\/02\/IMG_7187-225x300.jpg\" alt=\"\" width=\"225\" height=\"300\" srcset=\"https:\/\/agora.xtec.cat\/ceipjoanotalisanda\/wp-content\/uploads\/usu1478\/2024\/02\/IMG_7187-225x300.jpg 225w, https:\/\/agora.xtec.cat\/ceipjoanotalisanda\/wp-content\/uploads\/usu1478\/2024\/02\/IMG_7187-768x1023.jpg 768w, https:\/\/agora.xtec.cat\/ceipjoanotalisanda\/wp-content\/uploads\/usu1478\/2024\/02\/IMG_7187.jpg 908w\" sizes=\"auto, (max-width: 225px) 100vw, 225px\" \/><\/a><\/p>\n<p><a href=\"http:\/\/agora.xtec.cat\/ceipjoanotalisanda\/wp-content\/uploads\/usu1478\/2017\/01\/20161027_160642.jpg\">\u00a0<\/a><\/p>\n","protected":false},"excerpt":{"rendered":"<p>La Castanyera ens visita cada tardor, als\/les alumnes d&#8217;Educaci\u00f3 Infantil els fa molt\u00edssima il\u00b7lusi\u00f3 con\u00e8ixer-la, sobretot despr\u00e9s d&#8217;haver treballat el conte a classe.<br \/>\n<a href=\"http:\/\/agora.xtec.cat\/ceipjoanotalisanda\/wp-content\/uploads\/usu1478\/2017\/01\/IMG_3153-1-e1509476021740.jpg\"><\/a><a href=\"https:\/\/agora.xtec.cat\/ceipjoanotalisanda\/wp-content\/uploads\/usu1478\/2024\/02\/castanyada.png\"><\/a><br \/>\n&nbsp;<br \/>\n&nbsp;<br \/>\nL&#8217;alumnat de 6\u00e8 cada curs prepara Jocs per a la resta de nens i nenes de l&#8217;escola. A la tarda, hi&hellip;  <a href=\"https:\/\/agora.xtec.cat\/ceipjoanotalisanda\/festes-i-projectes-descola\/castanyada\/\" title=\"Read Castanyada\">Llegeix m\u00e9s\u00bb<\/a><\/p>\n","protected":false},"author":1,"featured_media":0,"parent":608,"menu_order":0,"comment_status":"closed","ping_status":"closed","template":"page-templates\/side-menu.php","meta":{"_bbp_topic_count":0,"_bbp_reply_count":0,"_bbp_total_topic_count":0,"_bbp_total_reply_count":0,"_bbp_voice_count":0,"_bbp_anonymous_reply_count":0,"_bbp_topic_count_hidden":0,"_bbp_reply_count_hidden":0,"_bbp_forum_subforum_count":0,"footnotes":""},"class_list":["post-700","page","type-page","status-publish","hentry"],"post_mailing_queue_ids":[],"_links":{"self":[{"href":"https:\/\/agora.xtec.cat\/ceipjoanotalisanda\/wp-json\/wp\/v2\/pages\/700","targetHints":{"allow":["GET"]}}],"collection":[{"href":"https:\/\/agora.xtec.cat\/ceipjoanotalisanda\/wp-json\/wp\/v2\/pages"}],"about":[{"href":"https:\/\/agora.xtec.cat\/ceipjoanotalisanda\/wp-json\/wp\/v2\/types\/page"}],"author":[{"embeddable":true,"href":"https:\/\/agora.xtec.cat\/ceipjoanotalisanda\/wp-json\/wp\/v2\/users\/1"}],"replies":[{"embeddable":true,"href":"https:\/\/agora.xtec.cat\/ceipjoanotalisanda\/wp-json\/wp\/v2\/comments?post=700"}],"version-history":[{"count":6,"href":"https:\/\/agora.xtec.cat\/ceipjoanotalisanda\/wp-json\/wp\/v2\/pages\/700\/revisions"}],"predecessor-version":[{"id":19484,"href":"https:\/\/agora.xtec.cat\/ceipjoanotalisanda\/wp-json\/wp\/v2\/pages\/700\/revisions\/19484"}],"up":[{"embeddable":true,"href":"https:\/\/agora.xtec.cat\/ceipjoanotalisanda\/wp-json\/wp\/v2\/pages\/608"}],"wp:attachment":[{"href":"https:\/\/agora.xtec.cat\/ceipjoanotalisanda\/wp-json\/wp\/v2\/media?parent=700"}],"curies":[{"name":"wp","href":"https:\/\/api.w.org\/{rel}","templated":true}]}}

<p>La Castanyera ens visita cada tardor, als/les alumnes d&#8217;Educació Infantil els fa moltíssima il·lusió conèixer-la, sobretot després d&#8217;haver treballat el conte a classe.</p>
<p><a href="http://agora.xtec.cat/ceipjoanotalisanda/wp-content/uploads/usu1478/2017/01/IMG_3153-1-e1509476021740.jpg"><img loading="lazy" decoding="async" class="wp-image-1288 alignnone" src="http://agora.xtec.cat/ceipjoanotalisanda/wp-content/uploads/usu1478/2017/01/IMG_3153-1-e1509476021740.jpg" alt="" width="246" height="328" srcset="https://agora.xtec.cat/ceipjoanotalisanda/wp-content/uploads/usu1478/2017/01/IMG_3153-1-e1509476021740.jpg 480w, https://agora.xtec.cat/ceipjoanotalisanda/wp-content/uploads/usu1478/2017/01/IMG_3153-1-e1509476021740-225x300.jpg 225w" sizes="auto, (max-width: 246px) 100vw, 246px" /></a><a href="https://agora.xtec.cat/ceipjoanotalisanda/wp-content/uploads/usu1478/2024/02/castanyada.png"><img loading="lazy" decoding="async" class="wp-image-19470 size-medium alignleft" src="https://agora.xtec.cat/ceipjoanotalisanda/wp-content/uploads/usu1478/2024/02/castanyada-300x196.png" alt="" width="300" height="196" srcset="https://agora.xtec.cat/ceipjoanotalisanda/wp-content/uploads/usu1478/2024/02/castanyada-300x196.png 300w, https://agora.xtec.cat/ceipjoanotalisanda/wp-content/uploads/usu1478/2024/02/castanyada.png 403w" sizes="auto, (max-width: 300px) 100vw, 300px" /></a></p>
<p>&nbsp;</p>
<p>&nbsp;</p>
<p style="text-align: justify;">L&#8217;alumnat de 6è cada curs prepara Jocs per a la resta de nens i nenes de l&#8217;escola. A la tarda, hi juguen acompanyats/des de les seves famílies que venen a l&#8217;escola a celebrar la Castanyada menjant castanyes torrades i pastissos boníssims que han fet des de casa.</p>
<p><a href="http://agora.xtec.cat/ceipjoanotalisanda/wp-content/uploads/usu1478/2017/01/100_7046.jpg"><img loading="lazy" decoding="async" class="alignleft wp-image-1313 size-medium" src="https://agora.xtec.cat/ceipjoanotalisanda/wp-content/uploads/usu1478/2017/01/100_7046-300x225.jpg" alt="" width="300" height="225" srcset="https://agora.xtec.cat/ceipjoanotalisanda/wp-content/uploads/usu1478/2017/01/100_7046-300x225.jpg 300w, https://agora.xtec.cat/ceipjoanotalisanda/wp-content/uploads/usu1478/2017/01/100_7046-768x576.jpg 768w, https://agora.xtec.cat/ceipjoanotalisanda/wp-content/uploads/usu1478/2017/01/100_7046-1024x768.jpg 1024w, https://agora.xtec.cat/ceipjoanotalisanda/wp-content/uploads/usu1478/2017/01/100_7046-200x150.jpg 200w, https://agora.xtec.cat/ceipjoanotalisanda/wp-content/uploads/usu1478/2017/01/100_7046.jpg 2048w" sizes="auto, (max-width: 300px) 100vw, 300px" /></a><a href="https://agora.xtec.cat/ceipjoanotalisanda/wp-content/uploads/usu1478/2024/02/IMG_7198.jpg"><img loading="lazy" decoding="async" class="wp-image-19481 size-medium alignleft" src="https://agora.xtec.cat/ceipjoanotalisanda/wp-content/uploads/usu1478/2024/02/IMG_7198-225x300.jpg" alt="" width="225" height="300" srcset="https://agora.xtec.cat/ceipjoanotalisanda/wp-content/uploads/usu1478/2024/02/IMG_7198-225x300.jpg 225w, https://agora.xtec.cat/ceipjoanotalisanda/wp-content/uploads/usu1478/2024/02/IMG_7198.jpg 545w" sizes="auto, (max-width: 225px) 100vw, 225px" /> </a><a href="https://agora.xtec.cat/ceipjoanotalisanda/wp-content/uploads/usu1478/2024/02/IMG_7187.jpg"><img loading="lazy" decoding="async" class="wp-image-19482 size-medium alignright" src="https://agora.xtec.cat/ceipjoanotalisanda/wp-content/uploads/usu1478/2024/02/IMG_7187-225x300.jpg" alt="" width="225" height="300" srcset="https://agora.xtec.cat/ceipjoanotalisanda/wp-content/uploads/usu1478/2024/02/IMG_7187-225x300.jpg 225w, https://agora.xtec.cat/ceipjoanotalisanda/wp-content/uploads/usu1478/2024/02/IMG_7187-768x1023.jpg 768w, https://agora.xtec.cat/ceipjoanotalisanda/wp-content/uploads/usu1478/2024/02/IMG_7187.jpg 908w" sizes="auto, (max-width: 225px) 100vw, 225px" /></a></p>
<p><a href="http://agora.xtec.cat/ceipjoanotalisanda/wp-content/uploads/usu1478/2017/01/20161027_160642.jpg"> </a></p>

<p>La Castanyera ens visita cada tardor, als/les alumnes d&#8217;Educació Infantil els fa moltíssima il·lusió conèixer-la, sobretot després d&#8217;haver treballat el conte a classe.<br />
<a href="http://agora.xtec.cat/ceipjoanotalisanda/wp-content/uploads/usu1478/2017/01/IMG_3153-1-e1509476021740.jpg"></a><a href="https://agora.xtec.cat/ceipjoanotalisanda/wp-content/uploads/usu1478/2024/02/castanyada.png"></a><br />
&nbsp;<br />
&nbsp;<br />
L&#8217;alumnat de 6è cada curs prepara Jocs per a la resta de nens i nenes de l&#8217;escola. A la tarda, hi&hellip;  <a href="https://agora.xtec.cat/ceipjoanotalisanda/festes-i-projectes-descola/castanyada/" title="Read Castanyada">Llegeix més»</a></p>
