{"id":608,"date":"2016-10-20T18:34:25","date_gmt":"2016-10-20T16:34:25","guid":{"rendered":"http:\/\/agora.xtec.cat\/ceipjoanotalisanda\/?page_id=608"},"modified":"2024-01-15T22:49:25","modified_gmt":"2024-01-15T21:49:25","slug":"festes-i-projectes-descola","status":"publish","type":"page","link":"https:\/\/agora.xtec.cat\/ceipjoanotalisanda\/festes-i-projectes-descola\/","title":{"rendered":"Festes  d&#8217;escola"},"content":{"rendered":"<p style=\"text-align: justify;\">L&#8217;escola Joanot Alisanda \u00e9s una escola amb tradicions. Ens agrada celebrar les festes i tradicions pr\u00f2pies de Catalunya. Formen part de la nostra identitat alhora que intenten fomentar la participaci\u00f3 de tota la comunitat educativa. Algunes d&#8217;aquestes s\u00f3n la Castanyada, el concert de Nadal, els Jocs Florals per Sant Jordi i la festa Major com a cloenda de final de curs.<\/p>\n<p><a href=\"http:\/\/agora.xtec.cat\/ceipjoanotalisanda\/wp-content\/uploads\/usu1478\/2016\/10\/gegants-e1479893553782.jpg\"><img loading=\"lazy\" decoding=\"async\" class=\"wp-image-685 aligncenter\" src=\"http:\/\/agora.xtec.cat\/ceipjoanotalisanda\/wp-content\/uploads\/usu1478\/2016\/10\/gegants-e1479893553782.jpg\" alt=\"gegants\" width=\"367\" height=\"275\" \/><\/a><\/p>\n<p style=\"text-align: justify;\">\n","protected":false},"excerpt":{"rendered":"<p>L&#8217;escola Joanot Alisanda \u00e9s una escola amb tradicions. Ens agrada celebrar les festes i tradicions pr\u00f2pies de Catalunya. Formen part de la nostra identitat alhora que intenten fomentar la participaci\u00f3 de tota la comunitat educativa. Algunes d&#8217;aquestes s\u00f3n la Castanyada, el concert de Nadal, els&hellip;  <a href=\"https:\/\/agora.xtec.cat\/ceipjoanotalisanda\/festes-i-projectes-descola\/\" title=\"Read Festes  d&#8217;escola\">Llegeix m\u00e9s\u00bb<\/a><\/p>\n","protected":false},"author":1,"featured_media":0,"parent":0,"menu_order":0,"comment_status":"closed","ping_status":"closed","template":"page-templates\/side-menu.php","meta":{"_bbp_topic_count":0,"_bbp_reply_count":0,"_bbp_total_topic_count":0,"_bbp_total_reply_count":0,"_bbp_voice_count":0,"_bbp_anonymous_reply_count":0,"_bbp_topic_count_hidden":0,"_bbp_reply_count_hidden":0,"_bbp_forum_subforum_count":0,"footnotes":""},"class_list":["post-608","page","type-page","status-publish","hentry"],"post_mailing_queue_ids":[],"_links":{"self":[{"href":"https:\/\/agora.xtec.cat\/ceipjoanotalisanda\/wp-json\/wp\/v2\/pages\/608","targetHints":{"allow":["GET"]}}],"collection":[{"href":"https:\/\/agora.xtec.cat\/ceipjoanotalisanda\/wp-json\/wp\/v2\/pages"}],"about":[{"href":"https:\/\/agora.xtec.cat\/ceipjoanotalisanda\/wp-json\/wp\/v2\/types\/page"}],"author":[{"embeddable":true,"href":"https:\/\/agora.xtec.cat\/ceipjoanotalisanda\/wp-json\/wp\/v2\/users\/1"}],"replies":[{"embeddable":true,"href":"https:\/\/agora.xtec.cat\/ceipjoanotalisanda\/wp-json\/wp\/v2\/comments?post=608"}],"version-history":[{"count":5,"href":"https:\/\/agora.xtec.cat\/ceipjoanotalisanda\/wp-json\/wp\/v2\/pages\/608\/revisions"}],"predecessor-version":[{"id":19292,"href":"https:\/\/agora.xtec.cat\/ceipjoanotalisanda\/wp-json\/wp\/v2\/pages\/608\/revisions\/19292"}],"wp:attachment":[{"href":"https:\/\/agora.xtec.cat\/ceipjoanotalisanda\/wp-json\/wp\/v2\/media?parent=608"}],"curies":[{"name":"wp","href":"https:\/\/api.w.org\/{rel}","templated":true}]}}

<p style="text-align: justify;">L&#8217;escola Joanot Alisanda és una escola amb tradicions. Ens agrada celebrar les festes i tradicions pròpies de Catalunya. Formen part de la nostra identitat alhora que intenten fomentar la participació de tota la comunitat educativa. Algunes d&#8217;aquestes són la Castanyada, el concert de Nadal, els Jocs Florals per Sant Jordi i la festa Major com a cloenda de final de curs.</p>
<p><a href="http://agora.xtec.cat/ceipjoanotalisanda/wp-content/uploads/usu1478/2016/10/gegants-e1479893553782.jpg"><img loading="lazy" decoding="async" class="wp-image-685 aligncenter" src="http://agora.xtec.cat/ceipjoanotalisanda/wp-content/uploads/usu1478/2016/10/gegants-e1479893553782.jpg" alt="gegants" width="367" height="275" /></a></p>
<p style="text-align: justify;">

<p>L&#8217;escola Joanot Alisanda és una escola amb tradicions. Ens agrada celebrar les festes i tradicions pròpies de Catalunya. Formen part de la nostra identitat alhora que intenten fomentar la participació de tota la comunitat educativa. Algunes d&#8217;aquestes són la Castanyada, el concert de Nadal, els&hellip;  <a href="https://agora.xtec.cat/ceipjoanotalisanda/festes-i-projectes-descola/" title="Read Festes  d&#8217;escola">Llegeix més»</a></p>
