{"id":528,"date":"2016-10-16T22:10:57","date_gmt":"2016-10-16T20:10:57","guid":{"rendered":"http:\/\/agora.xtec.cat\/ceipjoanotalisanda\/?page_id=528"},"modified":"2026-04-29T10:28:12","modified_gmt":"2026-04-29T08:28:12","slug":"httpwww-calameo-comread004853826ee25eaaf2795","status":"publish","type":"page","link":"https:\/\/agora.xtec.cat\/ceipjoanotalisanda\/","title":{"rendered":"PREINSCRIPCI\u00d3 26-27"},"content":{"rendered":"<p><a href=\"https:\/\/agora.xtec.cat\/ceipjoanotalisanda\/wp-content\/uploads\/usu1478\/2026\/04\/unnamed.png\"><img loading=\"lazy\" decoding=\"async\" class=\"aligncenter size-medium wp-image-21744\" src=\"https:\/\/agora.xtec.cat\/ceipjoanotalisanda\/wp-content\/uploads\/usu1478\/2026\/04\/unnamed-240x300.png\" alt=\"\" width=\"240\" height=\"300\" srcset=\"https:\/\/agora.xtec.cat\/ceipjoanotalisanda\/wp-content\/uploads\/usu1478\/2026\/04\/unnamed-240x300.png 240w, https:\/\/agora.xtec.cat\/ceipjoanotalisanda\/wp-content\/uploads\/usu1478\/2026\/04\/unnamed.png 544w\" sizes=\"auto, (max-width: 240px) 100vw, 240px\" \/><\/a>Publicaci\u00f3 <a href=\"https:\/\/drive.google.com\/file\/d\/1zuR7REjthFnYMQoBf6pn8_68BhE4SOJ9\/view?usp=sharing\">OFERTA INICIAL .\u00a0<\/a><\/p>\n<ul>\n<li><em>Trobareu informaci\u00f3 sobre la preinscripci\u00f3 26-27 a la web del Departament d&#8217;educaci\u00f3:<\/em> <a href=\"https:\/\/preinscripcio.gencat.cat\/ca\/detalls\/noticia\/dates-preinscripcio-2026-2027\">Preinscripci\u00f3 26-27<\/a><\/li>\n<\/ul>\n<p>Us adjuntem el <a href=\"https:\/\/drive.google.com\/file\/d\/12DC9kFl9fqAcMnbwAUziIFqkCwHdlD5W\/view?usp=sharing\">link<\/a> amb la informaci\u00f3 de xerrades per part de l&#8217;AJUNTAMENT de SABADELL<\/p>\n<p>Aqu\u00ed teniu l&#8217;<a href=\"https:\/\/view.genially.com\/697cc5fbfef20db612b2496a\/presentation-portes-obertes-26\">enlla\u00e7 a la presentaci\u00f3<\/a>.<\/p>\n<p><a href=\"https:\/\/drive.google.com\/file\/d\/1XdswSDqaD-yegZV0lQbDtGGn74RlwZNj\/view?usp=sharing\">LLista de sol.licituds amb la puntuaci\u00f3 provisional.\u00a0<\/a><\/p>\n<p><a href=\"https:\/\/drive.google.com\/file\/d\/1JOPUSO4-7x4SM8XDyOe-gAVBCD92DXBW\/view?usp=sharing\">LLista de sol.licituds un cop resoltes les reclamacions.\u00a0<\/a><\/p>\n<p><a href=\"https:\/\/drive.google.com\/file\/d\/1MKRS4Nlphz0D_4txv5xdDnC4e-9rHDxI\/view?usp=sharing\">LLISTA ORDENADA DEFINITIVA <\/a><\/p>\n","protected":false},"excerpt":{"rendered":"<p><a href=\"https:\/\/agora.xtec.cat\/ceipjoanotalisanda\/wp-content\/uploads\/usu1478\/2026\/04\/unnamed.png\"><\/a>Publicaci\u00f3 <a href=\"https:\/\/drive.google.com\/file\/d\/1zuR7REjthFnYMQoBf6pn8_68BhE4SOJ9\/view?usp=sharing\">OFERTA INICIAL .\u00a0<\/a><\/p>\n<ul>\n<li>Trobareu informaci\u00f3 sobre la preinscripci\u00f3 26-27 a la web del Departament d&#8217;educaci\u00f3: <a href=\"https:\/\/preinscripcio.gencat.cat\/ca\/detalls\/noticia\/dates-preinscripcio-2026-2027\">Preinscripci\u00f3 26-27<\/a><\/li>\n<\/ul>\n<p>Us adjuntem el <a href=\"https:\/\/drive.google.com\/file\/d\/12DC9kFl9fqAcMnbwAUziIFqkCwHdlD5W\/view?usp=sharing\">link<\/a> amb la informaci\u00f3 de xerrades per part de l&#8217;AJUNTAMENT de SABADELL<br \/>\nAqu\u00ed teniu l&#8217;<a href=\"https:\/\/view.genially.com\/697cc5fbfef20db612b2496a\/presentation-portes-obertes-26\">enlla\u00e7 a la presentaci\u00f3<\/a>.<br \/>\n<a href=\"https:\/\/drive.google.com\/file\/d\/1XdswSDqaD-yegZV0lQbDtGGn74RlwZNj\/view?usp=sharing\">LLista de sol.licituds amb&hellip;  <a href=\"https:\/\/agora.xtec.cat\/ceipjoanotalisanda\/\" title=\"Read PREINSCRIPCI\u00d3 26-27\">Llegeix m\u00e9s\u00bb<\/a><\/p>\n","protected":false},"author":1,"featured_media":0,"parent":531,"menu_order":0,"comment_status":"closed","ping_status":"closed","template":"page-templates\/side-menu.php","meta":{"_bbp_topic_count":0,"_bbp_reply_count":0,"_bbp_total_topic_count":0,"_bbp_total_reply_count":0,"_bbp_voice_count":0,"_bbp_anonymous_reply_count":0,"_bbp_topic_count_hidden":0,"_bbp_reply_count_hidden":0,"_bbp_forum_subforum_count":0,"footnotes":""},"class_list":["post-528","page","type-page","status-publish","hentry"],"post_mailing_queue_ids":[],"_links":{"self":[{"href":"https:\/\/agora.xtec.cat\/ceipjoanotalisanda\/wp-json\/wp\/v2\/pages\/528","targetHints":{"allow":["GET"]}}],"collection":[{"href":"https:\/\/agora.xtec.cat\/ceipjoanotalisanda\/wp-json\/wp\/v2\/pages"}],"about":[{"href":"https:\/\/agora.xtec.cat\/ceipjoanotalisanda\/wp-json\/wp\/v2\/types\/page"}],"author":[{"embeddable":true,"href":"https:\/\/agora.xtec.cat\/ceipjoanotalisanda\/wp-json\/wp\/v2\/users\/1"}],"replies":[{"embeddable":true,"href":"https:\/\/agora.xtec.cat\/ceipjoanotalisanda\/wp-json\/wp\/v2\/comments?post=528"}],"version-history":[{"count":7,"href":"https:\/\/agora.xtec.cat\/ceipjoanotalisanda\/wp-json\/wp\/v2\/pages\/528\/revisions"}],"predecessor-version":[{"id":21746,"href":"https:\/\/agora.xtec.cat\/ceipjoanotalisanda\/wp-json\/wp\/v2\/pages\/528\/revisions\/21746"}],"up":[{"embeddable":true,"href":"https:\/\/agora.xtec.cat\/ceipjoanotalisanda\/wp-json\/wp\/v2\/pages\/531"}],"wp:attachment":[{"href":"https:\/\/agora.xtec.cat\/ceipjoanotalisanda\/wp-json\/wp\/v2\/media?parent=528"}],"curies":[{"name":"wp","href":"https:\/\/api.w.org\/{rel}","templated":true}]}}