{"id":30,"date":"2014-09-18T12:30:23","date_gmt":"2014-09-18T11:30:23","guid":{"rendered":"http:\/\/agora.xtec.cat\/ceipjoanotalisanda\/?page_id=30"},"modified":"2019-02-14T15:05:50","modified_gmt":"2019-02-14T14:05:50","slug":"projecteeducatiu","status":"publish","type":"page","link":"https:\/\/agora.xtec.cat\/ceipjoanotalisanda\/lescola\/projecteeducatiu\/","title":{"rendered":"Projecte educatiu"},"content":{"rendered":"<p style=\"text-align: justify;\">Des de la seva fundaci\u00f3 l\u2019any 1969, el Joanot Alisanda ha dut a terme una tasca constant de renovaci\u00f3 pedag\u00f2gica per a mantenir-se com una escola activa, catalana i laica, defensora de les llibertats, del respecte cap al medi i del foment d\u2019un esperit cr\u00edtic i d\u2019una capacitat d\u2019an\u00e0lisi que ajudi al nostre alumnat a cr\u00e9ixer com a ciutadans responsables. El car\u00e0cter propi del centre ve donat per la nostra hist\u00f2ria, la formaci\u00f3 permanent del claustre i l\u2019elaboraci\u00f3 dels objectius que ens proposem com a comunitat educativa. Tots ells s\u00f3n els pilars b\u00e0sics del nostre ideari i faciliten el creixement integral de l\u2019alumnat per tal que assoleixi les compet\u00e8ncies b\u00e0siques corresponents a l\u2019edat, a les habilitats i capacitats pr\u00f2pies per a desenvolupar-se i progressar en el m\u00f3n actual. Volem que els nostres infants siguin capa\u00e7os d\u2019intervenir activament i cr\u00edtica en la societat plural i canviant, i que estiguin preparats per a continuar els estudis i accedir amb \u00e8xit al m\u00f3n del treball.<\/p>\n<p style=\"text-align: justify;\">L\u2019aula SIEI, la biblioteca i el biblio-pati, la participaci\u00f3 en el projecte europeu d\u2019angl\u00e8s, l\u2019aula de ci\u00e8ncies i l\u2019hort, l\u2019apadrinament entre alumnes, el pati tranquil, l\u2019agenda 21, la setmana monogr\u00e0fica i interdisciplin\u00e0ria, la celebraci\u00f3 de festes, l\u2019aprenentatge de la pl\u00e0stica i la m\u00fasica, les sortides i les col\u00f2nies, s\u00f3n els projectes puntals de la nostra organitzaci\u00f3 i ens permeten comprendre millor la diversitat, promoure el gust per la lectura i la cerca d\u2019informaci\u00f3, experimentar <span style=\"font-family: inherit; font-size: 1em;\">\u00a0i establir vincles especials a trav\u00e9s de l\u2019empatia, la difer\u00e8ncia, el comprom\u00eds i les experi\u00e8ncies compartides.\u00a0<\/span><\/p>\n<p style=\"text-align: justify;\">Per a nosaltres, la relaci\u00f3 entre fam\u00edlies i escola \u00e9s imprescindible per tal que tot aquest treball que ens proposem sigui coherent i conjunt, cada un des del seu \u00e0mbit, i que afavoreixi el seguiment del proc\u00e9s d\u2019aprenentatge convertint el centre en un espai com\u00fa d\u2019acollida i de comiat. Aquesta comunicaci\u00f3 entre tots els membres de la comunitat educativa reafirma clarament la nostra proposta d\u2019escola i els nostres valors principals: l\u2019educaci\u00f3 en la llibertat, la conviv\u00e8ncia i el respecte als drets i deures de les persones, el foment de la solidaritat humana, la comprensi\u00f3 i la cooperaci\u00f3, l\u2019eradicaci\u00f3 de qualsevol tipus de discriminaci\u00f3 i la facilitaci\u00f3 d\u2019oportunitats a tots els alumnes sigui quin sigui el seu entorn social o la seva situaci\u00f3 personal.<\/p>\n<p style=\"text-align: justify;\">Per tot aix\u00f2, oferim un ensenyament inclusiu, co-educatiu, exigent i actiu, basat en l\u2019observaci\u00f3 i l\u2019experimentaci\u00f3, en el foment de l\u2019esfor\u00e7, la iniciativa i el treball personal i cooperatiu, la creativitat, l\u2019autocr\u00edtica, la responsabilitat, el control emocional, la capacitat d\u2019elegir i l\u2019autoavaluaci\u00f3. L\u2019escola treballa cada dia per oferir les oportunitats i l\u2019ajuda necess\u00e0ries per tal que cada alumne pugui assolir el m\u00e0xim desenvolupament personal i que el seu creixement sigui integral, actiu i vivencial.<\/p>\n","protected":false},"excerpt":{"rendered":"<p>Des de la seva fundaci\u00f3 l\u2019any 1969, el Joanot Alisanda ha dut a terme una tasca constant de renovaci\u00f3 pedag\u00f2gica per a mantenir-se com una escola activa, catalana i laica, defensora de les llibertats, del respecte cap al medi i del foment d\u2019un esperit cr\u00edtic&hellip;  <a href=\"https:\/\/agora.xtec.cat\/ceipjoanotalisanda\/lescola\/projecteeducatiu\/\" title=\"Read Projecte educatiu\">Llegeix m\u00e9s\u00bb<\/a><\/p>\n","protected":false},"author":1,"featured_media":0,"parent":22,"menu_order":40,"comment_status":"closed","ping_status":"closed","template":"page-templates\/side-menu.php","meta":{"_bbp_topic_count":0,"_bbp_reply_count":0,"_bbp_total_topic_count":0,"_bbp_total_reply_count":0,"_bbp_voice_count":0,"_bbp_anonymous_reply_count":0,"_bbp_topic_count_hidden":0,"_bbp_reply_count_hidden":0,"_bbp_forum_subforum_count":0,"footnotes":""},"class_list":["post-30","page","type-page","status-publish","hentry"],"post_mailing_queue_ids":[],"_links":{"self":[{"href":"https:\/\/agora.xtec.cat\/ceipjoanotalisanda\/wp-json\/wp\/v2\/pages\/30","targetHints":{"allow":["GET"]}}],"collection":[{"href":"https:\/\/agora.xtec.cat\/ceipjoanotalisanda\/wp-json\/wp\/v2\/pages"}],"about":[{"href":"https:\/\/agora.xtec.cat\/ceipjoanotalisanda\/wp-json\/wp\/v2\/types\/page"}],"author":[{"embeddable":true,"href":"https:\/\/agora.xtec.cat\/ceipjoanotalisanda\/wp-json\/wp\/v2\/users\/1"}],"replies":[{"embeddable":true,"href":"https:\/\/agora.xtec.cat\/ceipjoanotalisanda\/wp-json\/wp\/v2\/comments?post=30"}],"version-history":[{"count":4,"href":"https:\/\/agora.xtec.cat\/ceipjoanotalisanda\/wp-json\/wp\/v2\/pages\/30\/revisions"}],"predecessor-version":[{"id":2355,"href":"https:\/\/agora.xtec.cat\/ceipjoanotalisanda\/wp-json\/wp\/v2\/pages\/30\/revisions\/2355"}],"up":[{"embeddable":true,"href":"https:\/\/agora.xtec.cat\/ceipjoanotalisanda\/wp-json\/wp\/v2\/pages\/22"}],"wp:attachment":[{"href":"https:\/\/agora.xtec.cat\/ceipjoanotalisanda\/wp-json\/wp\/v2\/media?parent=30"}],"curies":[{"name":"wp","href":"https:\/\/api.w.org\/{rel}","templated":true}]}}

<p style="text-align: justify;">Des de la seva fundació l’any 1969, el Joanot Alisanda ha dut a terme una tasca constant de renovació pedagògica per a mantenir-se com una escola activa, catalana i laica, defensora de les llibertats, del respecte cap al medi i del foment d’un esperit crític i d’una capacitat d’anàlisi que ajudi al nostre alumnat a créixer com a ciutadans responsables. El caràcter propi del centre ve donat per la nostra història, la formació permanent del claustre i l’elaboració dels objectius que ens proposem com a comunitat educativa. Tots ells són els pilars bàsics del nostre ideari i faciliten el creixement integral de l’alumnat per tal que assoleixi les competències bàsiques corresponents a l’edat, a les habilitats i capacitats pròpies per a desenvolupar-se i progressar en el món actual. Volem que els nostres infants siguin capaços d’intervenir activament i crítica en la societat plural i canviant, i que estiguin preparats per a continuar els estudis i accedir amb èxit al món del treball.</p>
<p style="text-align: justify;">L’aula SIEI, la biblioteca i el biblio-pati, la participació en el projecte europeu d’anglès, l’aula de ciències i l’hort, l’apadrinament entre alumnes, el pati tranquil, l’agenda 21, la setmana monogràfica i interdisciplinària, la celebració de festes, l’aprenentatge de la plàstica i la música, les sortides i les colònies, són els projectes puntals de la nostra organització i ens permeten comprendre millor la diversitat, promoure el gust per la lectura i la cerca d’informació, experimentar <span style="font-family: inherit; font-size: 1em;"> i establir vincles especials a través de l’empatia, la diferència, el compromís i les experiències compartides. </span></p>
<p style="text-align: justify;">Per a nosaltres, la relació entre famílies i escola és imprescindible per tal que tot aquest treball que ens proposem sigui coherent i conjunt, cada un des del seu àmbit, i que afavoreixi el seguiment del procés d’aprenentatge convertint el centre en un espai comú d’acollida i de comiat. Aquesta comunicació entre tots els membres de la comunitat educativa reafirma clarament la nostra proposta d’escola i els nostres valors principals: l’educació en la llibertat, la convivència i el respecte als drets i deures de les persones, el foment de la solidaritat humana, la comprensió i la cooperació, l’eradicació de qualsevol tipus de discriminació i la facilitació d’oportunitats a tots els alumnes sigui quin sigui el seu entorn social o la seva situació personal.</p>
<p style="text-align: justify;">Per tot això, oferim un ensenyament inclusiu, co-educatiu, exigent i actiu, basat en l’observació i l’experimentació, en el foment de l’esforç, la iniciativa i el treball personal i cooperatiu, la creativitat, l’autocrítica, la responsabilitat, el control emocional, la capacitat d’elegir i l’autoavaluació. L’escola treballa cada dia per oferir les oportunitats i l’ajuda necessàries per tal que cada alumne pugui assolir el màxim desenvolupament personal i que el seu creixement sigui integral, actiu i vivencial.</p>

<p>Des de la seva fundació l’any 1969, el Joanot Alisanda ha dut a terme una tasca constant de renovació pedagògica per a mantenir-se com una escola activa, catalana i laica, defensora de les llibertats, del respecte cap al medi i del foment d’un esperit crític&hellip;  <a href="https://agora.xtec.cat/ceipjoanotalisanda/lescola/projecteeducatiu/" title="Read Projecte educatiu">Llegeix més»</a></p>
