{"id":26,"date":"2014-09-18T12:24:32","date_gmt":"2014-09-18T11:24:32","guid":{"rendered":"http:\/\/agora.xtec.cat\/ceipjoanotalisanda\/?page_id=26"},"modified":"2024-04-24T11:14:38","modified_gmt":"2024-04-24T09:14:38","slug":"historia","status":"publish","type":"page","link":"https:\/\/agora.xtec.cat\/ceipjoanotalisanda\/lescola\/historia\/","title":{"rendered":"Hist\u00f2ria"},"content":{"rendered":"<p style=\"text-align: justify;\">L&#8217;escola fou creada i<strong>\u00a0<\/strong><strong>inici\u00e0<\/strong>\u00a0les seves activitats docents<strong>\u00a0<\/strong><strong>el mes de setembre de 1969<\/strong>. Els seus locals eren les depend\u00e8ncies de les cases corresponent als n\u00fameros 11 i 13 del carrer Tetuan de Sabadell. La ubicaci\u00f3 del centre escolar en aquesta zona del districte quart de la nostra ciutat era fruit de la constataci\u00f3 d&#8217;un fet: la greu manca de places escolars de tot tipus existent en aquest lloc.\u00a0<strong>Joanot Alisanda<\/strong>\u00a0tingu\u00e9 des del seu primer moment com a\u00a0<strong>objectius generals<\/strong>\u00a0els d&#8217;oferir un servei a la ciutat de Sabadell, dur a terme<strong>\u00a0<\/strong><strong>una tasca de renovaci\u00f3 pedag\u00f2gica<\/strong>\u00a0i procurar la seva integraci\u00f3 al barri.\u00a0<strong><em>Aquests objectius es concretaven en l&#8217;\u00e0mbit c\u00edvic i pedag\u00f2gic en la realitzaci\u00f3 d&#8217;una escola activa, catalana, laica i coeducativa; la defensa i respecte de les llibertats de pensament i d&#8217;actuaci\u00f3 de la persona en el camp religi\u00f3s i pol\u00edtic; la conscienciaci\u00f3 dels nois i noies al medi que els envoltava a trav\u00e9s de l&#8217;adquisici\u00f3 d&#8217;un esperit cr\u00edtic i d&#8217;una capacitat d&#8217;an\u00e0lisi per tal que fossin uns ciutadans responsables<\/em><\/strong><em>;<\/em>\u00a0la col\u00b7laboraci\u00f3 amb tots els estaments que anessin integrant l&#8217;escola, etc.<\/p>\n<p style=\"text-align: justify;\">Des dels seus inicis va estar vinculada al moviment d&#8217;escoles catalanes i posteriorment al Col\u00b7lectiu d&#8217;Escoles per l&#8217;Escola P\u00fablica Catalana (CEPEPC)<\/p>\n<p style=\"text-align: justify;\"><strong>Joanot Alisanda<\/strong>\u00a0va ser un dels primers mestres que van exercir la doc\u00e8ncia a Sabadell.Com posa de manifest la documentaci\u00f3 existent a l&#8217;Arxiu Hist\u00f2ric Municipal, recollida per Miquel Carreras en el seu treball &#8220;<em>De la nostra hist\u00f2ria docent\u00a0<\/em>(Sabadell, 1931), &#8220;l&#8217;ensenyan\u00e7a de les primeres lletres amb car\u00e0cter p\u00fablic va ser institu\u00efda a la nostra vila l&#8217;any 1554, i el 28 de novembre de 1562 el Consell Municipal feia tractes amb el mestre d&#8217;escoles<strong>\u00a0<\/strong><strong>Joanot Alisanda<\/strong>, de Saragossa, perqu\u00e8 enseny\u00e9s de llegir, escriure i cantar els fills del poblat de la vila i terme de Sabadell&#8221;.<\/p>\n<p style=\"text-align: justify;\">El setembre de 1983, aquest centre privat\u00a0s&#8217;incorpor\u00e0 a la xarxa d&#8217;escoles p\u00fabliques i es trasllad\u00e0 al nou edifici constru\u00eft en els terrenys d&#8217;un antic vapor anomenat CAL PAL\u00c0, on resta\u00a0<strong>la <a href=\"https:\/\/drive.google.com\/drive\/folders\/1FDaQe-ftdHStJrP--tWAScFd3BcdwpNL?usp=sharing\">xemeneia <\/a><\/strong>com a valor hist\u00f2ric.<\/p>\n<figure class=\"figure wp-caption alignleft\"><a href=\"http:\/\/agora.xtec.cat\/ceipjoanotalisanda\/wp-content\/uploads\/usu1478\/2014\/09\/FD00890.jpg\"><img loading=\"lazy\" decoding=\"async\" class=\"wp-image-826\" src=\"http:\/\/agora.xtec.cat\/ceipjoanotalisanda\/wp-content\/uploads\/usu1478\/2014\/09\/FD00890.jpg\" alt=\"fd00890\" width=\"342\" height=\"236\" srcset=\"https:\/\/agora.xtec.cat\/ceipjoanotalisanda\/wp-content\/uploads\/usu1478\/2014\/09\/FD00890.jpg 800w, https:\/\/agora.xtec.cat\/ceipjoanotalisanda\/wp-content\/uploads\/usu1478\/2014\/09\/FD00890-300x207.jpg 300w, https:\/\/agora.xtec.cat\/ceipjoanotalisanda\/wp-content\/uploads\/usu1478\/2014\/09\/FD00890-768x529.jpg 768w\" sizes=\"auto, (max-width: 342px) 100vw, 342px\" \/><\/a><figcaption class=\"wp-caption-text\">Fa\u00e7ana principal. Febrer de 1989.- Autor: desconegut \/ Arxiu Hist\u00f2ric de Sabadell<\/figcaption><\/figure>\n<figure class=\"figure wp-caption alignright\"><a href=\"http:\/\/agora.xtec.cat\/ceipjoanotalisanda\/wp-content\/uploads\/usu1478\/2014\/09\/AHS_AM06010207_D01_00194_217.jpg\"><img loading=\"lazy\" decoding=\"async\" class=\"wp-image-823\" src=\"http:\/\/agora.xtec.cat\/ceipjoanotalisanda\/wp-content\/uploads\/usu1478\/2014\/09\/AHS_AM06010207_D01_00194_217.jpg\" alt=\"ahs_am06010207_d01_00194_217\" width=\"347\" height=\"233\" srcset=\"https:\/\/agora.xtec.cat\/ceipjoanotalisanda\/wp-content\/uploads\/usu1478\/2014\/09\/AHS_AM06010207_D01_00194_217.jpg 800w, https:\/\/agora.xtec.cat\/ceipjoanotalisanda\/wp-content\/uploads\/usu1478\/2014\/09\/AHS_AM06010207_D01_00194_217-300x201.jpg 300w, https:\/\/agora.xtec.cat\/ceipjoanotalisanda\/wp-content\/uploads\/usu1478\/2014\/09\/AHS_AM06010207_D01_00194_217-768x515.jpg 768w\" sizes=\"auto, (max-width: 347px) 100vw, 347px\" \/><\/a><figcaption class=\"wp-caption-text\">Any 1987 Nens jugant al pati. &#8211; Autor: Desconegut \/ Arxiu Hist\u00f2ric de Sabadell<\/figcaption><\/figure>\n<p>&nbsp;<\/p>\n<figure class=\"figure wp-caption alignleft\"><a href=\"http:\/\/agora.xtec.cat\/ceipjoanotalisanda\/wp-content\/uploads\/usu1478\/2014\/09\/AHS_AM06010207_D01_00194_227.jpg\"><img loading=\"lazy\" decoding=\"async\" class=\"wp-image-824\" src=\"http:\/\/agora.xtec.cat\/ceipjoanotalisanda\/wp-content\/uploads\/usu1478\/2014\/09\/AHS_AM06010207_D01_00194_227.jpg\" alt=\"ahs_am06010207_d01_00194_227\" width=\"262\" height=\"391\" srcset=\"https:\/\/agora.xtec.cat\/ceipjoanotalisanda\/wp-content\/uploads\/usu1478\/2014\/09\/AHS_AM06010207_D01_00194_227.jpg 536w, https:\/\/agora.xtec.cat\/ceipjoanotalisanda\/wp-content\/uploads\/usu1478\/2014\/09\/AHS_AM06010207_D01_00194_227-201x300.jpg 201w\" sizes=\"auto, (max-width: 262px) 100vw, 262px\" \/><\/a><figcaption class=\"wp-caption-text\">Mar\u00e7 de 1987.- Autor: Desconegut \/ Arxiu Hist\u00f2ric de Sabadell<\/figcaption><\/figure>\n<p>&nbsp;<\/p>\n<p>&nbsp;<\/p>\n","protected":false},"excerpt":{"rendered":"<p>L&#8217;escola fou creada i\u00a0inici\u00e0\u00a0les seves activitats docents\u00a0el mes de setembre de 1969. Els seus locals eren les depend\u00e8ncies de les cases corresponent als n\u00fameros 11 i 13 del carrer Tetuan de Sabadell. La ubicaci\u00f3 del centre escolar en aquesta zona del districte quart de la&hellip;  <a href=\"https:\/\/agora.xtec.cat\/ceipjoanotalisanda\/lescola\/historia\/\" title=\"Read Hist\u00f2ria\">Llegeix m\u00e9s\u00bb<\/a><\/p>\n","protected":false},"author":1,"featured_media":0,"parent":22,"menu_order":20,"comment_status":"closed","ping_status":"closed","template":"page-templates\/side-menu.php","meta":{"_bbp_topic_count":0,"_bbp_reply_count":0,"_bbp_total_topic_count":0,"_bbp_total_reply_count":0,"_bbp_voice_count":0,"_bbp_anonymous_reply_count":0,"_bbp_topic_count_hidden":0,"_bbp_reply_count_hidden":0,"_bbp_forum_subforum_count":0,"footnotes":""},"class_list":["post-26","page","type-page","status-publish","hentry"],"post_mailing_queue_ids":[],"_links":{"self":[{"href":"https:\/\/agora.xtec.cat\/ceipjoanotalisanda\/wp-json\/wp\/v2\/pages\/26","targetHints":{"allow":["GET"]}}],"collection":[{"href":"https:\/\/agora.xtec.cat\/ceipjoanotalisanda\/wp-json\/wp\/v2\/pages"}],"about":[{"href":"https:\/\/agora.xtec.cat\/ceipjoanotalisanda\/wp-json\/wp\/v2\/types\/page"}],"author":[{"embeddable":true,"href":"https:\/\/agora.xtec.cat\/ceipjoanotalisanda\/wp-json\/wp\/v2\/users\/1"}],"replies":[{"embeddable":true,"href":"https:\/\/agora.xtec.cat\/ceipjoanotalisanda\/wp-json\/wp\/v2\/comments?post=26"}],"version-history":[{"count":5,"href":"https:\/\/agora.xtec.cat\/ceipjoanotalisanda\/wp-json\/wp\/v2\/pages\/26\/revisions"}],"predecessor-version":[{"id":20027,"href":"https:\/\/agora.xtec.cat\/ceipjoanotalisanda\/wp-json\/wp\/v2\/pages\/26\/revisions\/20027"}],"up":[{"embeddable":true,"href":"https:\/\/agora.xtec.cat\/ceipjoanotalisanda\/wp-json\/wp\/v2\/pages\/22"}],"wp:attachment":[{"href":"https:\/\/agora.xtec.cat\/ceipjoanotalisanda\/wp-json\/wp\/v2\/media?parent=26"}],"curies":[{"name":"wp","href":"https:\/\/api.w.org\/{rel}","templated":true}]}}

Història

<p style="text-align: justify;">L&#8217;escola fou creada i<strong> </strong><strong>inicià</strong> les seves activitats docents<strong> </strong><strong>el mes de setembre de 1969</strong>. Els seus locals eren les dependències de les cases corresponent als números 11 i 13 del carrer Tetuan de Sabadell. La ubicació del centre escolar en aquesta zona del districte quart de la nostra ciutat era fruit de la constatació d&#8217;un fet: la greu manca de places escolars de tot tipus existent en aquest lloc. <strong>Joanot Alisanda</strong> tingué des del seu primer moment com a <strong>objectius generals</strong> els d&#8217;oferir un servei a la ciutat de Sabadell, dur a terme<strong> </strong><strong>una tasca de renovació pedagògica</strong> i procurar la seva integració al barri. <strong><em>Aquests objectius es concretaven en l&#8217;àmbit cívic i pedagògic en la realització d&#8217;una escola activa, catalana, laica i coeducativa; la defensa i respecte de les llibertats de pensament i d&#8217;actuació de la persona en el camp religiós i polític; la conscienciació dels nois i noies al medi que els envoltava a través de l&#8217;adquisició d&#8217;un esperit crític i d&#8217;una capacitat d&#8217;anàlisi per tal que fossin uns ciutadans responsables</em></strong><em>;</em> la col·laboració amb tots els estaments que anessin integrant l&#8217;escola, etc.</p>
<p style="text-align: justify;">Des dels seus inicis va estar vinculada al moviment d&#8217;escoles catalanes i posteriorment al Col·lectiu d&#8217;Escoles per l&#8217;Escola Pública Catalana (CEPEPC)</p>
<p style="text-align: justify;"><strong>Joanot Alisanda</strong> va ser un dels primers mestres que van exercir la docència a Sabadell.Com posa de manifest la documentació existent a l&#8217;Arxiu Històric Municipal, recollida per Miquel Carreras en el seu treball &#8220;<em>De la nostra història docent </em>(Sabadell, 1931), &#8220;l&#8217;ensenyança de les primeres lletres amb caràcter públic va ser instituïda a la nostra vila l&#8217;any 1554, i el 28 de novembre de 1562 el Consell Municipal feia tractes amb el mestre d&#8217;escoles<strong> </strong><strong>Joanot Alisanda</strong>, de Saragossa, perquè ensenyés de llegir, escriure i cantar els fills del poblat de la vila i terme de Sabadell&#8221;.</p>
<p style="text-align: justify;">El setembre de 1983, aquest centre privat s&#8217;incorporà a la xarxa d&#8217;escoles públiques i es traslladà al nou edifici construït en els terrenys d&#8217;un antic vapor anomenat CAL PALÀ, on resta <strong>la <a href="https://drive.google.com/drive/folders/1FDaQe-ftdHStJrP--tWAScFd3BcdwpNL?usp=sharing">xemeneia </a></strong>com a valor històric.</p>
<figure class="figure wp-caption alignleft"><a href="http://agora.xtec.cat/ceipjoanotalisanda/wp-content/uploads/usu1478/2014/09/FD00890.jpg"><img loading="lazy" decoding="async" class="wp-image-826" src="http://agora.xtec.cat/ceipjoanotalisanda/wp-content/uploads/usu1478/2014/09/FD00890.jpg" alt="fd00890" width="342" height="236" srcset="https://agora.xtec.cat/ceipjoanotalisanda/wp-content/uploads/usu1478/2014/09/FD00890.jpg 800w, https://agora.xtec.cat/ceipjoanotalisanda/wp-content/uploads/usu1478/2014/09/FD00890-300x207.jpg 300w, https://agora.xtec.cat/ceipjoanotalisanda/wp-content/uploads/usu1478/2014/09/FD00890-768x529.jpg 768w" sizes="auto, (max-width: 342px) 100vw, 342px" /></a><figcaption class="wp-caption-text">Façana principal. Febrer de 1989.- Autor: desconegut / Arxiu Històric de Sabadell</figcaption></figure>
<figure class="figure wp-caption alignright"><a href="http://agora.xtec.cat/ceipjoanotalisanda/wp-content/uploads/usu1478/2014/09/AHS_AM06010207_D01_00194_217.jpg"><img loading="lazy" decoding="async" class="wp-image-823" src="http://agora.xtec.cat/ceipjoanotalisanda/wp-content/uploads/usu1478/2014/09/AHS_AM06010207_D01_00194_217.jpg" alt="ahs_am06010207_d01_00194_217" width="347" height="233" srcset="https://agora.xtec.cat/ceipjoanotalisanda/wp-content/uploads/usu1478/2014/09/AHS_AM06010207_D01_00194_217.jpg 800w, https://agora.xtec.cat/ceipjoanotalisanda/wp-content/uploads/usu1478/2014/09/AHS_AM06010207_D01_00194_217-300x201.jpg 300w, https://agora.xtec.cat/ceipjoanotalisanda/wp-content/uploads/usu1478/2014/09/AHS_AM06010207_D01_00194_217-768x515.jpg 768w" sizes="auto, (max-width: 347px) 100vw, 347px" /></a><figcaption class="wp-caption-text">Any 1987 Nens jugant al pati. &#8211; Autor: Desconegut / Arxiu Històric de Sabadell</figcaption></figure>
<p>&nbsp;</p>
<figure class="figure wp-caption alignleft"><a href="http://agora.xtec.cat/ceipjoanotalisanda/wp-content/uploads/usu1478/2014/09/AHS_AM06010207_D01_00194_227.jpg"><img loading="lazy" decoding="async" class="wp-image-824" src="http://agora.xtec.cat/ceipjoanotalisanda/wp-content/uploads/usu1478/2014/09/AHS_AM06010207_D01_00194_227.jpg" alt="ahs_am06010207_d01_00194_227" width="262" height="391" srcset="https://agora.xtec.cat/ceipjoanotalisanda/wp-content/uploads/usu1478/2014/09/AHS_AM06010207_D01_00194_227.jpg 536w, https://agora.xtec.cat/ceipjoanotalisanda/wp-content/uploads/usu1478/2014/09/AHS_AM06010207_D01_00194_227-201x300.jpg 201w" sizes="auto, (max-width: 262px) 100vw, 262px" /></a><figcaption class="wp-caption-text">Març de 1987.- Autor: Desconegut / Arxiu Històric de Sabadell</figcaption></figure>
<p>&nbsp;</p>
<p>&nbsp;</p>

<p>L&#8217;escola fou creada i inicià les seves activitats docents el mes de setembre de 1969. Els seus locals eren les dependències de les cases corresponent als números 11 i 13 del carrer Tetuan de Sabadell. La ubicació del centre escolar en aquesta zona del districte quart de la&hellip;  <a href="https://agora.xtec.cat/ceipjoanotalisanda/lescola/historia/" title="Read Història">Llegeix més»</a></p>
