{"id":19646,"date":"2024-02-25T20:11:58","date_gmt":"2024-02-25T19:11:58","guid":{"rendered":"https:\/\/agora.xtec.cat\/ceipjoanotalisanda\/?page_id=19646"},"modified":"2024-02-27T14:43:22","modified_gmt":"2024-02-27T13:43:22","slug":"setmana-de-la-fam-0","status":"publish","type":"page","link":"https:\/\/agora.xtec.cat\/ceipjoanotalisanda\/projectes\/setmana-de\/setmana-de-la-fam-0\/","title":{"rendered":"Setmana de la Fam 0 23-24"},"content":{"rendered":"<p>Aquest any hem estat treballant la Setmana de la Fam 0<\/p>\n<p>Tota l&#8217;escola ens hem sensibilitzat sobre la Fam que hi ha al planeta i al nostre voltant. Hem ent\u00e8s que \u00e9s important no malbaratar el menjar i hem pr\u00e8s consci\u00e8ncia d&#8217;aquest problema.<\/p>\n<p>Per tot aix\u00f2 hem decidit organitzar un gran recapte d&#8217;aliments el dia 13 de mar\u00e7 per a ajudar a les fam\u00edlies que ho necessitin amb la col\u00b7laboraci\u00f3 del Rebost Solidari i hem cosit una bossa perqu\u00e8 quan anem a comprar, nom\u00e9s comprem all\u00f2 que necessitem i aix\u00ed evitarem malbaratar menjar.<\/p>\n<p>Tamb\u00e9 ens hem adonat que \u00e9s important acabar-nos all\u00f2 que tenim al plat i valorar la sort que tenim de poder tenir un plat a taula!!<\/p>\n<p>Us adjuntem un seguit de fotografies que resumeixen la feina que hem fet aquesta setmana.<\/p>\n<p><a href=\"https:\/\/drive.google.com\/file\/d\/1wFkd9J0oZUF8FkvVOalxZ3tBlHvQI8-T\/view?usp=sharing\" target=\"_blank\" rel=\"noopener\">V\u00eddeo Setmana de la Fam 0<\/a><\/p>\n","protected":false},"excerpt":{"rendered":"<p>Aquest any hem estat treballant la Setmana de la Fam 0<br \/>\nTota l&#8217;escola ens hem sensibilitzat sobre la Fam que hi ha al planeta i al nostre voltant. Hem ent\u00e8s que \u00e9s important no malbaratar el menjar i hem pr\u00e8s consci\u00e8ncia d&#8217;aquest problema.<br \/>\nPer tot aix\u00f2 hem&hellip;  <a href=\"https:\/\/agora.xtec.cat\/ceipjoanotalisanda\/projectes\/setmana-de\/setmana-de-la-fam-0\/\" title=\"Read Setmana de la Fam 0 23-24\">Llegeix m\u00e9s\u00bb<\/a><\/p>\n","protected":false},"author":1,"featured_media":0,"parent":712,"menu_order":8,"comment_status":"closed","ping_status":"closed","template":"page-templates\/side-menu.php","meta":{"_bbp_topic_count":0,"_bbp_reply_count":0,"_bbp_total_topic_count":0,"_bbp_total_reply_count":0,"_bbp_voice_count":0,"_bbp_anonymous_reply_count":0,"_bbp_topic_count_hidden":0,"_bbp_reply_count_hidden":0,"_bbp_forum_subforum_count":0,"footnotes":""},"class_list":["post-19646","page","type-page","status-publish","hentry"],"post_mailing_queue_ids":[],"_links":{"self":[{"href":"https:\/\/agora.xtec.cat\/ceipjoanotalisanda\/wp-json\/wp\/v2\/pages\/19646","targetHints":{"allow":["GET"]}}],"collection":[{"href":"https:\/\/agora.xtec.cat\/ceipjoanotalisanda\/wp-json\/wp\/v2\/pages"}],"about":[{"href":"https:\/\/agora.xtec.cat\/ceipjoanotalisanda\/wp-json\/wp\/v2\/types\/page"}],"author":[{"embeddable":true,"href":"https:\/\/agora.xtec.cat\/ceipjoanotalisanda\/wp-json\/wp\/v2\/users\/1"}],"replies":[{"embeddable":true,"href":"https:\/\/agora.xtec.cat\/ceipjoanotalisanda\/wp-json\/wp\/v2\/comments?post=19646"}],"version-history":[{"count":3,"href":"https:\/\/agora.xtec.cat\/ceipjoanotalisanda\/wp-json\/wp\/v2\/pages\/19646\/revisions"}],"predecessor-version":[{"id":19654,"href":"https:\/\/agora.xtec.cat\/ceipjoanotalisanda\/wp-json\/wp\/v2\/pages\/19646\/revisions\/19654"}],"up":[{"embeddable":true,"href":"https:\/\/agora.xtec.cat\/ceipjoanotalisanda\/wp-json\/wp\/v2\/pages\/712"}],"wp:attachment":[{"href":"https:\/\/agora.xtec.cat\/ceipjoanotalisanda\/wp-json\/wp\/v2\/media?parent=19646"}],"curies":[{"name":"wp","href":"https:\/\/api.w.org\/{rel}","templated":true}]}}

<p>Aquest any hem estat treballant la Setmana de la Fam 0</p>
<p>Tota l&#8217;escola ens hem sensibilitzat sobre la Fam que hi ha al planeta i al nostre voltant. Hem entès que és important no malbaratar el menjar i hem près consciència d&#8217;aquest problema.</p>
<p>Per tot això hem decidit organitzar un gran recapte d&#8217;aliments el dia 13 de març per a ajudar a les famílies que ho necessitin amb la col·laboració del Rebost Solidari i hem cosit una bossa perquè quan anem a comprar, només comprem allò que necessitem i així evitarem malbaratar menjar.</p>
<p>També ens hem adonat que és important acabar-nos allò que tenim al plat i valorar la sort que tenim de poder tenir un plat a taula!!</p>
<p>Us adjuntem un seguit de fotografies que resumeixen la feina que hem fet aquesta setmana.</p>
<p><a href="https://drive.google.com/file/d/1wFkd9J0oZUF8FkvVOalxZ3tBlHvQI8-T/view?usp=sharing" target="_blank" rel="noopener">Vídeo Setmana de la Fam 0</a></p>

<p>Aquest any hem estat treballant la Setmana de la Fam 0<br />
Tota l&#8217;escola ens hem sensibilitzat sobre la Fam que hi ha al planeta i al nostre voltant. Hem entès que és important no malbaratar el menjar i hem près consciència d&#8217;aquest problema.<br />
Per tot això hem&hellip;  <a href="https://agora.xtec.cat/ceipjoanotalisanda/projectes/setmana-de/setmana-de-la-fam-0/" title="Read Setmana de la Fam 0 23-24">Llegeix més»</a></p>
