{"id":19299,"date":"2024-01-15T22:56:59","date_gmt":"2024-01-15T21:56:59","guid":{"rendered":"https:\/\/agora.xtec.cat\/ceipjoanotalisanda\/?page_id=19299"},"modified":"2024-01-18T13:44:41","modified_gmt":"2024-01-18T12:44:41","slug":"bibliopati","status":"publish","type":"page","link":"https:\/\/agora.xtec.cat\/ceipjoanotalisanda\/projectes\/bibliopati\/","title":{"rendered":"Bibliopati"},"content":{"rendered":"<p>La lectura \u00e9s una de les bases de l&#8217;aprenentatge, per aix\u00f2 potenciem el gust per la lectura amb diferents activitats. Una de les activitats m\u00e9s reeixides \u00e9s el Bibliopati. A l&#8217;hora del pati, l&#8217;alumnat pot escollir anar a passar una bona estona de lectura a la biblioteca compartint llibres amb els companys\/es, fent pr\u00e9stec per emportar-se llibres a casa o llegint de forma individual.<\/p>\n<p><a href=\"https:\/\/agora.xtec.cat\/ceipjoanotalisanda\/wp-content\/uploads\/usu1478\/2024\/01\/bibliopati.jpg\"><img loading=\"lazy\" decoding=\"async\" class=\"aligncenter size-full wp-image-19355\" src=\"https:\/\/agora.xtec.cat\/ceipjoanotalisanda\/wp-content\/uploads\/usu1478\/2024\/01\/bibliopati.jpg\" alt=\"\" width=\"684\" height=\"492\" srcset=\"https:\/\/agora.xtec.cat\/ceipjoanotalisanda\/wp-content\/uploads\/usu1478\/2024\/01\/bibliopati.jpg 684w, https:\/\/agora.xtec.cat\/ceipjoanotalisanda\/wp-content\/uploads\/usu1478\/2024\/01\/bibliopati-300x216.jpg 300w\" sizes=\"auto, (max-width: 684px) 100vw, 684px\" \/><\/a><a href=\"https:\/\/agora.xtec.cat\/ceipjoanotalisanda\/wp-content\/uploads\/usu1478\/2024\/01\/bibliopati2.jpg\"><img loading=\"lazy\" decoding=\"async\" class=\"aligncenter size-full wp-image-19356\" src=\"https:\/\/agora.xtec.cat\/ceipjoanotalisanda\/wp-content\/uploads\/usu1478\/2024\/01\/bibliopati2.jpg\" alt=\"\" width=\"674\" height=\"504\" srcset=\"https:\/\/agora.xtec.cat\/ceipjoanotalisanda\/wp-content\/uploads\/usu1478\/2024\/01\/bibliopati2.jpg 674w, https:\/\/agora.xtec.cat\/ceipjoanotalisanda\/wp-content\/uploads\/usu1478\/2024\/01\/bibliopati2-300x224.jpg 300w, https:\/\/agora.xtec.cat\/ceipjoanotalisanda\/wp-content\/uploads\/usu1478\/2024\/01\/bibliopati2-200x150.jpg 200w\" sizes=\"auto, (max-width: 674px) 100vw, 674px\" \/><\/a><\/p>\n","protected":false},"excerpt":{"rendered":"<p>La lectura \u00e9s una de les bases de l&#8217;aprenentatge, per aix\u00f2 potenciem el gust per la lectura amb diferents activitats. Una de les activitats m\u00e9s reeixides \u00e9s el Bibliopati. A l&#8217;hora del pati, l&#8217;alumnat pot escollir anar a passar una bona estona de lectura a&hellip;  <a href=\"https:\/\/agora.xtec.cat\/ceipjoanotalisanda\/projectes\/bibliopati\/\" title=\"Read Bibliopati\">Llegeix m\u00e9s\u00bb<\/a><\/p>\n","protected":false},"author":1,"featured_media":0,"parent":19196,"menu_order":0,"comment_status":"closed","ping_status":"closed","template":"","meta":{"_bbp_topic_count":0,"_bbp_reply_count":0,"_bbp_total_topic_count":0,"_bbp_total_reply_count":0,"_bbp_voice_count":0,"_bbp_anonymous_reply_count":0,"_bbp_topic_count_hidden":0,"_bbp_reply_count_hidden":0,"_bbp_forum_subforum_count":0,"footnotes":""},"class_list":["post-19299","page","type-page","status-publish","hentry"],"post_mailing_queue_ids":[],"_links":{"self":[{"href":"https:\/\/agora.xtec.cat\/ceipjoanotalisanda\/wp-json\/wp\/v2\/pages\/19299","targetHints":{"allow":["GET"]}}],"collection":[{"href":"https:\/\/agora.xtec.cat\/ceipjoanotalisanda\/wp-json\/wp\/v2\/pages"}],"about":[{"href":"https:\/\/agora.xtec.cat\/ceipjoanotalisanda\/wp-json\/wp\/v2\/types\/page"}],"author":[{"embeddable":true,"href":"https:\/\/agora.xtec.cat\/ceipjoanotalisanda\/wp-json\/wp\/v2\/users\/1"}],"replies":[{"embeddable":true,"href":"https:\/\/agora.xtec.cat\/ceipjoanotalisanda\/wp-json\/wp\/v2\/comments?post=19299"}],"version-history":[{"count":3,"href":"https:\/\/agora.xtec.cat\/ceipjoanotalisanda\/wp-json\/wp\/v2\/pages\/19299\/revisions"}],"predecessor-version":[{"id":19376,"href":"https:\/\/agora.xtec.cat\/ceipjoanotalisanda\/wp-json\/wp\/v2\/pages\/19299\/revisions\/19376"}],"up":[{"embeddable":true,"href":"https:\/\/agora.xtec.cat\/ceipjoanotalisanda\/wp-json\/wp\/v2\/pages\/19196"}],"wp:attachment":[{"href":"https:\/\/agora.xtec.cat\/ceipjoanotalisanda\/wp-json\/wp\/v2\/media?parent=19299"}],"curies":[{"name":"wp","href":"https:\/\/api.w.org\/{rel}","templated":true}]}}

<p>La lectura és una de les bases de l&#8217;aprenentatge, per això potenciem el gust per la lectura amb diferents activitats. Una de les activitats més reeixides és el Bibliopati. A l&#8217;hora del pati, l&#8217;alumnat pot escollir anar a passar una bona estona de lectura a la biblioteca compartint llibres amb els companys/es, fent préstec per emportar-se llibres a casa o llegint de forma individual.</p>
<p><a href="https://agora.xtec.cat/ceipjoanotalisanda/wp-content/uploads/usu1478/2024/01/bibliopati.jpg"><img loading="lazy" decoding="async" class="aligncenter size-full wp-image-19355" src="https://agora.xtec.cat/ceipjoanotalisanda/wp-content/uploads/usu1478/2024/01/bibliopati.jpg" alt="" width="684" height="492" srcset="https://agora.xtec.cat/ceipjoanotalisanda/wp-content/uploads/usu1478/2024/01/bibliopati.jpg 684w, https://agora.xtec.cat/ceipjoanotalisanda/wp-content/uploads/usu1478/2024/01/bibliopati-300x216.jpg 300w" sizes="auto, (max-width: 684px) 100vw, 684px" /></a><a href="https://agora.xtec.cat/ceipjoanotalisanda/wp-content/uploads/usu1478/2024/01/bibliopati2.jpg"><img loading="lazy" decoding="async" class="aligncenter size-full wp-image-19356" src="https://agora.xtec.cat/ceipjoanotalisanda/wp-content/uploads/usu1478/2024/01/bibliopati2.jpg" alt="" width="674" height="504" srcset="https://agora.xtec.cat/ceipjoanotalisanda/wp-content/uploads/usu1478/2024/01/bibliopati2.jpg 674w, https://agora.xtec.cat/ceipjoanotalisanda/wp-content/uploads/usu1478/2024/01/bibliopati2-300x224.jpg 300w, https://agora.xtec.cat/ceipjoanotalisanda/wp-content/uploads/usu1478/2024/01/bibliopati2-200x150.jpg 200w" sizes="auto, (max-width: 674px) 100vw, 674px" /></a></p>

<p>La lectura és una de les bases de l&#8217;aprenentatge, per això potenciem el gust per la lectura amb diferents activitats. Una de les activitats més reeixides és el Bibliopati. A l&#8217;hora del pati, l&#8217;alumnat pot escollir anar a passar una bona estona de lectura a&hellip;  <a href="https://agora.xtec.cat/ceipjoanotalisanda/projectes/bibliopati/" title="Read Bibliopati">Llegeix més»</a></p>
