{"id":19298,"date":"2024-01-15T22:56:59","date_gmt":"2024-01-15T21:56:59","guid":{"rendered":"https:\/\/agora.xtec.cat\/ceipjoanotalisanda\/?page_id=19298"},"modified":"2024-01-16T22:32:54","modified_gmt":"2024-01-16T21:32:54","slug":"consciencia-fonologica","status":"publish","type":"page","link":"https:\/\/agora.xtec.cat\/ceipjoanotalisanda\/projectes\/consciencia-fonologica\/","title":{"rendered":"Consci\u00e8ncia fonol\u00f2gica"},"content":{"rendered":"<p><span style=\"font-weight: 400;\">La Consci\u00e8ncia Fonol\u00f2gica \u00e9s considerada una habilitat que possibilita als nens i nenes percebre i sentir (identificar) conscientment els sons que formen les paraules i poder \u201cjugar\u201d amb ells, manipular-los. \u00c9s un treball b\u00e0sicament auditiu i \u00e9s previ a l\u2019ensenyament de la correspond\u00e8ncia so-grafia.\u00a0<\/span><span style=\"font-weight: 400;\">Caldr\u00e0 que comprenguin que aquests sons que es poden representar amb les grafies s\u00f3n els mateixos sons de la parla.<\/span><\/p>\n<p><span style=\"font-weight: 400;\">L\u2019aprenentatge de la consci\u00e8ncia fonol\u00f2gica t\u00e9 dos objectius principals: per una banda, ajudar els infants a percebre els fonemes en les paraules, a descobrir la seva exist\u00e8ncia i a discriminar-los i, per l\u2019altra, ajudar-los a fer la connexi\u00f3 entre els fonemes de les paraules i les lletres de l\u2019alfabet.\u00a0<\/span><\/p>\n<p>Des d&#8217;EI3 fins a segon es dedica una sessi\u00f3 setmanal en petit grup a treballar la consci\u00e8ncia fonol\u00f2gica amb l&#8217;objectiu de facilitar el seu proc\u00e9s de lectoescriptura.<\/p>\n<p><span style=\"font-weight: 400;\">El nostre projecte de <\/span><i><span style=\"font-weight: 400;\">Consci\u00e8ncia fonol\u00f2gica <\/span><\/i><span style=\"font-weight: 400;\">consta de diferents activitats destinades a desenvolupar les diferents dimensions de la consci\u00e8ncia fonol\u00f2gica:<\/span><\/p>\n<ul>\n<li aria-level=\"1\"><b>Jocs d&#8217;escoltar.<\/b><span style=\"font-weight: 400;\"> Per entrenar les habilitats d&#8217;escolta selectiva.<\/span><\/li>\n<\/ul>\n<ul>\n<li aria-level=\"1\"><b>Rimar<\/b><span style=\"font-weight: 400;\">. Utilitzar la rima per introduir els nens en els sons de les paraules.<\/span><\/li>\n<\/ul>\n<ul>\n<li aria-level=\"1\"><b>Paraules i frases.<\/b><span style=\"font-weight: 400;\"> Per desenvolupar la consci\u00e8ncia en els nens sobre que el llenguatge est\u00e0 format per cadenes de paraules.<\/span><\/li>\n<\/ul>\n<ul>\n<li aria-level=\"1\"><b>Consci\u00e8ncia de s\u00edl\u00b7laba<\/b><span style=\"font-weight: 400;\">. Per desenvolupar l&#8217;habilitat d&#8217;analitzar paraules en s\u00edl\u00b7labes separades i desenvolupar l&#8217;habilitat de sintetitzar paraules a partir de trossos de s\u00edl\u00b7labes separades.<\/span><\/li>\n<\/ul>\n<ul>\n<li aria-level=\"1\"><b>Sons inicial i final.<\/b><span style=\"font-weight: 400;\"> Per ensenyar als nens que les paraules consten de fonemes i per introduir-los en com sonen i se senten els fonemes de forma a\u00efllada quan parlem.<\/span><\/li>\n<\/ul>\n<ul>\n<li aria-level=\"1\"><b>Fonemes<\/b><span style=\"font-weight: 400;\">. Per desenvolupar l&#8217;habilitat per analitzar paraules en una seq\u00fc\u00e8ncia de fonemes separats i desenvolupar l&#8217;habilitat de sintetitzar paraules a partir de la seq\u00fc\u00e8ncia de fonemes separats.<\/span><\/li>\n<\/ul>\n<ul>\n<li aria-level=\"1\"><b>Introducci\u00f3 a les lletres i a lletrejar<\/b><span style=\"font-weight: 400;\">. Per tal d&#8217;introduir la relaci\u00f3 entre lletres o grafies i sons de la parla.<\/span><\/li>\n<\/ul>\n<p><a href=\"https:\/\/agora.xtec.cat\/ceipjoanotalisanda\/wp-content\/uploads\/usu1478\/2024\/01\/consciencia-fonologia.jpg\"><img loading=\"lazy\" decoding=\"async\" class=\"aligncenter size-full wp-image-19351\" src=\"https:\/\/agora.xtec.cat\/ceipjoanotalisanda\/wp-content\/uploads\/usu1478\/2024\/01\/consciencia-fonologia.jpg\" alt=\"\" width=\"310\" height=\"171\" srcset=\"https:\/\/agora.xtec.cat\/ceipjoanotalisanda\/wp-content\/uploads\/usu1478\/2024\/01\/consciencia-fonologia.jpg 310w, https:\/\/agora.xtec.cat\/ceipjoanotalisanda\/wp-content\/uploads\/usu1478\/2024\/01\/consciencia-fonologia-300x165.jpg 300w\" sizes=\"auto, (max-width: 310px) 100vw, 310px\" \/><\/a><\/p>\n","protected":false},"excerpt":{"rendered":"<p>La Consci\u00e8ncia Fonol\u00f2gica \u00e9s considerada una habilitat que possibilita als nens i nenes percebre i sentir (identificar) conscientment els sons que formen les paraules i poder \u201cjugar\u201d amb ells, manipular-los. \u00c9s un treball b\u00e0sicament auditiu i \u00e9s previ a l\u2019ensenyament de la correspond\u00e8ncia so-grafia.\u00a0Caldr\u00e0 que&hellip;  <a href=\"https:\/\/agora.xtec.cat\/ceipjoanotalisanda\/projectes\/consciencia-fonologica\/\" title=\"Read Consci\u00e8ncia fonol\u00f2gica\">Llegeix m\u00e9s\u00bb<\/a><\/p>\n","protected":false},"author":1,"featured_media":0,"parent":19196,"menu_order":0,"comment_status":"closed","ping_status":"closed","template":"","meta":{"_bbp_topic_count":0,"_bbp_reply_count":0,"_bbp_total_topic_count":0,"_bbp_total_reply_count":0,"_bbp_voice_count":0,"_bbp_anonymous_reply_count":0,"_bbp_topic_count_hidden":0,"_bbp_reply_count_hidden":0,"_bbp_forum_subforum_count":0,"footnotes":""},"class_list":["post-19298","page","type-page","status-publish","hentry"],"post_mailing_queue_ids":[],"_links":{"self":[{"href":"https:\/\/agora.xtec.cat\/ceipjoanotalisanda\/wp-json\/wp\/v2\/pages\/19298","targetHints":{"allow":["GET"]}}],"collection":[{"href":"https:\/\/agora.xtec.cat\/ceipjoanotalisanda\/wp-json\/wp\/v2\/pages"}],"about":[{"href":"https:\/\/agora.xtec.cat\/ceipjoanotalisanda\/wp-json\/wp\/v2\/types\/page"}],"author":[{"embeddable":true,"href":"https:\/\/agora.xtec.cat\/ceipjoanotalisanda\/wp-json\/wp\/v2\/users\/1"}],"replies":[{"embeddable":true,"href":"https:\/\/agora.xtec.cat\/ceipjoanotalisanda\/wp-json\/wp\/v2\/comments?post=19298"}],"version-history":[{"count":3,"href":"https:\/\/agora.xtec.cat\/ceipjoanotalisanda\/wp-json\/wp\/v2\/pages\/19298\/revisions"}],"predecessor-version":[{"id":19353,"href":"https:\/\/agora.xtec.cat\/ceipjoanotalisanda\/wp-json\/wp\/v2\/pages\/19298\/revisions\/19353"}],"up":[{"embeddable":true,"href":"https:\/\/agora.xtec.cat\/ceipjoanotalisanda\/wp-json\/wp\/v2\/pages\/19196"}],"wp:attachment":[{"href":"https:\/\/agora.xtec.cat\/ceipjoanotalisanda\/wp-json\/wp\/v2\/media?parent=19298"}],"curies":[{"name":"wp","href":"https:\/\/api.w.org\/{rel}","templated":true}]}}

Consciència fonològica

<p><span style="font-weight: 400;">La Consciència Fonològica és considerada una habilitat que possibilita als nens i nenes percebre i sentir (identificar) conscientment els sons que formen les paraules i poder “jugar” amb ells, manipular-los. És un treball bàsicament auditiu i és previ a l’ensenyament de la correspondència so-grafia. </span><span style="font-weight: 400;">Caldrà que comprenguin que aquests sons que es poden representar amb les grafies són els mateixos sons de la parla.</span></p>
<p><span style="font-weight: 400;">L’aprenentatge de la consciència fonològica té dos objectius principals: per una banda, ajudar els infants a percebre els fonemes en les paraules, a descobrir la seva existència i a discriminar-los i, per l’altra, ajudar-los a fer la connexió entre els fonemes de les paraules i les lletres de l’alfabet. </span></p>
<p>Des d&#8217;EI3 fins a segon es dedica una sessió setmanal en petit grup a treballar la consciència fonològica amb l&#8217;objectiu de facilitar el seu procés de lectoescriptura.</p>
<p><span style="font-weight: 400;">El nostre projecte de </span><i><span style="font-weight: 400;">Consciència fonològica </span></i><span style="font-weight: 400;">consta de diferents activitats destinades a desenvolupar les diferents dimensions de la consciència fonològica:</span></p>
<ul>
<li aria-level="1"><b>Jocs d&#8217;escoltar.</b><span style="font-weight: 400;"> Per entrenar les habilitats d&#8217;escolta selectiva.</span></li>
</ul>
<ul>
<li aria-level="1"><b>Rimar</b><span style="font-weight: 400;">. Utilitzar la rima per introduir els nens en els sons de les paraules.</span></li>
</ul>
<ul>
<li aria-level="1"><b>Paraules i frases.</b><span style="font-weight: 400;"> Per desenvolupar la consciència en els nens sobre que el llenguatge està format per cadenes de paraules.</span></li>
</ul>
<ul>
<li aria-level="1"><b>Consciència de síl·laba</b><span style="font-weight: 400;">. Per desenvolupar l&#8217;habilitat d&#8217;analitzar paraules en síl·labes separades i desenvolupar l&#8217;habilitat de sintetitzar paraules a partir de trossos de síl·labes separades.</span></li>
</ul>
<ul>
<li aria-level="1"><b>Sons inicial i final.</b><span style="font-weight: 400;"> Per ensenyar als nens que les paraules consten de fonemes i per introduir-los en com sonen i se senten els fonemes de forma aïllada quan parlem.</span></li>
</ul>
<ul>
<li aria-level="1"><b>Fonemes</b><span style="font-weight: 400;">. Per desenvolupar l&#8217;habilitat per analitzar paraules en una seqüència de fonemes separats i desenvolupar l&#8217;habilitat de sintetitzar paraules a partir de la seqüència de fonemes separats.</span></li>
</ul>
<ul>
<li aria-level="1"><b>Introducció a les lletres i a lletrejar</b><span style="font-weight: 400;">. Per tal d&#8217;introduir la relació entre lletres o grafies i sons de la parla.</span></li>
</ul>
<p><a href="https://agora.xtec.cat/ceipjoanotalisanda/wp-content/uploads/usu1478/2024/01/consciencia-fonologia.jpg"><img loading="lazy" decoding="async" class="aligncenter size-full wp-image-19351" src="https://agora.xtec.cat/ceipjoanotalisanda/wp-content/uploads/usu1478/2024/01/consciencia-fonologia.jpg" alt="" width="310" height="171" srcset="https://agora.xtec.cat/ceipjoanotalisanda/wp-content/uploads/usu1478/2024/01/consciencia-fonologia.jpg 310w, https://agora.xtec.cat/ceipjoanotalisanda/wp-content/uploads/usu1478/2024/01/consciencia-fonologia-300x165.jpg 300w" sizes="auto, (max-width: 310px) 100vw, 310px" /></a></p>

<p>La Consciència Fonològica és considerada una habilitat que possibilita als nens i nenes percebre i sentir (identificar) conscientment els sons que formen les paraules i poder “jugar” amb ells, manipular-los. És un treball bàsicament auditiu i és previ a l’ensenyament de la correspondència so-grafia. Caldrà que&hellip;  <a href="https://agora.xtec.cat/ceipjoanotalisanda/projectes/consciencia-fonologica/" title="Read Consciència fonològica">Llegeix més»</a></p>
