{"id":19296,"date":"2024-01-15T22:56:58","date_gmt":"2024-01-15T21:56:58","guid":{"rendered":"https:\/\/agora.xtec.cat\/ceipjoanotalisanda\/?page_id=19296"},"modified":"2024-02-05T07:28:26","modified_gmt":"2024-02-05T06:28:26","slug":"parelles-lectores","status":"publish","type":"page","link":"https:\/\/agora.xtec.cat\/ceipjoanotalisanda\/projectes\/parelles-lectores\/","title":{"rendered":"Parelles lectores"},"content":{"rendered":"<p>El projecte de parelles lectores s&#8217;inicia a prim\u00e0ria. L&#8217;alumnat de primer s&#8217;aparella amb el de quart, l&#8217;alumnat de segon amb el de cinqu\u00e8 i l&#8217;alumnat de tercer amb el de sis\u00e8. De forma quinzenal es troben per a compartir activitats on l&#8217;eix \u00e9s la lectura. Comparteixen contes, inventen rodolins, fan petites comprensions lectores i aix\u00ed aprenen de forma conjunta.<\/p>\n<p><a href=\"https:\/\/agora.xtec.cat\/ceipjoanotalisanda\/wp-content\/uploads\/usu1478\/2024\/02\/1707114312930.jpg\"><img loading=\"lazy\" decoding=\"async\" class=\"alignleft wp-image-19504 size-medium\" src=\"https:\/\/agora.xtec.cat\/ceipjoanotalisanda\/wp-content\/uploads\/usu1478\/2024\/02\/1707114312930-300x169.jpg\" alt=\"\" width=\"300\" height=\"169\" srcset=\"https:\/\/agora.xtec.cat\/ceipjoanotalisanda\/wp-content\/uploads\/usu1478\/2024\/02\/1707114312930-300x169.jpg 300w, https:\/\/agora.xtec.cat\/ceipjoanotalisanda\/wp-content\/uploads\/usu1478\/2024\/02\/1707114312930-1024x576.jpg 1024w, https:\/\/agora.xtec.cat\/ceipjoanotalisanda\/wp-content\/uploads\/usu1478\/2024\/02\/1707114312930-768x432.jpg 768w, https:\/\/agora.xtec.cat\/ceipjoanotalisanda\/wp-content\/uploads\/usu1478\/2024\/02\/1707114312930-1536x864.jpg 1536w, https:\/\/agora.xtec.cat\/ceipjoanotalisanda\/wp-content\/uploads\/usu1478\/2024\/02\/1707114312930.jpg 1600w\" sizes=\"auto, (max-width: 300px) 100vw, 300px\" \/><\/a> <a href=\"https:\/\/agora.xtec.cat\/ceipjoanotalisanda\/wp-content\/uploads\/usu1478\/2024\/02\/1707114313037.jpg\"><img loading=\"lazy\" decoding=\"async\" class=\"alignright wp-image-19505 size-medium\" src=\"https:\/\/agora.xtec.cat\/ceipjoanotalisanda\/wp-content\/uploads\/usu1478\/2024\/02\/1707114313037-300x169.jpg\" alt=\"\" width=\"300\" height=\"169\" srcset=\"https:\/\/agora.xtec.cat\/ceipjoanotalisanda\/wp-content\/uploads\/usu1478\/2024\/02\/1707114313037-300x169.jpg 300w, https:\/\/agora.xtec.cat\/ceipjoanotalisanda\/wp-content\/uploads\/usu1478\/2024\/02\/1707114313037-1024x576.jpg 1024w, https:\/\/agora.xtec.cat\/ceipjoanotalisanda\/wp-content\/uploads\/usu1478\/2024\/02\/1707114313037-768x432.jpg 768w, https:\/\/agora.xtec.cat\/ceipjoanotalisanda\/wp-content\/uploads\/usu1478\/2024\/02\/1707114313037-1536x864.jpg 1536w, https:\/\/agora.xtec.cat\/ceipjoanotalisanda\/wp-content\/uploads\/usu1478\/2024\/02\/1707114313037.jpg 1600w\" sizes=\"auto, (max-width: 300px) 100vw, 300px\" \/><\/a> <a href=\"https:\/\/agora.xtec.cat\/ceipjoanotalisanda\/wp-content\/uploads\/usu1478\/2024\/02\/1707114312982.jpg\"><img loading=\"lazy\" decoding=\"async\" class=\"aligncenter size-full wp-image-19507\" src=\"https:\/\/agora.xtec.cat\/ceipjoanotalisanda\/wp-content\/uploads\/usu1478\/2024\/02\/1707114312982.jpg\" alt=\"\" width=\"1600\" height=\"900\" srcset=\"https:\/\/agora.xtec.cat\/ceipjoanotalisanda\/wp-content\/uploads\/usu1478\/2024\/02\/1707114312982.jpg 1600w, https:\/\/agora.xtec.cat\/ceipjoanotalisanda\/wp-content\/uploads\/usu1478\/2024\/02\/1707114312982-300x169.jpg 300w, https:\/\/agora.xtec.cat\/ceipjoanotalisanda\/wp-content\/uploads\/usu1478\/2024\/02\/1707114312982-1024x576.jpg 1024w, https:\/\/agora.xtec.cat\/ceipjoanotalisanda\/wp-content\/uploads\/usu1478\/2024\/02\/1707114312982-768x432.jpg 768w, https:\/\/agora.xtec.cat\/ceipjoanotalisanda\/wp-content\/uploads\/usu1478\/2024\/02\/1707114312982-1536x864.jpg 1536w\" sizes=\"auto, (max-width: 1600px) 100vw, 1600px\" \/><\/a><\/p>\n","protected":false},"excerpt":{"rendered":"<p>El projecte de parelles lectores s&#8217;inicia a prim\u00e0ria. L&#8217;alumnat de primer s&#8217;aparella amb el de quart, l&#8217;alumnat de segon amb el de cinqu\u00e8 i l&#8217;alumnat de tercer amb el de sis\u00e8. De forma quinzenal es troben per a compartir activitats on l&#8217;eix \u00e9s la lectura.&hellip;  <a href=\"https:\/\/agora.xtec.cat\/ceipjoanotalisanda\/projectes\/parelles-lectores\/\" title=\"Read Parelles lectores\">Llegeix m\u00e9s\u00bb<\/a><\/p>\n","protected":false},"author":1,"featured_media":0,"parent":19196,"menu_order":0,"comment_status":"closed","ping_status":"closed","template":"","meta":{"_bbp_topic_count":0,"_bbp_reply_count":0,"_bbp_total_topic_count":0,"_bbp_total_reply_count":0,"_bbp_voice_count":0,"_bbp_anonymous_reply_count":0,"_bbp_topic_count_hidden":0,"_bbp_reply_count_hidden":0,"_bbp_forum_subforum_count":0,"footnotes":""},"class_list":["post-19296","page","type-page","status-publish","hentry"],"post_mailing_queue_ids":[],"_links":{"self":[{"href":"https:\/\/agora.xtec.cat\/ceipjoanotalisanda\/wp-json\/wp\/v2\/pages\/19296","targetHints":{"allow":["GET"]}}],"collection":[{"href":"https:\/\/agora.xtec.cat\/ceipjoanotalisanda\/wp-json\/wp\/v2\/pages"}],"about":[{"href":"https:\/\/agora.xtec.cat\/ceipjoanotalisanda\/wp-json\/wp\/v2\/types\/page"}],"author":[{"embeddable":true,"href":"https:\/\/agora.xtec.cat\/ceipjoanotalisanda\/wp-json\/wp\/v2\/users\/1"}],"replies":[{"embeddable":true,"href":"https:\/\/agora.xtec.cat\/ceipjoanotalisanda\/wp-json\/wp\/v2\/comments?post=19296"}],"version-history":[{"count":3,"href":"https:\/\/agora.xtec.cat\/ceipjoanotalisanda\/wp-json\/wp\/v2\/pages\/19296\/revisions"}],"predecessor-version":[{"id":19508,"href":"https:\/\/agora.xtec.cat\/ceipjoanotalisanda\/wp-json\/wp\/v2\/pages\/19296\/revisions\/19508"}],"up":[{"embeddable":true,"href":"https:\/\/agora.xtec.cat\/ceipjoanotalisanda\/wp-json\/wp\/v2\/pages\/19196"}],"wp:attachment":[{"href":"https:\/\/agora.xtec.cat\/ceipjoanotalisanda\/wp-json\/wp\/v2\/media?parent=19296"}],"curies":[{"name":"wp","href":"https:\/\/api.w.org\/{rel}","templated":true}]}}

<p>El projecte de parelles lectores s&#8217;inicia a primària. L&#8217;alumnat de primer s&#8217;aparella amb el de quart, l&#8217;alumnat de segon amb el de cinquè i l&#8217;alumnat de tercer amb el de sisè. De forma quinzenal es troben per a compartir activitats on l&#8217;eix és la lectura. Comparteixen contes, inventen rodolins, fan petites comprensions lectores i així aprenen de forma conjunta.</p>
<p><a href="https://agora.xtec.cat/ceipjoanotalisanda/wp-content/uploads/usu1478/2024/02/1707114312930.jpg"><img loading="lazy" decoding="async" class="alignleft wp-image-19504 size-medium" src="https://agora.xtec.cat/ceipjoanotalisanda/wp-content/uploads/usu1478/2024/02/1707114312930-300x169.jpg" alt="" width="300" height="169" srcset="https://agora.xtec.cat/ceipjoanotalisanda/wp-content/uploads/usu1478/2024/02/1707114312930-300x169.jpg 300w, https://agora.xtec.cat/ceipjoanotalisanda/wp-content/uploads/usu1478/2024/02/1707114312930-1024x576.jpg 1024w, https://agora.xtec.cat/ceipjoanotalisanda/wp-content/uploads/usu1478/2024/02/1707114312930-768x432.jpg 768w, https://agora.xtec.cat/ceipjoanotalisanda/wp-content/uploads/usu1478/2024/02/1707114312930-1536x864.jpg 1536w, https://agora.xtec.cat/ceipjoanotalisanda/wp-content/uploads/usu1478/2024/02/1707114312930.jpg 1600w" sizes="auto, (max-width: 300px) 100vw, 300px" /></a> <a href="https://agora.xtec.cat/ceipjoanotalisanda/wp-content/uploads/usu1478/2024/02/1707114313037.jpg"><img loading="lazy" decoding="async" class="alignright wp-image-19505 size-medium" src="https://agora.xtec.cat/ceipjoanotalisanda/wp-content/uploads/usu1478/2024/02/1707114313037-300x169.jpg" alt="" width="300" height="169" srcset="https://agora.xtec.cat/ceipjoanotalisanda/wp-content/uploads/usu1478/2024/02/1707114313037-300x169.jpg 300w, https://agora.xtec.cat/ceipjoanotalisanda/wp-content/uploads/usu1478/2024/02/1707114313037-1024x576.jpg 1024w, https://agora.xtec.cat/ceipjoanotalisanda/wp-content/uploads/usu1478/2024/02/1707114313037-768x432.jpg 768w, https://agora.xtec.cat/ceipjoanotalisanda/wp-content/uploads/usu1478/2024/02/1707114313037-1536x864.jpg 1536w, https://agora.xtec.cat/ceipjoanotalisanda/wp-content/uploads/usu1478/2024/02/1707114313037.jpg 1600w" sizes="auto, (max-width: 300px) 100vw, 300px" /></a> <a href="https://agora.xtec.cat/ceipjoanotalisanda/wp-content/uploads/usu1478/2024/02/1707114312982.jpg"><img loading="lazy" decoding="async" class="aligncenter size-full wp-image-19507" src="https://agora.xtec.cat/ceipjoanotalisanda/wp-content/uploads/usu1478/2024/02/1707114312982.jpg" alt="" width="1600" height="900" srcset="https://agora.xtec.cat/ceipjoanotalisanda/wp-content/uploads/usu1478/2024/02/1707114312982.jpg 1600w, https://agora.xtec.cat/ceipjoanotalisanda/wp-content/uploads/usu1478/2024/02/1707114312982-300x169.jpg 300w, https://agora.xtec.cat/ceipjoanotalisanda/wp-content/uploads/usu1478/2024/02/1707114312982-1024x576.jpg 1024w, https://agora.xtec.cat/ceipjoanotalisanda/wp-content/uploads/usu1478/2024/02/1707114312982-768x432.jpg 768w, https://agora.xtec.cat/ceipjoanotalisanda/wp-content/uploads/usu1478/2024/02/1707114312982-1536x864.jpg 1536w" sizes="auto, (max-width: 1600px) 100vw, 1600px" /></a></p>

<p>El projecte de parelles lectores s&#8217;inicia a primària. L&#8217;alumnat de primer s&#8217;aparella amb el de quart, l&#8217;alumnat de segon amb el de cinquè i l&#8217;alumnat de tercer amb el de sisè. De forma quinzenal es troben per a compartir activitats on l&#8217;eix és la lectura.&hellip;  <a href="https://agora.xtec.cat/ceipjoanotalisanda/projectes/parelles-lectores/" title="Read Parelles lectores">Llegeix més»</a></p>
