{"id":19249,"date":"2024-01-12T19:06:56","date_gmt":"2024-01-12T18:06:56","guid":{"rendered":"https:\/\/agora.xtec.cat\/ceipjoanotalisanda\/?page_id=19249"},"modified":"2024-02-27T14:43:13","modified_gmt":"2024-02-27T13:43:13","slug":"la-setmana-de-la-vida-submarina","status":"publish","type":"page","link":"https:\/\/agora.xtec.cat\/ceipjoanotalisanda\/projectes\/setmana-de\/la-setmana-de-la-vida-submarina\/","title":{"rendered":"La setmana de la Vida Submarina 22-23"},"content":{"rendered":"<p>La setmana del 6 al 10 de febrer hem estat treballant l&#8217;<em>ODS 14: La vida submarina<\/em> a tota l&#8217;escola.<\/p>\n<p>Des d&#8217;EI3 fins a sis\u00e8 tot l&#8217;alumnat ha fet tallers, investigacions, jocs, presentacions, esl\u00f2gans&#8230;.. i hem apr\u00e8s mooooltes coses.<\/p>\n<p>Al llarg de la setmana hem elaborat un dec\u00e0leg exposant a qu\u00e8 ens comprometem per tal de preservar el mar:\u00a0<a href=\"https:\/\/drive.google.com\/file\/d\/1_RJfJiEoFxXZuOvqXoy0w6VYt8nYRYU9\/view?usp=sharing\" target=\"_blank\" rel=\"noopener\">Dec\u00e0leg<\/a><\/p>\n<p>Tamb\u00e9 hem elaborat un recull perqu\u00e8 a cada aula s&#8217;han convertit en experts sobre un animal concret que viu a les nostres costes! Aqu\u00ed el teniu: <a href=\"https:\/\/drive.google.com\/file\/d\/1l7fy6y7uy_XSqRnRJFN--XA_8sdMyd33\/view?usp=sharing\" target=\"_blank\" rel=\"noopener\">Els animals marins del Joanot<\/a><\/p>\n<p>I per acabar us enllacem el recull de fotografies per a les fam\u00edlies de l&#8217;escola, ja que est\u00e0 protegit amb contrasenya\u00a0<a href=\"https:\/\/agora.xtec.cat\/ceipjoanotalisanda\/nivells\/recull-de-fotografies\/\" target=\"_blank\" rel=\"noopener\">Recull de fotografies<\/a><\/p>\n<p>&nbsp;<\/p>\n","protected":false},"excerpt":{"rendered":"<p>La setmana del 6 al 10 de febrer hem estat treballant l&#8217;ODS 14: La vida submarina a tota l&#8217;escola.<br \/>\nDes d&#8217;EI3 fins a sis\u00e8 tot l&#8217;alumnat ha fet tallers, investigacions, jocs, presentacions, esl\u00f2gans&#8230;.. i hem apr\u00e8s mooooltes coses.<br \/>\nAl llarg de la setmana hem elaborat un dec\u00e0leg&hellip;  <a href=\"https:\/\/agora.xtec.cat\/ceipjoanotalisanda\/projectes\/setmana-de\/la-setmana-de-la-vida-submarina\/\" title=\"Read La setmana de la Vida Submarina 22-23\">Llegeix m\u00e9s\u00bb<\/a><\/p>\n","protected":false},"author":1,"featured_media":0,"parent":712,"menu_order":7,"comment_status":"closed","ping_status":"closed","template":"page-templates\/side-menu.php","meta":{"_bbp_topic_count":0,"_bbp_reply_count":0,"_bbp_total_topic_count":0,"_bbp_total_reply_count":0,"_bbp_voice_count":0,"_bbp_anonymous_reply_count":0,"_bbp_topic_count_hidden":0,"_bbp_reply_count_hidden":0,"_bbp_forum_subforum_count":0,"footnotes":""},"class_list":["post-19249","page","type-page","status-publish","hentry"],"post_mailing_queue_ids":[],"_links":{"self":[{"href":"https:\/\/agora.xtec.cat\/ceipjoanotalisanda\/wp-json\/wp\/v2\/pages\/19249","targetHints":{"allow":["GET"]}}],"collection":[{"href":"https:\/\/agora.xtec.cat\/ceipjoanotalisanda\/wp-json\/wp\/v2\/pages"}],"about":[{"href":"https:\/\/agora.xtec.cat\/ceipjoanotalisanda\/wp-json\/wp\/v2\/types\/page"}],"author":[{"embeddable":true,"href":"https:\/\/agora.xtec.cat\/ceipjoanotalisanda\/wp-json\/wp\/v2\/users\/1"}],"replies":[{"embeddable":true,"href":"https:\/\/agora.xtec.cat\/ceipjoanotalisanda\/wp-json\/wp\/v2\/comments?post=19249"}],"version-history":[{"count":3,"href":"https:\/\/agora.xtec.cat\/ceipjoanotalisanda\/wp-json\/wp\/v2\/pages\/19249\/revisions"}],"predecessor-version":[{"id":19652,"href":"https:\/\/agora.xtec.cat\/ceipjoanotalisanda\/wp-json\/wp\/v2\/pages\/19249\/revisions\/19652"}],"up":[{"embeddable":true,"href":"https:\/\/agora.xtec.cat\/ceipjoanotalisanda\/wp-json\/wp\/v2\/pages\/712"}],"wp:attachment":[{"href":"https:\/\/agora.xtec.cat\/ceipjoanotalisanda\/wp-json\/wp\/v2\/media?parent=19249"}],"curies":[{"name":"wp","href":"https:\/\/api.w.org\/{rel}","templated":true}]}}

<p>La setmana del 6 al 10 de febrer hem estat treballant l&#8217;<em>ODS 14: La vida submarina</em> a tota l&#8217;escola.</p>
<p>Des d&#8217;EI3 fins a sisè tot l&#8217;alumnat ha fet tallers, investigacions, jocs, presentacions, eslògans&#8230;.. i hem après mooooltes coses.</p>
<p>Al llarg de la setmana hem elaborat un decàleg exposant a què ens comprometem per tal de preservar el mar: <a href="https://drive.google.com/file/d/1_RJfJiEoFxXZuOvqXoy0w6VYt8nYRYU9/view?usp=sharing" target="_blank" rel="noopener">Decàleg</a></p>
<p>També hem elaborat un recull perquè a cada aula s&#8217;han convertit en experts sobre un animal concret que viu a les nostres costes! Aquí el teniu: <a href="https://drive.google.com/file/d/1l7fy6y7uy_XSqRnRJFN--XA_8sdMyd33/view?usp=sharing" target="_blank" rel="noopener">Els animals marins del Joanot</a></p>
<p>I per acabar us enllacem el recull de fotografies per a les famílies de l&#8217;escola, ja que està protegit amb contrasenya <a href="https://agora.xtec.cat/ceipjoanotalisanda/nivells/recull-de-fotografies/" target="_blank" rel="noopener">Recull de fotografies</a></p>
<p>&nbsp;</p>

<p>La setmana del 6 al 10 de febrer hem estat treballant l&#8217;ODS 14: La vida submarina a tota l&#8217;escola.<br />
Des d&#8217;EI3 fins a sisè tot l&#8217;alumnat ha fet tallers, investigacions, jocs, presentacions, eslògans&#8230;.. i hem après mooooltes coses.<br />
Al llarg de la setmana hem elaborat un decàleg&hellip;  <a href="https://agora.xtec.cat/ceipjoanotalisanda/projectes/setmana-de/la-setmana-de-la-vida-submarina/" title="Read La setmana de la Vida Submarina 22-23">Llegeix més»</a></p>
