{"id":19230,"date":"2024-01-12T18:48:29","date_gmt":"2024-01-12T17:48:29","guid":{"rendered":"https:\/\/agora.xtec.cat\/ceipjoanotalisanda\/?page_id=19230"},"modified":"2024-02-05T07:26:44","modified_gmt":"2024-02-05T06:26:44","slug":"lhort","status":"publish","type":"page","link":"https:\/\/agora.xtec.cat\/ceipjoanotalisanda\/projectes\/lhort\/","title":{"rendered":"L&#8217;hort"},"content":{"rendered":"<p>L&#8217;hort \u00e9s un projecte educatiu per treballar h\u00e0bits, valors, cooperaci\u00f3, participaci\u00f3 i autonomia d&#8217;una forma transversal. \u00c9s una font d&#8217;aprenentatge molt important des de les m\u00e9s petites i petites de l&#8217;escola fins als\/els m\u00e9s grans. Aprenen no nom\u00e9s coneixements sobre les plantes o les verdures i com tenir-ne cura, sin\u00f3 tamb\u00e9 valors i comprom\u00eds personal.<\/p>\n<p><a href=\"https:\/\/agora.xtec.cat\/ceipjoanotalisanda\/wp-content\/uploads\/usu1478\/2024\/02\/Hort-2.jpg\"><img loading=\"lazy\" decoding=\"async\" class=\"aligncenter size-full wp-image-19501\" src=\"https:\/\/agora.xtec.cat\/ceipjoanotalisanda\/wp-content\/uploads\/usu1478\/2024\/02\/Hort-2.jpg\" alt=\"\" width=\"2048\" height=\"1536\" srcset=\"https:\/\/agora.xtec.cat\/ceipjoanotalisanda\/wp-content\/uploads\/usu1478\/2024\/02\/Hort-2.jpg 2048w, https:\/\/agora.xtec.cat\/ceipjoanotalisanda\/wp-content\/uploads\/usu1478\/2024\/02\/Hort-2-300x225.jpg 300w, https:\/\/agora.xtec.cat\/ceipjoanotalisanda\/wp-content\/uploads\/usu1478\/2024\/02\/Hort-2-1024x768.jpg 1024w, https:\/\/agora.xtec.cat\/ceipjoanotalisanda\/wp-content\/uploads\/usu1478\/2024\/02\/Hort-2-768x576.jpg 768w, https:\/\/agora.xtec.cat\/ceipjoanotalisanda\/wp-content\/uploads\/usu1478\/2024\/02\/Hort-2-1536x1152.jpg 1536w, https:\/\/agora.xtec.cat\/ceipjoanotalisanda\/wp-content\/uploads\/usu1478\/2024\/02\/Hort-2-200x150.jpg 200w\" sizes=\"auto, (max-width: 2048px) 100vw, 2048px\" \/><\/a><\/p>\n<p><a href=\"https:\/\/agora.xtec.cat\/ceipjoanotalisanda\/wp-content\/uploads\/usu1478\/2024\/02\/1707114312958.jpg\"><img loading=\"lazy\" decoding=\"async\" class=\"aligncenter size-full wp-image-19502\" src=\"https:\/\/agora.xtec.cat\/ceipjoanotalisanda\/wp-content\/uploads\/usu1478\/2024\/02\/1707114312958.jpg\" alt=\"\" width=\"1600\" height=\"1328\" srcset=\"https:\/\/agora.xtec.cat\/ceipjoanotalisanda\/wp-content\/uploads\/usu1478\/2024\/02\/1707114312958.jpg 1600w, https:\/\/agora.xtec.cat\/ceipjoanotalisanda\/wp-content\/uploads\/usu1478\/2024\/02\/1707114312958-300x250.jpg 300w, https:\/\/agora.xtec.cat\/ceipjoanotalisanda\/wp-content\/uploads\/usu1478\/2024\/02\/1707114312958-1024x850.jpg 1024w, https:\/\/agora.xtec.cat\/ceipjoanotalisanda\/wp-content\/uploads\/usu1478\/2024\/02\/1707114312958-768x637.jpg 768w, https:\/\/agora.xtec.cat\/ceipjoanotalisanda\/wp-content\/uploads\/usu1478\/2024\/02\/1707114312958-1536x1275.jpg 1536w\" sizes=\"auto, (max-width: 1600px) 100vw, 1600px\" \/><\/a><\/p>\n","protected":false},"excerpt":{"rendered":"<p>L&#8217;hort \u00e9s un projecte educatiu per treballar h\u00e0bits, valors, cooperaci\u00f3, participaci\u00f3 i autonomia d&#8217;una forma transversal. \u00c9s una font d&#8217;aprenentatge molt important des de les m\u00e9s petites i petites de l&#8217;escola fins als\/els m\u00e9s grans. Aprenen no nom\u00e9s coneixements sobre les plantes o les verdures&hellip;  <a href=\"https:\/\/agora.xtec.cat\/ceipjoanotalisanda\/projectes\/lhort\/\" title=\"Read L&#8217;hort\">Llegeix m\u00e9s\u00bb<\/a><\/p>\n","protected":false},"author":1,"featured_media":0,"parent":19196,"menu_order":0,"comment_status":"closed","ping_status":"closed","template":"","meta":{"_bbp_topic_count":0,"_bbp_reply_count":0,"_bbp_total_topic_count":0,"_bbp_total_reply_count":0,"_bbp_voice_count":0,"_bbp_anonymous_reply_count":0,"_bbp_topic_count_hidden":0,"_bbp_reply_count_hidden":0,"_bbp_forum_subforum_count":0,"footnotes":""},"class_list":["post-19230","page","type-page","status-publish","hentry"],"post_mailing_queue_ids":[],"_links":{"self":[{"href":"https:\/\/agora.xtec.cat\/ceipjoanotalisanda\/wp-json\/wp\/v2\/pages\/19230","targetHints":{"allow":["GET"]}}],"collection":[{"href":"https:\/\/agora.xtec.cat\/ceipjoanotalisanda\/wp-json\/wp\/v2\/pages"}],"about":[{"href":"https:\/\/agora.xtec.cat\/ceipjoanotalisanda\/wp-json\/wp\/v2\/types\/page"}],"author":[{"embeddable":true,"href":"https:\/\/agora.xtec.cat\/ceipjoanotalisanda\/wp-json\/wp\/v2\/users\/1"}],"replies":[{"embeddable":true,"href":"https:\/\/agora.xtec.cat\/ceipjoanotalisanda\/wp-json\/wp\/v2\/comments?post=19230"}],"version-history":[{"count":6,"href":"https:\/\/agora.xtec.cat\/ceipjoanotalisanda\/wp-json\/wp\/v2\/pages\/19230\/revisions"}],"predecessor-version":[{"id":19503,"href":"https:\/\/agora.xtec.cat\/ceipjoanotalisanda\/wp-json\/wp\/v2\/pages\/19230\/revisions\/19503"}],"up":[{"embeddable":true,"href":"https:\/\/agora.xtec.cat\/ceipjoanotalisanda\/wp-json\/wp\/v2\/pages\/19196"}],"wp:attachment":[{"href":"https:\/\/agora.xtec.cat\/ceipjoanotalisanda\/wp-json\/wp\/v2\/media?parent=19230"}],"curies":[{"name":"wp","href":"https:\/\/api.w.org\/{rel}","templated":true}]}}

<p>L&#8217;hort és un projecte educatiu per treballar hàbits, valors, cooperació, participació i autonomia d&#8217;una forma transversal. És una font d&#8217;aprenentatge molt important des de les més petites i petites de l&#8217;escola fins als/els més grans. Aprenen no només coneixements sobre les plantes o les verdures i com tenir-ne cura, sinó també valors i compromís personal.</p>
<p><a href="https://agora.xtec.cat/ceipjoanotalisanda/wp-content/uploads/usu1478/2024/02/Hort-2.jpg"><img loading="lazy" decoding="async" class="aligncenter size-full wp-image-19501" src="https://agora.xtec.cat/ceipjoanotalisanda/wp-content/uploads/usu1478/2024/02/Hort-2.jpg" alt="" width="2048" height="1536" srcset="https://agora.xtec.cat/ceipjoanotalisanda/wp-content/uploads/usu1478/2024/02/Hort-2.jpg 2048w, https://agora.xtec.cat/ceipjoanotalisanda/wp-content/uploads/usu1478/2024/02/Hort-2-300x225.jpg 300w, https://agora.xtec.cat/ceipjoanotalisanda/wp-content/uploads/usu1478/2024/02/Hort-2-1024x768.jpg 1024w, https://agora.xtec.cat/ceipjoanotalisanda/wp-content/uploads/usu1478/2024/02/Hort-2-768x576.jpg 768w, https://agora.xtec.cat/ceipjoanotalisanda/wp-content/uploads/usu1478/2024/02/Hort-2-1536x1152.jpg 1536w, https://agora.xtec.cat/ceipjoanotalisanda/wp-content/uploads/usu1478/2024/02/Hort-2-200x150.jpg 200w" sizes="auto, (max-width: 2048px) 100vw, 2048px" /></a></p>
<p><a href="https://agora.xtec.cat/ceipjoanotalisanda/wp-content/uploads/usu1478/2024/02/1707114312958.jpg"><img loading="lazy" decoding="async" class="aligncenter size-full wp-image-19502" src="https://agora.xtec.cat/ceipjoanotalisanda/wp-content/uploads/usu1478/2024/02/1707114312958.jpg" alt="" width="1600" height="1328" srcset="https://agora.xtec.cat/ceipjoanotalisanda/wp-content/uploads/usu1478/2024/02/1707114312958.jpg 1600w, https://agora.xtec.cat/ceipjoanotalisanda/wp-content/uploads/usu1478/2024/02/1707114312958-300x250.jpg 300w, https://agora.xtec.cat/ceipjoanotalisanda/wp-content/uploads/usu1478/2024/02/1707114312958-1024x850.jpg 1024w, https://agora.xtec.cat/ceipjoanotalisanda/wp-content/uploads/usu1478/2024/02/1707114312958-768x637.jpg 768w, https://agora.xtec.cat/ceipjoanotalisanda/wp-content/uploads/usu1478/2024/02/1707114312958-1536x1275.jpg 1536w" sizes="auto, (max-width: 1600px) 100vw, 1600px" /></a></p>

<p>L&#8217;hort és un projecte educatiu per treballar hàbits, valors, cooperació, participació i autonomia d&#8217;una forma transversal. És una font d&#8217;aprenentatge molt important des de les més petites i petites de l&#8217;escola fins als/els més grans. Aprenen no només coneixements sobre les plantes o les verdures&hellip;  <a href="https://agora.xtec.cat/ceipjoanotalisanda/projectes/lhort/" title="Read L&#8217;hort">Llegeix més»</a></p>
