{"id":1515,"date":"2018-02-02T15:57:32","date_gmt":"2018-02-02T14:57:32","guid":{"rendered":"http:\/\/agora.xtec.cat\/ceipjoanotalisanda\/?page_id=1515"},"modified":"2024-01-15T23:17:51","modified_gmt":"2024-01-15T22:17:51","slug":"etwinning","status":"publish","type":"page","link":"https:\/\/agora.xtec.cat\/ceipjoanotalisanda\/projectes\/etwinning\/","title":{"rendered":"eTwinning"},"content":{"rendered":"<p><a href=\"http:\/\/agora.xtec.cat\/ceipjoanotalisanda\/wp-content\/uploads\/usu1478\/2018\/02\/etwinning_logo_656x369.png\"><img loading=\"lazy\" decoding=\"async\" class=\"alignnone size-medium wp-image-1521\" src=\"http:\/\/agora.xtec.cat\/ceipjoanotalisanda\/wp-content\/uploads\/usu1478\/2018\/02\/etwinning_logo_656x369-300x169.png\" alt=\"\" width=\"300\" height=\"169\" srcset=\"https:\/\/agora.xtec.cat\/ceipjoanotalisanda\/wp-content\/uploads\/usu1478\/2018\/02\/etwinning_logo_656x369-300x169.png 300w, https:\/\/agora.xtec.cat\/ceipjoanotalisanda\/wp-content\/uploads\/usu1478\/2018\/02\/etwinning_logo_656x369.png 600w\" sizes=\"auto, (max-width: 300px) 100vw, 300px\" \/><\/a><\/p>\n<p style=\"font-weight: 400;\"><strong>What is eTwinning?<\/strong><\/p>\n<p style=\"font-weight: 400;\">eTwinning is part of Erasmus+, the European Union&#8217;s programme on education, training, youth and Sport. Its goal is to promote and facilitate contact, exchange of ideas and collaborative work between teachers and students from countries participating in eTwinning through ICT.<\/p>\n<p style=\"font-weight: 400;\">42 is the number of full-fledged countries that are part of eTwinning: Albania, Germany, Austria, Bosnia-Herzegovina, Bulgaria, Belgium, Cyprus, Croatia, Denmark, Slovakia, Slovenia, Spain, Estonia, Finland, France, Greece, Hungary, Ireland, Italy, Iceland, Latvia, Liechtenstein, Lithuania, Luxembourg, North Macedonia, Malta, Norway, Holland, Poland, Portugal, United Kingdom, Czech Republic, Romania, Serbia, Sweden,\u00a0Armenia, Azerbaijan, Georgia, Jordan, Lebanon, Republic of Moldova, Ukraine and Tunisia.<\/p>\n<p style=\"font-weight: 400;\">We leave the links to the main page:<\/p>\n<p style=\"font-weight: 400;\"><a href=\"https:\/\/www.etwinning.net\/es\/pub\/index.htm\">https:\/\/www.etwinning.net\/es\/pub\/index.htm<\/a><\/p>\n<p><a href=\"http:\/\/etwinning.es\/es\/\">http:\/\/etwinning.es\/es\/<\/a><\/p>\n<p style=\"font-weight: 400;\"><strong>Here we go!<\/strong><\/p>\n<p style=\"font-weight: 400;\">Our school has done two eTwinning projects last year. For the next course we are interested in continuing to grow within this European project, because we consider that it is a unique opportunity to make our students see the importance of language and teamwork, besides giving them the chance to know and interact with students from other countries!<\/p>\n<p style=\"font-weight: 400;\">Through this page of the blog we will hang the different projects and the progress of our students.<\/p>\n<p>&nbsp;<\/p>\n<p><span style=\"color: #99cc00;\">MY SCHOOL TREES, YOUR SCHOOL TREES<\/span><\/p>\n<p>Enguany els alumnes de 2n estem participant en un projecte com\u00fa europeu\u00a0en llengua anglesa. Estem treballant amb escoles de It\u00e0lia, Pol\u00f2nia, Gr\u00e8cia, Xipre&#8230;<\/p>\n<p>La idea \u00e9s fer una observaci\u00f3 dels arbres del nostre pati, veure&#8217;n les caracter\u00edstiques i la seva adaptabilitat al medi.<\/p>\n<p>El nostre estudi es compara i contrasta amb altres arbres d&#8217;altres escoles.<\/p>\n<p><a href=\"http:\/\/agora.xtec.cat\/ceipjoanotalisanda\/wp-content\/uploads\/usu1478\/2018\/02\/PORTAL.png\"><img loading=\"lazy\" decoding=\"async\" class=\"size-medium wp-image-1527 alignleft\" src=\"http:\/\/agora.xtec.cat\/ceipjoanotalisanda\/wp-content\/uploads\/usu1478\/2018\/02\/PORTAL-300x225.png\" alt=\"\" width=\"300\" height=\"225\" srcset=\"https:\/\/agora.xtec.cat\/ceipjoanotalisanda\/wp-content\/uploads\/usu1478\/2018\/02\/PORTAL-300x225.png 300w, https:\/\/agora.xtec.cat\/ceipjoanotalisanda\/wp-content\/uploads\/usu1478\/2018\/02\/PORTAL-768x576.png 768w, https:\/\/agora.xtec.cat\/ceipjoanotalisanda\/wp-content\/uploads\/usu1478\/2018\/02\/PORTAL.png 1024w, https:\/\/agora.xtec.cat\/ceipjoanotalisanda\/wp-content\/uploads\/usu1478\/2018\/02\/PORTAL-200x150.png 200w\" sizes=\"auto, (max-width: 300px) 100vw, 300px\" \/><\/a><\/p>\n<p><a href=\"http:\/\/agora.xtec.cat\/ceipjoanotalisanda\/wp-content\/uploads\/usu1478\/2018\/02\/20180131_115759.jpg\"><img loading=\"lazy\" decoding=\"async\" class=\"wp-image-1538 alignright\" src=\"http:\/\/agora.xtec.cat\/ceipjoanotalisanda\/wp-content\/uploads\/usu1478\/2018\/02\/20180131_115759-300x225.jpg\" alt=\"\" width=\"313\" height=\"235\" srcset=\"https:\/\/agora.xtec.cat\/ceipjoanotalisanda\/wp-content\/uploads\/usu1478\/2018\/02\/20180131_115759-300x225.jpg 300w, https:\/\/agora.xtec.cat\/ceipjoanotalisanda\/wp-content\/uploads\/usu1478\/2018\/02\/20180131_115759-768x576.jpg 768w, https:\/\/agora.xtec.cat\/ceipjoanotalisanda\/wp-content\/uploads\/usu1478\/2018\/02\/20180131_115759.jpg 1024w, https:\/\/agora.xtec.cat\/ceipjoanotalisanda\/wp-content\/uploads\/usu1478\/2018\/02\/20180131_115759-200x150.jpg 200w\" sizes=\"auto, (max-width: 313px) 100vw, 313px\" \/><\/a><\/p>\n<p><a href=\"http:\/\/agora.xtec.cat\/ceipjoanotalisanda\/wp-content\/uploads\/usu1478\/2018\/02\/IMG_3514.jpg\"><img loading=\"lazy\" decoding=\"async\" class=\"wp-image-1531 alignleft\" src=\"http:\/\/agora.xtec.cat\/ceipjoanotalisanda\/wp-content\/uploads\/usu1478\/2018\/02\/IMG_3514-225x300.jpg\" alt=\"\" width=\"202\" height=\"270\" srcset=\"https:\/\/agora.xtec.cat\/ceipjoanotalisanda\/wp-content\/uploads\/usu1478\/2018\/02\/IMG_3514-225x300.jpg 225w, https:\/\/agora.xtec.cat\/ceipjoanotalisanda\/wp-content\/uploads\/usu1478\/2018\/02\/IMG_3514.jpg 480w\" sizes=\"auto, (max-width: 202px) 100vw, 202px\" \/><\/a><a href=\"http:\/\/agora.xtec.cat\/ceipjoanotalisanda\/wp-content\/uploads\/usu1478\/2018\/02\/IMG_3516.jpg\"><img loading=\"lazy\" decoding=\"async\" class=\"wp-image-1532 alignleft\" src=\"http:\/\/agora.xtec.cat\/ceipjoanotalisanda\/wp-content\/uploads\/usu1478\/2018\/02\/IMG_3516-225x300.jpg\" alt=\"\" width=\"199\" height=\"266\" srcset=\"https:\/\/agora.xtec.cat\/ceipjoanotalisanda\/wp-content\/uploads\/usu1478\/2018\/02\/IMG_3516-225x300.jpg 225w, https:\/\/agora.xtec.cat\/ceipjoanotalisanda\/wp-content\/uploads\/usu1478\/2018\/02\/IMG_3516.jpg 480w\" sizes=\"auto, (max-width: 199px) 100vw, 199px\" \/><\/a><a href=\"http:\/\/agora.xtec.cat\/ceipjoanotalisanda\/wp-content\/uploads\/usu1478\/2018\/02\/IMG_3509.jpg\"><img loading=\"lazy\" decoding=\"async\" class=\"wp-image-1529 alignleft\" src=\"http:\/\/agora.xtec.cat\/ceipjoanotalisanda\/wp-content\/uploads\/usu1478\/2018\/02\/IMG_3509-225x300.jpg\" alt=\"\" width=\"196\" height=\"261\" srcset=\"https:\/\/agora.xtec.cat\/ceipjoanotalisanda\/wp-content\/uploads\/usu1478\/2018\/02\/IMG_3509-225x300.jpg 225w, https:\/\/agora.xtec.cat\/ceipjoanotalisanda\/wp-content\/uploads\/usu1478\/2018\/02\/IMG_3509.jpg 480w\" sizes=\"auto, (max-width: 196px) 100vw, 196px\" \/><\/a><\/p>\n","protected":false},"excerpt":{"rendered":"<p><a href=\"http:\/\/agora.xtec.cat\/ceipjoanotalisanda\/wp-content\/uploads\/usu1478\/2018\/02\/etwinning_logo_656x369.png\"><\/a><br \/>\nWhat is eTwinning?<br \/>\neTwinning is part of Erasmus+, the European Union&#8217;s programme on education, training, youth and Sport. Its goal is to promote and facilitate contact, exchange of ideas and collaborative work between teachers and students from countries participating in eTwinning through ICT.<br \/>\n42 is the&hellip;  <a href=\"https:\/\/agora.xtec.cat\/ceipjoanotalisanda\/projectes\/etwinning\/\" title=\"Read eTwinning\">Llegeix m\u00e9s\u00bb<\/a><\/p>\n","protected":false},"author":1,"featured_media":0,"parent":19196,"menu_order":0,"comment_status":"closed","ping_status":"closed","template":"","meta":{"_bbp_topic_count":0,"_bbp_reply_count":0,"_bbp_total_topic_count":0,"_bbp_total_reply_count":0,"_bbp_voice_count":0,"_bbp_anonymous_reply_count":0,"_bbp_topic_count_hidden":0,"_bbp_reply_count_hidden":0,"_bbp_forum_subforum_count":0,"footnotes":""},"class_list":["post-1515","page","type-page","status-publish","hentry"],"post_mailing_queue_ids":[],"_links":{"self":[{"href":"https:\/\/agora.xtec.cat\/ceipjoanotalisanda\/wp-json\/wp\/v2\/pages\/1515","targetHints":{"allow":["GET"]}}],"collection":[{"href":"https:\/\/agora.xtec.cat\/ceipjoanotalisanda\/wp-json\/wp\/v2\/pages"}],"about":[{"href":"https:\/\/agora.xtec.cat\/ceipjoanotalisanda\/wp-json\/wp\/v2\/types\/page"}],"author":[{"embeddable":true,"href":"https:\/\/agora.xtec.cat\/ceipjoanotalisanda\/wp-json\/wp\/v2\/users\/1"}],"replies":[{"embeddable":true,"href":"https:\/\/agora.xtec.cat\/ceipjoanotalisanda\/wp-json\/wp\/v2\/comments?post=1515"}],"version-history":[{"count":4,"href":"https:\/\/agora.xtec.cat\/ceipjoanotalisanda\/wp-json\/wp\/v2\/pages\/1515\/revisions"}],"predecessor-version":[{"id":9635,"href":"https:\/\/agora.xtec.cat\/ceipjoanotalisanda\/wp-json\/wp\/v2\/pages\/1515\/revisions\/9635"}],"up":[{"embeddable":true,"href":"https:\/\/agora.xtec.cat\/ceipjoanotalisanda\/wp-json\/wp\/v2\/pages\/19196"}],"wp:attachment":[{"href":"https:\/\/agora.xtec.cat\/ceipjoanotalisanda\/wp-json\/wp\/v2\/media?parent=1515"}],"curies":[{"name":"wp","href":"https:\/\/api.w.org\/{rel}","templated":true}]}}

<p><a href="http://agora.xtec.cat/ceipjoanotalisanda/wp-content/uploads/usu1478/2018/02/etwinning_logo_656x369.png"><img loading="lazy" decoding="async" class="alignnone size-medium wp-image-1521" src="http://agora.xtec.cat/ceipjoanotalisanda/wp-content/uploads/usu1478/2018/02/etwinning_logo_656x369-300x169.png" alt="" width="300" height="169" srcset="https://agora.xtec.cat/ceipjoanotalisanda/wp-content/uploads/usu1478/2018/02/etwinning_logo_656x369-300x169.png 300w, https://agora.xtec.cat/ceipjoanotalisanda/wp-content/uploads/usu1478/2018/02/etwinning_logo_656x369.png 600w" sizes="auto, (max-width: 300px) 100vw, 300px" /></a></p>
<p style="font-weight: 400;"><strong>What is eTwinning?</strong></p>
<p style="font-weight: 400;">eTwinning is part of Erasmus+, the European Union&#8217;s programme on education, training, youth and Sport. Its goal is to promote and facilitate contact, exchange of ideas and collaborative work between teachers and students from countries participating in eTwinning through ICT.</p>
<p style="font-weight: 400;">42 is the number of full-fledged countries that are part of eTwinning: Albania, Germany, Austria, Bosnia-Herzegovina, Bulgaria, Belgium, Cyprus, Croatia, Denmark, Slovakia, Slovenia, Spain, Estonia, Finland, France, Greece, Hungary, Ireland, Italy, Iceland, Latvia, Liechtenstein, Lithuania, Luxembourg, North Macedonia, Malta, Norway, Holland, Poland, Portugal, United Kingdom, Czech Republic, Romania, Serbia, Sweden, Armenia, Azerbaijan, Georgia, Jordan, Lebanon, Republic of Moldova, Ukraine and Tunisia.</p>
<p style="font-weight: 400;">We leave the links to the main page:</p>
<p style="font-weight: 400;"><a href="https://www.etwinning.net/es/pub/index.htm">https://www.etwinning.net/es/pub/index.htm</a></p>
<p><a href="http://etwinning.es/es/">http://etwinning.es/es/</a></p>
<p style="font-weight: 400;"><strong>Here we go!</strong></p>
<p style="font-weight: 400;">Our school has done two eTwinning projects last year. For the next course we are interested in continuing to grow within this European project, because we consider that it is a unique opportunity to make our students see the importance of language and teamwork, besides giving them the chance to know and interact with students from other countries!</p>
<p style="font-weight: 400;">Through this page of the blog we will hang the different projects and the progress of our students.</p>
<p>&nbsp;</p>
<p><span style="color: #99cc00;">MY SCHOOL TREES, YOUR SCHOOL TREES</span></p>
<p>Enguany els alumnes de 2n estem participant en un projecte comú europeu en llengua anglesa. Estem treballant amb escoles de Itàlia, Polònia, Grècia, Xipre&#8230;</p>
<p>La idea és fer una observació dels arbres del nostre pati, veure&#8217;n les característiques i la seva adaptabilitat al medi.</p>
<p>El nostre estudi es compara i contrasta amb altres arbres d&#8217;altres escoles.</p>
<p><a href="http://agora.xtec.cat/ceipjoanotalisanda/wp-content/uploads/usu1478/2018/02/PORTAL.png"><img loading="lazy" decoding="async" class="size-medium wp-image-1527 alignleft" src="http://agora.xtec.cat/ceipjoanotalisanda/wp-content/uploads/usu1478/2018/02/PORTAL-300x225.png" alt="" width="300" height="225" srcset="https://agora.xtec.cat/ceipjoanotalisanda/wp-content/uploads/usu1478/2018/02/PORTAL-300x225.png 300w, https://agora.xtec.cat/ceipjoanotalisanda/wp-content/uploads/usu1478/2018/02/PORTAL-768x576.png 768w, https://agora.xtec.cat/ceipjoanotalisanda/wp-content/uploads/usu1478/2018/02/PORTAL.png 1024w, https://agora.xtec.cat/ceipjoanotalisanda/wp-content/uploads/usu1478/2018/02/PORTAL-200x150.png 200w" sizes="auto, (max-width: 300px) 100vw, 300px" /></a></p>
<p><a href="http://agora.xtec.cat/ceipjoanotalisanda/wp-content/uploads/usu1478/2018/02/20180131_115759.jpg"><img loading="lazy" decoding="async" class="wp-image-1538 alignright" src="http://agora.xtec.cat/ceipjoanotalisanda/wp-content/uploads/usu1478/2018/02/20180131_115759-300x225.jpg" alt="" width="313" height="235" srcset="https://agora.xtec.cat/ceipjoanotalisanda/wp-content/uploads/usu1478/2018/02/20180131_115759-300x225.jpg 300w, https://agora.xtec.cat/ceipjoanotalisanda/wp-content/uploads/usu1478/2018/02/20180131_115759-768x576.jpg 768w, https://agora.xtec.cat/ceipjoanotalisanda/wp-content/uploads/usu1478/2018/02/20180131_115759.jpg 1024w, https://agora.xtec.cat/ceipjoanotalisanda/wp-content/uploads/usu1478/2018/02/20180131_115759-200x150.jpg 200w" sizes="auto, (max-width: 313px) 100vw, 313px" /></a></p>
<p><a href="http://agora.xtec.cat/ceipjoanotalisanda/wp-content/uploads/usu1478/2018/02/IMG_3514.jpg"><img loading="lazy" decoding="async" class="wp-image-1531 alignleft" src="http://agora.xtec.cat/ceipjoanotalisanda/wp-content/uploads/usu1478/2018/02/IMG_3514-225x300.jpg" alt="" width="202" height="270" srcset="https://agora.xtec.cat/ceipjoanotalisanda/wp-content/uploads/usu1478/2018/02/IMG_3514-225x300.jpg 225w, https://agora.xtec.cat/ceipjoanotalisanda/wp-content/uploads/usu1478/2018/02/IMG_3514.jpg 480w" sizes="auto, (max-width: 202px) 100vw, 202px" /></a><a href="http://agora.xtec.cat/ceipjoanotalisanda/wp-content/uploads/usu1478/2018/02/IMG_3516.jpg"><img loading="lazy" decoding="async" class="wp-image-1532 alignleft" src="http://agora.xtec.cat/ceipjoanotalisanda/wp-content/uploads/usu1478/2018/02/IMG_3516-225x300.jpg" alt="" width="199" height="266" srcset="https://agora.xtec.cat/ceipjoanotalisanda/wp-content/uploads/usu1478/2018/02/IMG_3516-225x300.jpg 225w, https://agora.xtec.cat/ceipjoanotalisanda/wp-content/uploads/usu1478/2018/02/IMG_3516.jpg 480w" sizes="auto, (max-width: 199px) 100vw, 199px" /></a><a href="http://agora.xtec.cat/ceipjoanotalisanda/wp-content/uploads/usu1478/2018/02/IMG_3509.jpg"><img loading="lazy" decoding="async" class="wp-image-1529 alignleft" src="http://agora.xtec.cat/ceipjoanotalisanda/wp-content/uploads/usu1478/2018/02/IMG_3509-225x300.jpg" alt="" width="196" height="261" srcset="https://agora.xtec.cat/ceipjoanotalisanda/wp-content/uploads/usu1478/2018/02/IMG_3509-225x300.jpg 225w, https://agora.xtec.cat/ceipjoanotalisanda/wp-content/uploads/usu1478/2018/02/IMG_3509.jpg 480w" sizes="auto, (max-width: 196px) 100vw, 196px" /></a></p>

<p><a href="http://agora.xtec.cat/ceipjoanotalisanda/wp-content/uploads/usu1478/2018/02/etwinning_logo_656x369.png"></a><br />
What is eTwinning?<br />
eTwinning is part of Erasmus+, the European Union&#8217;s programme on education, training, youth and Sport. Its goal is to promote and facilitate contact, exchange of ideas and collaborative work between teachers and students from countries participating in eTwinning through ICT.<br />
42 is the&hellip;  <a href="https://agora.xtec.cat/ceipjoanotalisanda/projectes/etwinning/" title="Read eTwinning">Llegeix més»</a></p>
