{"id":32,"date":"2014-09-18T12:31:33","date_gmt":"2014-09-18T11:31:33","guid":{"rendered":"http:\/\/agora.xtec.cat\/ceipjoanmarquescasals\/?page_id=32"},"modified":"2022-09-15T10:41:28","modified_gmt":"2022-09-15T08:41:28","slug":"calendari-del-curs","status":"publish","type":"page","link":"https:\/\/agora.xtec.cat\/ceipjoanmarquescasals\/lescola\/calendari-del-curs\/","title":{"rendered":"Calendari del curs 2022-2023"},"content":{"rendered":"<h4><\/h4>\n<h4><\/h4>\n<h4><strong><a href=\"https:\/\/agora.xtec.cat\/ceipjoanmarquescasals\/wp-content\/uploads\/usu1790\/2022\/09\/Calendari-ESCOLA-JMC-curs-2022-2023.pdf\">Calendari ESCOLA JMC curs 2022-2023<\/a><\/strong><\/h4>\n<h4><strong>Inici de curs:<\/strong><\/h4>\n<p>5 de setembre de 2022<\/p>\n<h4><strong>Vacances:<\/strong><\/h4>\n<p>Del 22 de desembre de 2022 al 8 de gener de 2023\u00a0 (ambd\u00f3s inclosos)<\/p>\n<p>Del 3 d&#8217; abril al 10 d\u2019abril de 2023 (ambd\u00f3s inclosos)<\/p>\n<p>\u00daltim dia de curs: 22 de juny de 2022<\/p>\n<h4><strong>Dies festius de lliure disposici\u00f3:<\/strong><\/h4>\n<p>Dilluns, 31 d\u2019octubre de 2022<\/p>\n<p>Dimecres, 7 de desembre de 2022<\/p>\n<p>Divendres, 9 de desembre de 2022<\/p>\n<p>Dilluns, 20 de febrer de 2023<\/p>\n<p>Dimarts, 2 maig\u00a0 de 2023<\/p>\n<p>Dilluns, 29 de maig\u00a0 de 2023<\/p>\n<h4><strong>\u00daltim dia de curs: <\/strong><strong>22 de juny de 2023<\/strong><\/h4>\n<h4><strong>Jornada compactada:<\/strong><\/h4>\n<p>5 al 30 de setembre de 2022<\/p>\n<p>22 de desembre de 2022\u00a0 i del 5 al 22 de juny de 2023 (ambd\u00f3s inclosos)<\/p>\n<p>&nbsp;<\/p>\n<p>Per als alumnes que inicien l\u2019escolaritzaci\u00f3 a P3 s\u2019organitza un breu per\u00edode d\u2019adaptaci\u00f3 que suposa una certa modificaci\u00f3 dels horaris dels tres primers dies de classe, i que es fa saber a les fam\u00edlies en les reunions pr\u00e8vies corresponents.<\/p>\n<p>&nbsp;<\/p>\n<p>&nbsp;<\/p>\n<p>&nbsp;<\/p>\n","protected":false},"excerpt":{"rendered":"<p><a href=\"https:\/\/agora.xtec.cat\/ceipjoanmarquescasals\/wp-content\/uploads\/usu1790\/2022\/09\/Calendari-ESCOLA-JMC-curs-2022-2023.pdf\">Calendari ESCOLA JMC curs 2022-2023<\/a><br \/>\nInici de curs:<br \/>\n5 de setembre de 2022<br \/>\nVacances:<br \/>\nDel 22 de desembre de 2022 al 8 de gener de 2023\u00a0 (ambd\u00f3s inclosos)<br \/>\nDel 3 d&#8217; abril al 10 d\u2019abril de 2023 (ambd\u00f3s inclosos)<br \/>\n\u00daltim dia de curs: 22 de juny de 2022<br \/>\nDies festius de&hellip;  <a href=\"https:\/\/agora.xtec.cat\/ceipjoanmarquescasals\/lescola\/calendari-del-curs\/\" title=\"Read Calendari del curs 2022-2023\">Llegeix m\u00e9s\u00bb<\/a><\/p>\n","protected":false},"author":1,"featured_media":0,"parent":22,"menu_order":50,"comment_status":"closed","ping_status":"closed","template":"page-templates\/side-menu.php","meta":{"_bbp_topic_count":0,"_bbp_reply_count":0,"_bbp_total_topic_count":0,"_bbp_total_reply_count":0,"_bbp_voice_count":0,"_bbp_anonymous_reply_count":0,"_bbp_topic_count_hidden":0,"_bbp_reply_count_hidden":0,"_bbp_forum_subforum_count":0,"footnotes":""},"class_list":["post-32","page","type-page","status-publish","hentry"],"post_mailing_queue_ids":[],"_links":{"self":[{"href":"https:\/\/agora.xtec.cat\/ceipjoanmarquescasals\/wp-json\/wp\/v2\/pages\/32","targetHints":{"allow":["GET"]}}],"collection":[{"href":"https:\/\/agora.xtec.cat\/ceipjoanmarquescasals\/wp-json\/wp\/v2\/pages"}],"about":[{"href":"https:\/\/agora.xtec.cat\/ceipjoanmarquescasals\/wp-json\/wp\/v2\/types\/page"}],"author":[{"embeddable":true,"href":"https:\/\/agora.xtec.cat\/ceipjoanmarquescasals\/wp-json\/wp\/v2\/users\/1"}],"replies":[{"embeddable":true,"href":"https:\/\/agora.xtec.cat\/ceipjoanmarquescasals\/wp-json\/wp\/v2\/comments?post=32"}],"version-history":[{"count":3,"href":"https:\/\/agora.xtec.cat\/ceipjoanmarquescasals\/wp-json\/wp\/v2\/pages\/32\/revisions"}],"predecessor-version":[{"id":5452,"href":"https:\/\/agora.xtec.cat\/ceipjoanmarquescasals\/wp-json\/wp\/v2\/pages\/32\/revisions\/5452"}],"up":[{"embeddable":true,"href":"https:\/\/agora.xtec.cat\/ceipjoanmarquescasals\/wp-json\/wp\/v2\/pages\/22"}],"wp:attachment":[{"href":"https:\/\/agora.xtec.cat\/ceipjoanmarquescasals\/wp-json\/wp\/v2\/media?parent=32"}],"curies":[{"name":"wp","href":"https:\/\/api.w.org\/{rel}","templated":true}]}}

<h4></h4>
<h4></h4>
<h4><strong><a href="https://agora.xtec.cat/ceipjoanmarquescasals/wp-content/uploads/usu1790/2022/09/Calendari-ESCOLA-JMC-curs-2022-2023.pdf">Calendari ESCOLA JMC curs 2022-2023</a></strong></h4>
<h4><strong>Inici de curs:</strong></h4>
<p>5 de setembre de 2022</p>
<h4><strong>Vacances:</strong></h4>
<p>Del 22 de desembre de 2022 al 8 de gener de 2023  (ambdós inclosos)</p>
<p>Del 3 d&#8217; abril al 10 d’abril de 2023 (ambdós inclosos)</p>
<p>Últim dia de curs: 22 de juny de 2022</p>
<h4><strong>Dies festius de lliure disposició:</strong></h4>
<p>Dilluns, 31 d’octubre de 2022</p>
<p>Dimecres, 7 de desembre de 2022</p>
<p>Divendres, 9 de desembre de 2022</p>
<p>Dilluns, 20 de febrer de 2023</p>
<p>Dimarts, 2 maig  de 2023</p>
<p>Dilluns, 29 de maig  de 2023</p>
<h4><strong>Últim dia de curs: </strong><strong>22 de juny de 2023</strong></h4>
<h4><strong>Jornada compactada:</strong></h4>
<p>5 al 30 de setembre de 2022</p>
<p>22 de desembre de 2022  i del 5 al 22 de juny de 2023 (ambdós inclosos)</p>
<p>&nbsp;</p>
<p>Per als alumnes que inicien l’escolarització a P3 s’organitza un breu període d’adaptació que suposa una certa modificació dels horaris dels tres primers dies de classe, i que es fa saber a les famílies en les reunions prèvies corresponents.</p>
<p>&nbsp;</p>
<p>&nbsp;</p>
<p>&nbsp;</p>

<p><a href="https://agora.xtec.cat/ceipjoanmarquescasals/wp-content/uploads/usu1790/2022/09/Calendari-ESCOLA-JMC-curs-2022-2023.pdf">Calendari ESCOLA JMC curs 2022-2023</a><br />
Inici de curs:<br />
5 de setembre de 2022<br />
Vacances:<br />
Del 22 de desembre de 2022 al 8 de gener de 2023  (ambdós inclosos)<br />
Del 3 d&#8217; abril al 10 d’abril de 2023 (ambdós inclosos)<br />
Últim dia de curs: 22 de juny de 2022<br />
Dies festius de&hellip;  <a href="https://agora.xtec.cat/ceipjoanmarquescasals/lescola/calendari-del-curs/" title="Read Calendari del curs 2022-2023">Llegeix més»</a></p>
