{"id":26,"date":"2014-09-18T12:24:32","date_gmt":"2014-09-18T11:24:32","guid":{"rendered":"http:\/\/agora.xtec.cat\/ceipjoanmarquescasals\/?page_id=26"},"modified":"2018-11-11T21:52:46","modified_gmt":"2018-11-11T20:52:46","slug":"historia","status":"publish","type":"page","link":"https:\/\/agora.xtec.cat\/ceipjoanmarquescasals\/lescola\/historia\/","title":{"rendered":"Hist\u00f2ria"},"content":{"rendered":"<p>El CEIP Joan Marqu\u00e8s i Casals est\u00e0 situat en el Barri de Sant Pere Nord de Terrassa.<\/p>\n<p><img loading=\"lazy\" decoding=\"async\" class=\"aligncenter\" src=\"http:\/\/blocs.xtec.cat\/aajmc\/files\/2011\/01\/fotos-escola-9.jpg\" alt=\"Resultat d'imatges de fots de Joan marques casals\" width=\"291\" height=\"218\" \/><\/p>\n<p>L&#8217;escola s&#8217;ha caracteritzat sempre per la seva inquietud vers les noves tend\u00e8ncies d&#8217;innovaci\u00f3 pedag\u00f2gica, fent diverses activitats: racons, internivells,projectes,ambients a cicle infantil i properament a cicle inicial,com altres propostes que sorgeixen al llarg del diferents cursos.<br \/>\n<img loading=\"lazy\" decoding=\"async\" class=\"aligncenter\" src=\"https:\/\/2.bp.blogspot.com\/-rK-iMiRVyoQ\/VxppnMLkn3I\/AAAAAAAAAr0\/6_UNJ8l12Nw5QxOWktIQnY8tqkqGcaS8gCLcB\/s1600\/DSC04886.jpg\" alt=\"Resultat d'imatges de fots de Joan marques casals\" width=\"362\" height=\"204\" \/><\/p>\n<p>&nbsp;<\/p>\n<p>&nbsp;<\/p>\n","protected":false},"excerpt":{"rendered":"<p>El CEIP Joan Marqu\u00e8s i Casals est\u00e0 situat en el Barri de Sant Pere Nord de Terrassa.<\/p>\n<p>L&#8217;escola s&#8217;ha caracteritzat sempre per la seva inquietud vers les noves tend\u00e8ncies d&#8217;innovaci\u00f3 pedag\u00f2gica, fent diverses activitats: racons, internivells,projectes,ambients a cicle infantil i properament a cicle inicial,com altres propostes&hellip;  <a href=\"https:\/\/agora.xtec.cat\/ceipjoanmarquescasals\/lescola\/historia\/\" title=\"Read Hist\u00f2ria\">Llegeix m\u00e9s\u00bb<\/a><\/p>\n","protected":false},"author":1,"featured_media":0,"parent":22,"menu_order":20,"comment_status":"closed","ping_status":"closed","template":"page-templates\/side-menu.php","meta":{"_bbp_topic_count":0,"_bbp_reply_count":0,"_bbp_total_topic_count":0,"_bbp_total_reply_count":0,"_bbp_voice_count":0,"_bbp_anonymous_reply_count":0,"_bbp_topic_count_hidden":0,"_bbp_reply_count_hidden":0,"_bbp_forum_subforum_count":0,"footnotes":""},"class_list":["post-26","page","type-page","status-publish","hentry"],"post_mailing_queue_ids":[],"_links":{"self":[{"href":"https:\/\/agora.xtec.cat\/ceipjoanmarquescasals\/wp-json\/wp\/v2\/pages\/26","targetHints":{"allow":["GET"]}}],"collection":[{"href":"https:\/\/agora.xtec.cat\/ceipjoanmarquescasals\/wp-json\/wp\/v2\/pages"}],"about":[{"href":"https:\/\/agora.xtec.cat\/ceipjoanmarquescasals\/wp-json\/wp\/v2\/types\/page"}],"author":[{"embeddable":true,"href":"https:\/\/agora.xtec.cat\/ceipjoanmarquescasals\/wp-json\/wp\/v2\/users\/1"}],"replies":[{"embeddable":true,"href":"https:\/\/agora.xtec.cat\/ceipjoanmarquescasals\/wp-json\/wp\/v2\/comments?post=26"}],"version-history":[{"count":4,"href":"https:\/\/agora.xtec.cat\/ceipjoanmarquescasals\/wp-json\/wp\/v2\/pages\/26\/revisions"}],"predecessor-version":[{"id":673,"href":"https:\/\/agora.xtec.cat\/ceipjoanmarquescasals\/wp-json\/wp\/v2\/pages\/26\/revisions\/673"}],"up":[{"embeddable":true,"href":"https:\/\/agora.xtec.cat\/ceipjoanmarquescasals\/wp-json\/wp\/v2\/pages\/22"}],"wp:attachment":[{"href":"https:\/\/agora.xtec.cat\/ceipjoanmarquescasals\/wp-json\/wp\/v2\/media?parent=26"}],"curies":[{"name":"wp","href":"https:\/\/api.w.org\/{rel}","templated":true}]}}

Història

<p>El CEIP Joan Marquès i Casals està situat en el Barri de Sant Pere Nord de Terrassa.</p>
<p><img loading="lazy" decoding="async" class="aligncenter" src="http://blocs.xtec.cat/aajmc/files/2011/01/fotos-escola-9.jpg" alt="Resultat d'imatges de fots de Joan marques casals" width="291" height="218" /></p>
<p>L&#8217;escola s&#8217;ha caracteritzat sempre per la seva inquietud vers les noves tendències d&#8217;innovació pedagògica, fent diverses activitats: racons, internivells,projectes,ambients a cicle infantil i properament a cicle inicial,com altres propostes que sorgeixen al llarg del diferents cursos.<br />
<img loading="lazy" decoding="async" class="aligncenter" src="https://2.bp.blogspot.com/-rK-iMiRVyoQ/VxppnMLkn3I/AAAAAAAAAr0/6_UNJ8l12Nw5QxOWktIQnY8tqkqGcaS8gCLcB/s1600/DSC04886.jpg" alt="Resultat d'imatges de fots de Joan marques casals" width="362" height="204" /></p>
<p>&nbsp;</p>
<p>&nbsp;</p>

<p>El CEIP Joan Marquès i Casals està situat en el Barri de Sant Pere Nord de Terrassa.</p>
<p>L&#8217;escola s&#8217;ha caracteritzat sempre per la seva inquietud vers les noves tendències d&#8217;innovació pedagògica, fent diverses activitats: racons, internivells,projectes,ambients a cicle infantil i properament a cicle inicial,com altres propostes&hellip;  <a href="https://agora.xtec.cat/ceipjoanmarquescasals/lescola/historia/" title="Read Història">Llegeix més»</a></p>
