{"id":8877,"date":"2020-02-06T10:10:24","date_gmt":"2020-02-06T09:10:24","guid":{"rendered":"http:\/\/agora.xtec.cat\/ceipjoanmaragall\/?page_id=8877"},"modified":"2022-10-12T18:24:50","modified_gmt":"2022-10-12T16:24:50","slug":"projectes","status":"publish","type":"page","link":"https:\/\/agora.xtec.cat\/ceipjoanmaragall\/projectes\/","title":{"rendered":"Projectes de la nostra escola"},"content":{"rendered":"<p>En aquest apartat detallem els nostres projectes estructurats en tres blocs: els transversals, els propis d\u2019Infantil i els que desenvolupem a l\u2019etapa de Prim\u00e0ria.<\/p>\n<p><strong><u>Projectes transversals <\/u><\/strong><\/p>\n<p>&#8211; Treballem l\u2019\u00e0rea de Descoberta de l\u2019Entorn i Medi Natural, Social i Cultural mitjan\u00e7ant projectes des de P3 fins a 6\u00e8.<\/p>\n<p>&#8211; Treballem el projecte \u201cCalaix d\u2019emocions\u201d a infantil i l\u2019Educaci\u00f3 emocional a prim\u00e0ria.<\/p>\n<p>&#8211; Participaci\u00f3 de tots els nivells de l\u2019escola a l\u2019Hort Maragall.<\/p>\n<p>&#8211; Revista liter\u00e0ria \u201cSom-hi 3.0\u201d<\/p>\n<p>&#8211; Foment d\u2019h\u00e0bits saludables mitjan\u00e7ant \u201cEl dia de la fruita\u201d<\/p>\n<p>&#8211; Cada grup classe compta amb un pare o mare delegat\/da.<\/p>\n<p>&#8211; Projecte de participaci\u00f3 de les fam\u00edlies en activitats lectives.<\/p>\n<p>&#8211; Participaci\u00f3 en activitats promogudes des de l\u2019Ajuntament, sortides pedag\u00f2giques fora del municipi i col\u00f2nies escolars.<\/p>\n<p>&#8211; Foment de la formaci\u00f3 a fam\u00edlies mitjan\u00e7ant xerrades col\u00b7loqui i\/o taules rodones.<\/p>\n<p><strong><u>Projectes que implementem a Infantil<\/u><\/strong><\/p>\n<p>&#8211; Material d\u2019elaboraci\u00f3 pr\u00f2pia de l\u2019\u00e0rea matem\u00e0tica<\/p>\n<p>&#8211; Ambients de lliure circulaci\u00f3<\/p>\n<p>&#8211; Adhesi\u00f3 al Projecte SI (Salut Integral)<\/p>\n<p>&#8211; Projecte Infadimed (Inf\u00e0ncia i Dieta Mediterr\u00e0nia)<\/p>\n<p><strong><u>Projectes que implementem a Prim\u00e0ria<\/u><\/strong><\/p>\n<p>&#8211; Projecte de teatre a 2n, 4t, 5\u00e8 i 6\u00e8.<\/p>\n<p>&#8211; Tallers intercicles per treballar l\u2019\u00e0rea d\u2019educaci\u00f3 art\u00edstica.<\/p>\n<p>&#8211; Fem Science des de 2n fins a 6\u00e8 una sessi\u00f3 setmanal i un dels tallers d\u2019Art\u00edstica de cada rotaci\u00f3 \u00e9s en angl\u00e8s a cada cicle.<\/p>\n<p>&#8211; Projecte CUEME (Cultura emprenedora a l\u2019escola) a 5\u00e8.<\/p>\n<p>&#8211; Tallers de matem\u00e0tiques a tots els nivells de prim\u00e0ria una sessi\u00f3 setmanal<\/p>\n<p>&#8211; Nataci\u00f3 escolar a 1r<\/p>\n<p>&#8211; Tallers d\u2019expressi\u00f3 escrita a tots els nivells educatius<\/p>\n<p>&#8211; Projecte d\u2019acompanyament i apadrinament lector entre l\u2019alumnat de 1r i 6\u00e8 i els infants de EI5 i 5\u00e8, durant tot el curs escolar.<\/p>\n<p>De tots aquest projectes desenvoluparem alguns d\u2019ells als subapartats d\u2019aquest men\u00fa.<\/p>\n","protected":false},"excerpt":{"rendered":"<p>En aquest apartat detallem els nostres projectes estructurats en tres blocs: els transversals, els propis d\u2019Infantil i els que desenvolupem a l\u2019etapa de Prim\u00e0ria.<br \/>\nProjectes transversals<br \/>\n&#8211; Treballem l\u2019\u00e0rea de Descoberta de l\u2019Entorn i Medi Natural, Social i Cultural mitjan\u00e7ant projectes des de P3 fins a&hellip;  <a href=\"https:\/\/agora.xtec.cat\/ceipjoanmaragall\/projectes\/\" title=\"Read Projectes de la nostra escola\">Llegeix m\u00e9s\u00bb<\/a><\/p>\n","protected":false},"author":1,"featured_media":0,"parent":0,"menu_order":0,"comment_status":"closed","ping_status":"closed","template":"","meta":{"_bbp_topic_count":0,"_bbp_reply_count":0,"_bbp_total_topic_count":0,"_bbp_total_reply_count":0,"_bbp_voice_count":0,"_bbp_anonymous_reply_count":0,"_bbp_topic_count_hidden":0,"_bbp_reply_count_hidden":0,"_bbp_forum_subforum_count":0,"footnotes":""},"class_list":["post-8877","page","type-page","status-publish","hentry"],"post_mailing_queue_ids":[],"_links":{"self":[{"href":"https:\/\/agora.xtec.cat\/ceipjoanmaragall\/wp-json\/wp\/v2\/pages\/8877","targetHints":{"allow":["GET"]}}],"collection":[{"href":"https:\/\/agora.xtec.cat\/ceipjoanmaragall\/wp-json\/wp\/v2\/pages"}],"about":[{"href":"https:\/\/agora.xtec.cat\/ceipjoanmaragall\/wp-json\/wp\/v2\/types\/page"}],"author":[{"embeddable":true,"href":"https:\/\/agora.xtec.cat\/ceipjoanmaragall\/wp-json\/wp\/v2\/users\/1"}],"replies":[{"embeddable":true,"href":"https:\/\/agora.xtec.cat\/ceipjoanmaragall\/wp-json\/wp\/v2\/comments?post=8877"}],"version-history":[{"count":3,"href":"https:\/\/agora.xtec.cat\/ceipjoanmaragall\/wp-json\/wp\/v2\/pages\/8877\/revisions"}],"predecessor-version":[{"id":9915,"href":"https:\/\/agora.xtec.cat\/ceipjoanmaragall\/wp-json\/wp\/v2\/pages\/8877\/revisions\/9915"}],"wp:attachment":[{"href":"https:\/\/agora.xtec.cat\/ceipjoanmaragall\/wp-json\/wp\/v2\/media?parent=8877"}],"curies":[{"name":"wp","href":"https:\/\/api.w.org\/{rel}","templated":true}]}}