{"id":36,"date":"2014-09-18T12:33:11","date_gmt":"2014-09-18T11:33:11","guid":{"rendered":"http:\/\/agora.xtec.cat\/ceipjoanmaragall\/?page_id=36"},"modified":"2026-08-27T14:05:53","modified_gmt":"2026-08-27T12:05:53","slug":"material-escolar","status":"publish","type":"page","link":"https:\/\/agora.xtec.cat\/ceipjoanmaragall\/lescola-2\/material-escolar\/","title":{"rendered":"Material escolar a les etapes d&#8217;infantil i prim\u00e0ria"},"content":{"rendered":"<p style=\"text-align: justify;\">A la nostra escola, el material escolar \u00e9s d\u2019\u00fas com\u00fa a l\u2019etapa d\u2019<strong>infantil<\/strong> i tamb\u00e9 al <strong>cicle inicial de prim\u00e0ria<\/strong>.<\/p>\n<p style=\"text-align: justify;\">A partir dels <strong>cicles mitj\u00e0 i superior<\/strong>, els infants poden dur a l\u2019escola el seu estoig amb el material m\u00e9s b\u00e0sic i necessari: llapis i goma, bol\u00edgrafs blau i vermell, colors de fusta i retoladors.<\/p>\n<p style=\"text-align: justify;\">Igualment, en aquests cicles, aix\u00ed com a <strong>tots els nivells d\u2019infantil i prim\u00e0ria<\/strong>, utilitzem tot el material necessari per dur a terme les activitats del dia a dia: fotoc\u00f2pies, llibretes, carpetes, cartolines, pegament, tisores, pintures i pinzells, ceres, fang, fulls blancs i de colors, celo, enganxines, enquadernadors, entre d\u2019altres.<\/p>\n<h3 style=\"text-align: justify;\">Aportaci\u00f3 per al material escolar<\/h3>\n<p style=\"text-align: justify;\">A partir de <strong>1r de prim\u00e0ria<\/strong>, cada curs, durant el per\u00edode d\u2019estiu i fins als primers dies de setembre, les fam\u00edlies poden <strong>bescanviar els vals de material escolar<\/strong> per fer l\u2019aportaci\u00f3 corresponent al centre per al material que utilitzar\u00e0 el seu filla al llarg del curs.<\/p>\n<p style=\"text-align: justify;\">Podeu consultar tota la informaci\u00f3 i els passos per fer el bescanvi dels vals a trav\u00e9s del seg\u00fcent enlla\u00e7:\u00a0<a href=\"https:\/\/www.valescolar.cat\/\">web VAL ESCOLAR 2026<\/a><\/p>\n<p style=\"text-align: justify;\">Moltes gr\u00e0cies per la vostra col\u00b7laboraci\u00f3! \ud83d\ude09<\/p>\n","protected":false},"excerpt":{"rendered":"<p>A la nostra escola, el material escolar \u00e9s d\u2019\u00fas com\u00fa a l\u2019etapa d\u2019infantil i tamb\u00e9 al cicle inicial de prim\u00e0ria. A partir dels cicles mitj\u00e0 i superior, els infants poden dur a l\u2019escola el seu estoig amb el material m\u00e9s b\u00e0sic i necessari: llapis i goma, bol\u00edgrafs blau i vermell, colors de fusta i retoladors. [&hellip;]<\/p>\n","protected":false},"author":1,"featured_media":0,"parent":22,"menu_order":70,"comment_status":"closed","ping_status":"closed","template":"","meta":{"_bbp_topic_count":0,"_bbp_reply_count":0,"_bbp_total_topic_count":0,"_bbp_total_reply_count":0,"_bbp_voice_count":0,"_bbp_anonymous_reply_count":0,"_bbp_topic_count_hidden":0,"_bbp_reply_count_hidden":0,"_bbp_forum_subforum_count":0,"site-sidebar-layout":"no-sidebar","site-content-layout":"","ast-site-content-layout":"default","site-content-style":"default","site-sidebar-style":"default","ast-global-header-display":"","ast-banner-title-visibility":"","ast-main-header-display":"","ast-hfb-above-header-display":"","ast-hfb-below-header-display":"","ast-hfb-mobile-header-display":"","site-post-title":"","ast-breadcrumbs-content":"","ast-featured-img":"","footer-sml-layout":"","theme-transparent-header-meta":"","adv-header-id-meta":"","stick-header-meta":"","header-above-stick-meta":"","header-main-stick-meta":"","header-below-stick-meta":"","astra-migrate-meta-layouts":"set","ast-page-background-enabled":"default","ast-page-background-meta":{"desktop":{"background-color":"var(--ast-global-color-4)","background-image":"","background-repeat":"repeat","background-position":"center center","background-size":"auto","background-attachment":"scroll","background-type":"","background-media":"","overlay-type":"","overlay-color":"","overlay-opacity":"","overlay-gradient":""},"tablet":{"background-color":"","background-image":"","background-repeat":"repeat","background-position":"center center","background-size":"auto","background-attachment":"scroll","background-type":"","background-media":"","overlay-type":"","overlay-color":"","overlay-opacity":"","overlay-gradient":""},"mobile":{"background-color":"","background-image":"","background-repeat":"repeat","background-position":"center center","background-size":"auto","background-attachment":"scroll","background-type":"","background-media":"","overlay-type":"","overlay-color":"","overlay-opacity":"","overlay-gradient":""}},"ast-content-background-meta":{"desktop":{"background-color":"var(--ast-global-color-5)","background-image":"","background-repeat":"repeat","background-position":"center center","background-size":"auto","background-attachment":"scroll","background-type":"","background-media":"","overlay-type":"","overlay-color":"","overlay-opacity":"","overlay-gradient":""},"tablet":{"background-color":"var(--ast-global-color-5)","background-image":"","background-repeat":"repeat","background-position":"center center","background-size":"auto","background-attachment":"scroll","background-type":"","background-media":"","overlay-type":"","overlay-color":"","overlay-opacity":"","overlay-gradient":""},"mobile":{"background-color":"var(--ast-global-color-5)","background-image":"","background-repeat":"repeat","background-position":"center center","background-size":"auto","background-attachment":"scroll","background-type":"","background-media":"","overlay-type":"","overlay-color":"","overlay-opacity":"","overlay-gradient":""}},"footnotes":""},"class_list":["post-36","page","type-page","status-publish","hentry"],"post_mailing_queue_ids":[],"_links":{"self":[{"href":"https:\/\/agora.xtec.cat\/ceipjoanmaragall\/wp-json\/wp\/v2\/pages\/36","targetHints":{"allow":["GET"]}}],"collection":[{"href":"https:\/\/agora.xtec.cat\/ceipjoanmaragall\/wp-json\/wp\/v2\/pages"}],"about":[{"href":"https:\/\/agora.xtec.cat\/ceipjoanmaragall\/wp-json\/wp\/v2\/types\/page"}],"author":[{"embeddable":true,"href":"https:\/\/agora.xtec.cat\/ceipjoanmaragall\/wp-json\/wp\/v2\/users\/1"}],"replies":[{"embeddable":true,"href":"https:\/\/agora.xtec.cat\/ceipjoanmaragall\/wp-json\/wp\/v2\/comments?post=36"}],"version-history":[{"count":6,"href":"https:\/\/agora.xtec.cat\/ceipjoanmaragall\/wp-json\/wp\/v2\/pages\/36\/revisions"}],"predecessor-version":[{"id":12077,"href":"https:\/\/agora.xtec.cat\/ceipjoanmaragall\/wp-json\/wp\/v2\/pages\/36\/revisions\/12077"}],"up":[{"embeddable":true,"href":"https:\/\/agora.xtec.cat\/ceipjoanmaragall\/wp-json\/wp\/v2\/pages\/22"}],"wp:attachment":[{"href":"https:\/\/agora.xtec.cat\/ceipjoanmaragall\/wp-json\/wp\/v2\/media?parent=36"}],"curies":[{"name":"wp","href":"https:\/\/api.w.org\/{rel}","templated":true}]}}

Material escolar a les etapes d&#8217;infantil i primària

<p style="text-align: justify;">A la nostra escola, el material escolar és d’ús comú a l’etapa d’<strong>infantil</strong> i també al <strong>cicle inicial de primària</strong>.</p>
<p style="text-align: justify;">A partir dels <strong>cicles mitjà i superior</strong>, els infants poden dur a l’escola el seu estoig amb el material més bàsic i necessari: llapis i goma, bolígrafs blau i vermell, colors de fusta i retoladors.</p>
<p style="text-align: justify;">Igualment, en aquests cicles, així com a <strong>tots els nivells d’infantil i primària</strong>, utilitzem tot el material necessari per dur a terme les activitats del dia a dia: fotocòpies, llibretes, carpetes, cartolines, pegament, tisores, pintures i pinzells, ceres, fang, fulls blancs i de colors, celo, enganxines, enquadernadors, entre d’altres.</p>
<h3 style="text-align: justify;">Aportació per al material escolar</h3>
<p style="text-align: justify;">A partir de <strong>1r de primària</strong>, cada curs, durant el període d’estiu i fins als primers dies de setembre, les famílies poden <strong>bescanviar els vals de material escolar</strong> per fer l’aportació corresponent al centre per al material que utilitzarà el seu filla al llarg del curs.</p>
<p style="text-align: justify;">Podeu consultar tota la informació i els passos per fer el bescanvi dels vals a través del següent enllaç: <a href="https://www.valescolar.cat/">web VAL ESCOLAR 2026</a></p>
<p style="text-align: justify;">Moltes gràcies per la vostra col·laboració! 😉</p>

<p>A la nostra escola, el material escolar és d’ús comú a l’etapa d’infantil i també al cicle inicial de primària. A partir dels cicles mitjà i superior, els infants poden dur a l’escola el seu estoig amb el material més bàsic i necessari: llapis i goma, bolígrafs blau i vermell, colors de fusta i retoladors. [&hellip;]</p>
