{"id":5792,"date":"2022-03-08T22:25:42","date_gmt":"2022-03-08T21:25:42","guid":{"rendered":"https:\/\/agora.xtec.cat\/ceipjoanllongueras\/?page_id=5792"},"modified":"2023-12-05T12:21:37","modified_gmt":"2023-12-05T11:21:37","slug":"pmoe-21-22","status":"publish","type":"page","link":"https:\/\/agora.xtec.cat\/ceipjoanllongueras\/projecte-educatiu\/pmoe-21-22\/","title":{"rendered":"PMOE &#8211; PROA +"},"content":{"rendered":"<h4>Curs 23-24<\/h4>\n<h4><strong>Activitats del \u00a0Pla de millora d\u2019oportunitats educatives<\/strong><\/h4>\n<p><a href=\"https:\/\/agora.xtec.cat\/ceipjoanllongueras\/wp-content\/uploads\/usu814\/2023\/10\/Proa.png\"><img loading=\"lazy\" decoding=\"async\" class=\"alignnone wp-image-6280\" src=\"https:\/\/agora.xtec.cat\/ceipjoanllongueras\/wp-content\/uploads\/usu814\/2023\/10\/Proa-1024x724.png\" alt=\"\" width=\"388\" height=\"274\" srcset=\"https:\/\/agora.xtec.cat\/ceipjoanllongueras\/wp-content\/uploads\/usu814\/2023\/10\/Proa-1024x724.png 1024w, https:\/\/agora.xtec.cat\/ceipjoanllongueras\/wp-content\/uploads\/usu814\/2023\/10\/Proa-300x212.png 300w, https:\/\/agora.xtec.cat\/ceipjoanllongueras\/wp-content\/uploads\/usu814\/2023\/10\/Proa-768x543.png 768w, https:\/\/agora.xtec.cat\/ceipjoanllongueras\/wp-content\/uploads\/usu814\/2023\/10\/Proa.png 1108w\" sizes=\"auto, (max-width: 388px) 100vw, 388px\" \/><\/a><\/p>\n<p><a href=\"https:\/\/agora.xtec.cat\/ceipjoanllongueras\/wp-content\/uploads\/usu814\/2023\/10\/Cartell-PROAPLUS-Centres.pdf\">Cartell-PROAPLUS-Centres<\/a><\/p>\n<h4>Curs 22-23<\/h4>\n<h4><a href=\"https:\/\/photos.app.goo.gl\/2LcCZXcTUpdrrdJN9\" target=\"_blank\" rel=\"noopener\">Col\u00f2nies<\/a><\/h4>\n<p><img loading=\"lazy\" decoding=\"async\" class=\"alignleft wp-image-6194\" src=\"https:\/\/agora.xtec.cat\/ceipjoanllongueras\/wp-content\/uploads\/usu814\/2023\/09\/Captura1-221x300.jpg\" alt=\"\" width=\"358\" height=\"486\" srcset=\"https:\/\/agora.xtec.cat\/ceipjoanllongueras\/wp-content\/uploads\/usu814\/2023\/09\/Captura1-221x300.jpg 221w, https:\/\/agora.xtec.cat\/ceipjoanllongueras\/wp-content\/uploads\/usu814\/2023\/09\/Captura1.jpg 611w\" sizes=\"auto, (max-width: 358px) 100vw, 358px\" \/><img loading=\"lazy\" decoding=\"async\" class=\"alignleft size-full wp-image-6195\" src=\"https:\/\/agora.xtec.cat\/ceipjoanllongueras\/wp-content\/uploads\/usu814\/2023\/09\/Captura2.jpg\" alt=\"\" width=\"593\" height=\"826\" srcset=\"https:\/\/agora.xtec.cat\/ceipjoanllongueras\/wp-content\/uploads\/usu814\/2023\/09\/Captura2.jpg 593w, https:\/\/agora.xtec.cat\/ceipjoanllongueras\/wp-content\/uploads\/usu814\/2023\/09\/Captura2-215x300.jpg 215w\" sizes=\"auto, (max-width: 593px) 100vw, 593px\" \/> <img loading=\"lazy\" decoding=\"async\" class=\"alignleft size-full wp-image-6196\" src=\"https:\/\/agora.xtec.cat\/ceipjoanllongueras\/wp-content\/uploads\/usu814\/2023\/09\/Captura3.jpg\" alt=\"\" width=\"870\" height=\"270\" srcset=\"https:\/\/agora.xtec.cat\/ceipjoanllongueras\/wp-content\/uploads\/usu814\/2023\/09\/Captura3.jpg 870w, https:\/\/agora.xtec.cat\/ceipjoanllongueras\/wp-content\/uploads\/usu814\/2023\/09\/Captura3-300x93.jpg 300w, https:\/\/agora.xtec.cat\/ceipjoanllongueras\/wp-content\/uploads\/usu814\/2023\/09\/Captura3-768x238.jpg 768w\" sizes=\"auto, (max-width: 870px) 100vw, 870px\" \/> <img loading=\"lazy\" decoding=\"async\" class=\"alignleft wp-image-6197\" src=\"https:\/\/agora.xtec.cat\/ceipjoanllongueras\/wp-content\/uploads\/usu814\/2023\/09\/Captura3JPG.jpg\" alt=\"\" width=\"754\" height=\"321\" srcset=\"https:\/\/agora.xtec.cat\/ceipjoanllongueras\/wp-content\/uploads\/usu814\/2023\/09\/Captura3JPG.jpg 693w, https:\/\/agora.xtec.cat\/ceipjoanllongueras\/wp-content\/uploads\/usu814\/2023\/09\/Captura3JPG-300x128.jpg 300w\" sizes=\"auto, (max-width: 754px) 100vw, 754px\" \/><\/p>\n<h4><\/h4>\n<h4><\/h4>\n<h4><\/h4>\n<h4><\/h4>\n<h4><\/h4>\n<h4><\/h4>\n<p>&nbsp;<\/p>\n<h4><\/h4>\n<h4><\/h4>\n<h4><\/h4>\n<h4><\/h4>\n<h4><\/h4>\n<h4><\/h4>\n<p>&nbsp;<\/p>\n<table style=\"border-collapse: collapse; width: 100.513%; height: 158px;\">\n<tbody>\n<tr style=\"height: 63px;\">\n<td style=\"width: 100%; height: 63px;\">\n<h3><strong>Sortides final de curs<\/strong> i setmana cultural<\/h3>\n<p>Veure les fotos blocs de cada classe.<\/td>\n<\/tr>\n<tr style=\"height: 63px;\">\n<td style=\"width: 100%; height: 63px;\">\n<h3><span style=\"background-color: #ffffff;\">Treballem les emocions a trav\u00e9s de l&#8217;art.<\/span><\/h3>\n<\/td>\n<\/tr>\n<tr style=\"height: 32px;\">\n<td style=\"width: 100%; height: 32px;\">\n<h3><span style=\"background-color: #ffffff;\">Treballem les emocions a trav\u00e9s de l&#8217;esport<\/span><\/h3>\n<\/td>\n<\/tr>\n<\/tbody>\n<\/table>\n<table style=\"border-collapse: collapse; width: 100%;\">\n<tbody>\n<tr>\n<td style=\"width: 50%;\">\n<h4>Curs 21-22<\/h4>\n<\/td>\n<td style=\"width: 50%;\">\n<h4><strong>Activitats del \u00a0Pla de millora d\u2019oportunitats educatives<\/strong><\/h4>\n<\/td>\n<\/tr>\n<tr>\n<td style=\"width: 50%;\"><a href=\"https:\/\/agora.xtec.cat\/ceipjoanllongueras\/wp-content\/uploads\/usu814\/2022\/07\/PROA-.jpg\"><img loading=\"lazy\" decoding=\"async\" class=\"alignleft wp-image-5842\" src=\"https:\/\/agora.xtec.cat\/ceipjoanllongueras\/wp-content\/uploads\/usu814\/2022\/07\/PROA--300x71.jpg\" alt=\"\" width=\"346\" height=\"82\" srcset=\"https:\/\/agora.xtec.cat\/ceipjoanllongueras\/wp-content\/uploads\/usu814\/2022\/07\/PROA--300x71.jpg 300w, https:\/\/agora.xtec.cat\/ceipjoanllongueras\/wp-content\/uploads\/usu814\/2022\/07\/PROA-.jpg 580w\" sizes=\"auto, (max-width: 346px) 100vw, 346px\" \/><\/a><\/td>\n<td style=\"width: 50%;\"><span style=\"background-color: #ffffff; font-size: 16px;\">PMOE-PROA+ des del passat 1 de gener de 2022 d\u2019acord amb la Resoluci\u00f3\u00a0\u00a0<\/span><i style=\"background-color: #ffffff; font-size: 16px;\">\u201cEDU\/644\/2022, de 2 de mar\u00e7, per la qual es regula el desplegament del Programa de cooperaci\u00f3 territorial per a l&#8217;orientaci\u00f3, l&#8217;aven\u00e7 i l&#8217;enriquiment educatiu PROA+ del MEFP a Catalunya durant el curs 2021-2022 i s&#8217;estableix la vinculaci\u00f3 amb el Pla de millora d&#8217;oportunitats educatives PMOE\u201d<\/i><\/td>\n<\/tr>\n<\/tbody>\n<\/table>\n<h5 id=\"h20\">Objecte i finalitat. Curs 2021-2022<\/h5>\n<p>El Pla de millora d\u2019oportunitats educatives (<a title=\"Descarrega el document\" href=\"https:\/\/dogc.gencat.cat\/ca\/document-del-dogc\/?documentId=909568\" target=\"_blank\" rel=\"noopener\">Resoluci\u00f3 EDU\/2694\/2021<\/a>, de 30 d&#8217;agost, per la qual es regula el Pla de millora d&#8217;oportunitats<a href=\"https:\/\/agora.xtec.cat\/ceipjoanllongueras\/wp-content\/uploads\/usu814\/2022\/06\/europea.jpg\"><img loading=\"lazy\" decoding=\"async\" class=\"alignleft size-medium wp-image-5761\" src=\"https:\/\/agora.xtec.cat\/ceipjoanllongueras\/wp-content\/uploads\/usu814\/2022\/06\/europea-300x159.jpg\" alt=\"\" width=\"300\" height=\"159\" srcset=\"https:\/\/agora.xtec.cat\/ceipjoanllongueras\/wp-content\/uploads\/usu814\/2022\/06\/europea-300x159.jpg 300w, https:\/\/agora.xtec.cat\/ceipjoanllongueras\/wp-content\/uploads\/usu814\/2022\/06\/europea.jpg 392w\" sizes=\"auto, (max-width: 300px) 100vw, 300px\" \/><\/a> educatives (PMOE) per al curs 2021-2022, en el marc de les mesures adoptades pel Departament d&#8217;Educaci\u00f3 per pal\u00b7liar els efectes desfavorables per la covid-19) t\u00e9 com a objectiu i finalitat\u00a0<strong>refor\u00e7ar els centres educatius de m\u00e9s complexitat educativa,\u00a0<\/strong>a trav\u00e9s d\u2019una assignaci\u00f3 als centres de titularitat del Departament d\u2019Educaci\u00f3, perqu\u00e8 disposin dels recursos necessaris per compensar l&#8217;impacte negatiu de la situaci\u00f3 de la pand\u00e8mia, aix\u00ed com l&#8217;increment de les necessitats i desigualtats educatives derivades del confinament, i millorar les oportunitats educatives d\u2019alumnes i refor\u00e7ar el suport a les fam\u00edlies.<\/p>\n<p class=\"CDt4Ke zfr3Q\" dir=\"ltr\"><strong>El Pla de millora d\u2019oportunitats educatives \u00e9s una mesura extraordin\u00e0ria per al curs 202<\/strong><strong>0<\/strong><strong>-2021, adoptada per pal\u00b7liar els efectes desfavorables de la suspensi\u00f3 de l\u2019activitat lectiva presencial durant el darrer trimestre del curs 2019-2020, adre\u00e7ada als centres del Servei d\u2019Educaci\u00f3 de Catalunya amb m\u00e9s complexitat educativa i als PEE que englobin aquests centres.<\/strong><\/p>\n<p class=\"CDt4Ke zfr3Q\" dir=\"ltr\"><strong>Tot i el seu car\u00e0cter conjuntural i extraordinari per al curs 2020-2021, el <\/strong><strong>p<\/strong><strong>la es formula amb la voluntat de donar-li continu\u00eftat durant els propers tres cursos escolars en forma de programa de lluita contra les desigualtats educatives d&#8217;origen socioecon\u00f2mic.<\/strong><\/p>\n<p class=\"CDt4Ke zfr3Q\" dir=\"ltr\">\n","protected":false},"excerpt":{"rendered":"<p>Curs 23-24 Activitats del \u00a0Pla de millora d\u2019oportunitats educatives Cartell-PROAPLUS-Centres Curs 22-23 Col\u00f2nies &nbsp; &nbsp; Sortides final de curs i [&hellip;]<\/p>\n","protected":false},"author":1,"featured_media":0,"parent":64,"menu_order":1,"comment_status":"closed","ping_status":"closed","template":"page-templates\/side-menu.php","meta":{"_bbp_topic_count":0,"_bbp_reply_count":0,"_bbp_total_topic_count":0,"_bbp_total_reply_count":0,"_bbp_voice_count":0,"_bbp_anonymous_reply_count":0,"_bbp_topic_count_hidden":0,"_bbp_reply_count_hidden":0,"_bbp_forum_subforum_count":0,"site-sidebar-layout":"default","site-content-layout":"","ast-site-content-layout":"","site-content-style":"default","site-sidebar-style":"default","ast-global-header-display":"","ast-banner-title-visibility":"","ast-main-header-display":"","ast-hfb-above-header-display":"","ast-hfb-below-header-display":"","ast-hfb-mobile-header-display":"","site-post-title":"","ast-breadcrumbs-content":"","ast-featured-img":"","footer-sml-layout":"","theme-transparent-header-meta":"","adv-header-id-meta":"","stick-header-meta":"","header-above-stick-meta":"","header-main-stick-meta":"","header-below-stick-meta":"","astra-migrate-meta-layouts":"default","ast-page-background-enabled":"default","ast-page-background-meta":{"desktop":{"background-color":"var(--ast-global-color-4)","background-image":"","background-repeat":"repeat","background-position":"center center","background-size":"auto","background-attachment":"scroll","background-type":"","background-media":"","overlay-type":"","overlay-color":"","overlay-opacity":"","overlay-gradient":""},"tablet":{"background-color":"","background-image":"","background-repeat":"repeat","background-position":"center center","background-size":"auto","background-attachment":"scroll","background-type":"","background-media":"","overlay-type":"","overlay-color":"","overlay-opacity":"","overlay-gradient":""},"mobile":{"background-color":"","background-image":"","background-repeat":"repeat","background-position":"center center","background-size":"auto","background-attachment":"scroll","background-type":"","background-media":"","overlay-type":"","overlay-color":"","overlay-opacity":"","overlay-gradient":""}},"ast-content-background-meta":{"desktop":{"background-color":"var(--ast-global-color-5)","background-image":"","background-repeat":"repeat","background-position":"center center","background-size":"auto","background-attachment":"scroll","background-type":"","background-media":"","overlay-type":"","overlay-color":"","overlay-opacity":"","overlay-gradient":""},"tablet":{"background-color":"var(--ast-global-color-5)","background-image":"","background-repeat":"repeat","background-position":"center center","background-size":"auto","background-attachment":"scroll","background-type":"","background-media":"","overlay-type":"","overlay-color":"","overlay-opacity":"","overlay-gradient":""},"mobile":{"background-color":"var(--ast-global-color-5)","background-image":"","background-repeat":"repeat","background-position":"center center","background-size":"auto","background-attachment":"scroll","background-type":"","background-media":"","overlay-type":"","overlay-color":"","overlay-opacity":"","overlay-gradient":""}},"footnotes":""},"class_list":["post-5792","page","type-page","status-publish","hentry"],"post_mailing_queue_ids":[],"_links":{"self":[{"href":"https:\/\/agora.xtec.cat\/ceipjoanllongueras\/wp-json\/wp\/v2\/pages\/5792","targetHints":{"allow":["GET"]}}],"collection":[{"href":"https:\/\/agora.xtec.cat\/ceipjoanllongueras\/wp-json\/wp\/v2\/pages"}],"about":[{"href":"https:\/\/agora.xtec.cat\/ceipjoanllongueras\/wp-json\/wp\/v2\/types\/page"}],"author":[{"embeddable":true,"href":"https:\/\/agora.xtec.cat\/ceipjoanllongueras\/wp-json\/wp\/v2\/users\/1"}],"replies":[{"embeddable":true,"href":"https:\/\/agora.xtec.cat\/ceipjoanllongueras\/wp-json\/wp\/v2\/comments?post=5792"}],"version-history":[{"count":7,"href":"https:\/\/agora.xtec.cat\/ceipjoanllongueras\/wp-json\/wp\/v2\/pages\/5792\/revisions"}],"predecessor-version":[{"id":6354,"href":"https:\/\/agora.xtec.cat\/ceipjoanllongueras\/wp-json\/wp\/v2\/pages\/5792\/revisions\/6354"}],"up":[{"embeddable":true,"href":"https:\/\/agora.xtec.cat\/ceipjoanllongueras\/wp-json\/wp\/v2\/pages\/64"}],"wp:attachment":[{"href":"https:\/\/agora.xtec.cat\/ceipjoanllongueras\/wp-json\/wp\/v2\/media?parent=5792"}],"curies":[{"name":"wp","href":"https:\/\/api.w.org\/{rel}","templated":true}]}}