{"id":2044,"date":"2016-08-22T16:54:19","date_gmt":"2016-08-22T15:54:19","guid":{"rendered":"http:\/\/agora.xtec.cat\/ceipjoanllongueras\/?page_id=2044"},"modified":"2025-02-10T12:15:15","modified_gmt":"2025-02-10T11:15:15","slug":"escacs","status":"publish","type":"page","link":"https:\/\/agora.xtec.cat\/ceipjoanllongueras\/projecte-educatiu\/escacs\/","title":{"rendered":"Escacs"},"content":{"rendered":"<p>Al Joan Llongueras participem del <strong>projecte \u201cEscacs a l\u2019Escola\u201d<\/strong>.<\/p>\n<p>La introducci\u00f3 dels escacs en el sistema educatiu dins l\u2019horari escolar des de primer de prim\u00e0ria pret\u00e9n aconseguir l\u2019\u00fas dels escacs com una eina educativa. Els escacs contribueixen a exercitar la mem\u00f2ria visual, aprendre a prendre decisions, aprendre dels propis errors, millorar les habilitats lectores i ling\u00fc\u00edstiques, treballar la capacitat de concentraci\u00f3, creativitat i orientaci\u00f3 espacial, potenciar la conviv\u00e8ncia, treballar textos escrits, treballar conceptes matem\u00e0tics&#8230;<\/p>\n<p>&nbsp;<\/p>\n<p>El lema del projecte \u00e9s <strong>\u201cobservo, penso, jugo\u201d<\/strong>, \u00e9s a dir, p<em>rimer observem i ensenyem a observar, despr\u00e9s pensem i ensenyem a pensar, \u00e9s a dir, qu\u00e8 volem fer, qu\u00e8 podem fer i com ho podem fer, i a la fi, juguem, \u00e9s a dir, ho fem i ho fem nosaltres, ho fas tu.<\/em><\/p>\n<p>&nbsp;<\/p>\n<p><strong>Declaraci\u00f3 del Parlament de Catalunya i del Parlament Europeu<\/strong><\/p>\n<p>El Parlament de Catalunya, el juliol de 2010, va declarar els escacs d\u2019utilitat p\u00fablica i n\u2019insta al Govern a difondre\u2019l, sobretot en l\u2019\u00e0mbit educatiu, l\u00fadic i de la salut.<\/p>\n<p>Posteriorment, el juliol de 2012, el Parlament Europeu va fer p\u00fablica una declaraci\u00f3 instant els diferents estats membres a introduir el programa <em>Escacs a l\u2019escola<\/em> en els seus sistemes educatius.<\/p>\n","protected":false},"excerpt":{"rendered":"<p>Al Joan Llongueras participem del projecte \u201cEscacs a l\u2019Escola\u201d. La introducci\u00f3 dels escacs en el sistema educatiu dins l\u2019horari escolar [&hellip;]<\/p>\n","protected":false},"author":1,"featured_media":0,"parent":64,"menu_order":5,"comment_status":"closed","ping_status":"closed","template":"","meta":{"_bbp_topic_count":0,"_bbp_reply_count":0,"_bbp_total_topic_count":0,"_bbp_total_reply_count":0,"_bbp_voice_count":0,"_bbp_anonymous_reply_count":0,"_bbp_topic_count_hidden":0,"_bbp_reply_count_hidden":0,"_bbp_forum_subforum_count":0,"site-sidebar-layout":"default","site-content-layout":"","ast-site-content-layout":"default","site-content-style":"default","site-sidebar-style":"default","ast-global-header-display":"","ast-banner-title-visibility":"","ast-main-header-display":"","ast-hfb-above-header-display":"","ast-hfb-below-header-display":"","ast-hfb-mobile-header-display":"","site-post-title":"","ast-breadcrumbs-content":"","ast-featured-img":"","footer-sml-layout":"","theme-transparent-header-meta":"default","adv-header-id-meta":"","stick-header-meta":"","header-above-stick-meta":"","header-main-stick-meta":"","header-below-stick-meta":"","astra-migrate-meta-layouts":"set","ast-page-background-enabled":"default","ast-page-background-meta":{"desktop":{"background-color":"var(--ast-global-color-4)","background-image":"","background-repeat":"repeat","background-position":"center center","background-size":"auto","background-attachment":"scroll","background-type":"","background-media":"","overlay-type":"","overlay-color":"","overlay-opacity":"","overlay-gradient":""},"tablet":{"background-color":"","background-image":"","background-repeat":"repeat","background-position":"center center","background-size":"auto","background-attachment":"scroll","background-type":"","background-media":"","overlay-type":"","overlay-color":"","overlay-opacity":"","overlay-gradient":""},"mobile":{"background-color":"","background-image":"","background-repeat":"repeat","background-position":"center center","background-size":"auto","background-attachment":"scroll","background-type":"","background-media":"","overlay-type":"","overlay-color":"","overlay-opacity":"","overlay-gradient":""}},"ast-content-background-meta":{"desktop":{"background-color":"var(--ast-global-color-5)","background-image":"","background-repeat":"repeat","background-position":"center center","background-size":"auto","background-attachment":"scroll","background-type":"","background-media":"","overlay-type":"","overlay-color":"","overlay-opacity":"","overlay-gradient":""},"tablet":{"background-color":"var(--ast-global-color-5)","background-image":"","background-repeat":"repeat","background-position":"center center","background-size":"auto","background-attachment":"scroll","background-type":"","background-media":"","overlay-type":"","overlay-color":"","overlay-opacity":"","overlay-gradient":""},"mobile":{"background-color":"var(--ast-global-color-5)","background-image":"","background-repeat":"repeat","background-position":"center center","background-size":"auto","background-attachment":"scroll","background-type":"","background-media":"","overlay-type":"","overlay-color":"","overlay-opacity":"","overlay-gradient":""}},"footnotes":""},"class_list":["post-2044","page","type-page","status-publish","hentry"],"post_mailing_queue_ids":[],"_links":{"self":[{"href":"https:\/\/agora.xtec.cat\/ceipjoanllongueras\/wp-json\/wp\/v2\/pages\/2044","targetHints":{"allow":["GET"]}}],"collection":[{"href":"https:\/\/agora.xtec.cat\/ceipjoanllongueras\/wp-json\/wp\/v2\/pages"}],"about":[{"href":"https:\/\/agora.xtec.cat\/ceipjoanllongueras\/wp-json\/wp\/v2\/types\/page"}],"author":[{"embeddable":true,"href":"https:\/\/agora.xtec.cat\/ceipjoanllongueras\/wp-json\/wp\/v2\/users\/1"}],"replies":[{"embeddable":true,"href":"https:\/\/agora.xtec.cat\/ceipjoanllongueras\/wp-json\/wp\/v2\/comments?post=2044"}],"version-history":[{"count":5,"href":"https:\/\/agora.xtec.cat\/ceipjoanllongueras\/wp-json\/wp\/v2\/pages\/2044\/revisions"}],"predecessor-version":[{"id":6777,"href":"https:\/\/agora.xtec.cat\/ceipjoanllongueras\/wp-json\/wp\/v2\/pages\/2044\/revisions\/6777"}],"up":[{"embeddable":true,"href":"https:\/\/agora.xtec.cat\/ceipjoanllongueras\/wp-json\/wp\/v2\/pages\/64"}],"wp:attachment":[{"href":"https:\/\/agora.xtec.cat\/ceipjoanllongueras\/wp-json\/wp\/v2\/media?parent=2044"}],"curies":[{"name":"wp","href":"https:\/\/api.w.org\/{rel}","templated":true}]}}