{"id":1449,"date":"2023-06-21T16:46:09","date_gmt":"2023-06-21T14:46:09","guid":{"rendered":"https:\/\/agora.xtec.cat\/ceipjoandepala\/?page_id=1449"},"modified":"2023-06-21T16:48:11","modified_gmt":"2023-06-21T14:48:11","slug":"conte-coronat-amb-les-quatre-estacions","status":"publish","type":"page","link":"https:\/\/agora.xtec.cat\/ceipjoandepala\/els-nostres-projectes\/conte-coronat-amb-les-quatre-estacions\/","title":{"rendered":"Conte &#8220;Corona&#8217;t amb les quatre estacions&#8221;"},"content":{"rendered":"<p>Aquest curs treballarem transversalment el projecte que hem batejat amb el nom de \u201cCorona\u2019t\u201d, tot fent un joc de paraules entre La Coromina, el cor i la natura. En aquest projecte volem transmetre als nostres infants i fam\u00edlies la part m\u00e9s hol\u00edstica de la natura a partir de l\u2019entorn m\u00e9s proper que \u00e9s el nostre poble. D\u2019aquest projecte surten moltes de les activitats que es treballen des de les diferents \u00e0rees i compet\u00e8ncies educatives, totes interrelacionades entre elles i des d\u2019un aprenentatge proper i significatiu per al nostre alumnat.<\/p>\n<p>Durant el curs 2022-23 hem estat treballant tot aix\u00f2 i m\u00e9s i aqu\u00ed us volem deixar un dels resultats d&#8217;aquest; es tracta d&#8217;un treball pl\u00e0stic a trav\u00e9s de la construcci\u00f3 d&#8217;un conte inspirat en la natura, el pas de les estacions, el cicle de vida, el jo i el nostre entorn&#8230;<\/p>\n<p>Volem agrair especialment la col\u2022laboraci\u00f3 de la Mireia Torramorell, una mare de l&#8217;escola que ha donat a l&#8217;escola tot el suport i saviesa incondicionals perqu\u00e8 aquest conte es fes realitat.<\/p>\n<p>Esperem que us agradi!<\/p>\n","protected":false},"excerpt":{"rendered":"<p>Aquest curs treballarem transversalment el projecte que hem batejat amb el nom de \u201cCorona\u2019t\u201d, tot fent un joc de paraules entre La Coromina, el cor i la natura. En aquest projecte volem transmetre als nostres infants i fam\u00edlies la part m\u00e9s hol\u00edstica de la natura&hellip;  <a href=\"https:\/\/agora.xtec.cat\/ceipjoandepala\/els-nostres-projectes\/conte-coronat-amb-les-quatre-estacions\/\" title=\"Read Conte &#8220;Corona&#8217;t amb les quatre estacions&#8221;\">Llegeix m\u00e9s\u00bb<\/a><\/p>\n","protected":false},"author":1,"featured_media":0,"parent":2,"menu_order":0,"comment_status":"closed","ping_status":"closed","template":"page-templates\/side-menu.php","meta":{"_bbp_topic_count":0,"_bbp_reply_count":0,"_bbp_total_topic_count":0,"_bbp_total_reply_count":0,"_bbp_voice_count":0,"_bbp_anonymous_reply_count":0,"_bbp_topic_count_hidden":0,"_bbp_reply_count_hidden":0,"_bbp_forum_subforum_count":0,"footnotes":""},"class_list":["post-1449","page","type-page","status-publish","hentry"],"post_mailing_queue_ids":[],"_links":{"self":[{"href":"https:\/\/agora.xtec.cat\/ceipjoandepala\/wp-json\/wp\/v2\/pages\/1449","targetHints":{"allow":["GET"]}}],"collection":[{"href":"https:\/\/agora.xtec.cat\/ceipjoandepala\/wp-json\/wp\/v2\/pages"}],"about":[{"href":"https:\/\/agora.xtec.cat\/ceipjoandepala\/wp-json\/wp\/v2\/types\/page"}],"author":[{"embeddable":true,"href":"https:\/\/agora.xtec.cat\/ceipjoandepala\/wp-json\/wp\/v2\/users\/1"}],"replies":[{"embeddable":true,"href":"https:\/\/agora.xtec.cat\/ceipjoandepala\/wp-json\/wp\/v2\/comments?post=1449"}],"version-history":[{"count":2,"href":"https:\/\/agora.xtec.cat\/ceipjoandepala\/wp-json\/wp\/v2\/pages\/1449\/revisions"}],"predecessor-version":[{"id":1451,"href":"https:\/\/agora.xtec.cat\/ceipjoandepala\/wp-json\/wp\/v2\/pages\/1449\/revisions\/1451"}],"up":[{"embeddable":true,"href":"https:\/\/agora.xtec.cat\/ceipjoandepala\/wp-json\/wp\/v2\/pages\/2"}],"wp:attachment":[{"href":"https:\/\/agora.xtec.cat\/ceipjoandepala\/wp-json\/wp\/v2\/media?parent=1449"}],"curies":[{"name":"wp","href":"https:\/\/api.w.org\/{rel}","templated":true}]}}