{"id":661,"date":"2020-05-11T17:47:18","date_gmt":"2020-05-11T15:47:18","guid":{"rendered":"https:\/\/agora.xtec.cat\/ceipjoandemargarit\/?page_id=661"},"modified":"2020-05-18T12:21:29","modified_gmt":"2020-05-18T10:21:29","slug":"educacio-en-valors","status":"publish","type":"page","link":"https:\/\/agora.xtec.cat\/ceipjoandemargarit\/especialistes\/educacio-en-valors\/","title":{"rendered":"English"},"content":{"rendered":"<p style=\"text-align: justify;\">L&#8217;objectiu primordial \u00e9s que els alumnes siguin capa\u00e7os \u00a0de dur a terme les tasques de comunicaci\u00f3 que els permeti expressar la seva comprensi\u00f3 de la realitat, relacionar-se, integrar, comprendre, valorar i comunicar la seva cultura i sentiments, amb la utilitzaci\u00f3 del llenguatge verbal oral i escrit i el no verbal emprant els mitjans audiovisuals i les tecnologies digitals.<\/p>\n<p style=\"text-align: justify;\">L\u2019\u00e0rea de lleng\u00fces estrangeres t\u00e9, encara m\u00e9s, un paper imprescindible a l\u2019hora de posar l\u2019accent en l\u2019enfocament pluriling\u00fce, ja que facilita la posada en contacte d\u2019estructures i conceptes entre les lleng\u00fces conegudes per l\u2019alumne i les que va aprenent.<\/p>\n<p>Recursos Edu365:<\/p>\n<ul>\n<li><a href=\"http:\/\/www.edu365.cat\/primaria\/angles\/index.html\" target=\"_blank\" rel=\"noopener noreferrer\">Llengua anglesa<\/a><\/li>\n<\/ul>\n<p><a href=\"https:\/\/agora.xtec.cat\/ceipjoandemargarit\/wp-content\/uploads\/usu2172\/2020\/05\/en-construcci\u00f3-3.png\"><img loading=\"lazy\" decoding=\"async\" class=\"alignnone size-full wp-image-526\" src=\"https:\/\/agora.xtec.cat\/ceipjoandemargarit\/wp-content\/uploads\/usu2172\/2020\/05\/en-construcci\u00f3-3.png\" alt=\"\" width=\"370\" height=\"136\" srcset=\"https:\/\/agora.xtec.cat\/ceipjoandemargarit\/wp-content\/uploads\/usu2172\/2020\/05\/en-construcci\u00f3-3.png 370w, https:\/\/agora.xtec.cat\/ceipjoandemargarit\/wp-content\/uploads\/usu2172\/2020\/05\/en-construcci\u00f3-3-300x110.png 300w\" sizes=\"auto, (max-width: 370px) 100vw, 370px\" \/><\/a><\/p>\n","protected":false},"excerpt":{"rendered":"<p>L&#8217;objectiu primordial \u00e9s que els alumnes siguin capa\u00e7os \u00a0de dur a terme les tasques de comunicaci\u00f3 que els permeti expressar la seva comprensi\u00f3 de la realitat, relacionar-se, integrar, comprendre, valorar i comunicar la seva cultura i sentiments, amb la utilitzaci\u00f3 del llenguatge verbal oral i&hellip;  <a href=\"https:\/\/agora.xtec.cat\/ceipjoandemargarit\/especialistes\/educacio-en-valors\/\" title=\"Read English\">Llegeix m\u00e9s\u00bb<\/a><\/p>\n","protected":false},"author":1,"featured_media":0,"parent":666,"menu_order":50,"comment_status":"closed","ping_status":"closed","template":"page-templates\/side-menu.php","meta":{"_bbp_topic_count":0,"_bbp_reply_count":0,"_bbp_total_topic_count":0,"_bbp_total_reply_count":0,"_bbp_voice_count":0,"_bbp_anonymous_reply_count":0,"_bbp_topic_count_hidden":0,"_bbp_reply_count_hidden":0,"_bbp_forum_subforum_count":0,"footnotes":""},"class_list":["post-661","page","type-page","status-publish","hentry"],"post_mailing_queue_ids":[],"_links":{"self":[{"href":"https:\/\/agora.xtec.cat\/ceipjoandemargarit\/wp-json\/wp\/v2\/pages\/661","targetHints":{"allow":["GET"]}}],"collection":[{"href":"https:\/\/agora.xtec.cat\/ceipjoandemargarit\/wp-json\/wp\/v2\/pages"}],"about":[{"href":"https:\/\/agora.xtec.cat\/ceipjoandemargarit\/wp-json\/wp\/v2\/types\/page"}],"author":[{"embeddable":true,"href":"https:\/\/agora.xtec.cat\/ceipjoandemargarit\/wp-json\/wp\/v2\/users\/1"}],"replies":[{"embeddable":true,"href":"https:\/\/agora.xtec.cat\/ceipjoandemargarit\/wp-json\/wp\/v2\/comments?post=661"}],"version-history":[{"count":3,"href":"https:\/\/agora.xtec.cat\/ceipjoandemargarit\/wp-json\/wp\/v2\/pages\/661\/revisions"}],"predecessor-version":[{"id":883,"href":"https:\/\/agora.xtec.cat\/ceipjoandemargarit\/wp-json\/wp\/v2\/pages\/661\/revisions\/883"}],"up":[{"embeddable":true,"href":"https:\/\/agora.xtec.cat\/ceipjoandemargarit\/wp-json\/wp\/v2\/pages\/666"}],"wp:attachment":[{"href":"https:\/\/agora.xtec.cat\/ceipjoandemargarit\/wp-json\/wp\/v2\/media?parent=661"}],"curies":[{"name":"wp","href":"https:\/\/api.w.org\/{rel}","templated":true}]}}