{"id":659,"date":"2020-05-11T17:46:38","date_gmt":"2020-05-11T15:46:38","guid":{"rendered":"https:\/\/agora.xtec.cat\/ceipjoandemargarit\/?page_id=659"},"modified":"2022-03-01T22:40:51","modified_gmt":"2022-03-01T21:40:51","slug":"educacio-artistica","status":"publish","type":"page","link":"https:\/\/agora.xtec.cat\/ceipjoandemargarit\/especialistes\/educacio-artistica\/","title":{"rendered":"Educaci\u00f3 art\u00edstica"},"content":{"rendered":"<p style=\"text-align: justify;\">L&#8217;\u00e0mbit art\u00edstic \u00a0inclou l&#8217;\u00e0rea d\u2019educaci\u00f3 art\u00edstica: visual, pl\u00e0stica, m\u00fasica i dansa. L&#8217;educaci\u00f3 art\u00edstica t\u00e9 com objectiu desenvolupar les compet\u00e8ncies perceptives i d&#8217;expressi\u00f3 que permetin als alumnes \u00a0comprendre el seu entorn i els mons art\u00edstics i culturals i adquirir eines per \u00a0comunicar-se amb els llenguatges de les arts. L&#8217;alumne apr\u00e8n a percebre, per\u00f2 tamb\u00e9 \u00a0a produir a partir del coneixement i de la comprensi\u00f3 de si mateix i del seu entorn.<\/p>\n<p style=\"text-align: justify;\">L\u2019educaci\u00f3 art\u00edstica afavoreix l\u2019estructuraci\u00f3 del pensament de l\u2019alumnat en tant que analitza la realitat, ajuda a comprendre i respondre, a sentir i a distingir, a pensar i a construir. L\u2019aprenentatge de l\u2019art i a trav\u00e9s de l\u2019art, genera coneixement i transfer\u00e8ncia a altres situacions i contextos tot desenvolupant un pensament cr\u00edtic, obert i flexible.<\/p>\n<p style=\"text-align: justify;\">L\u2019educaci\u00f3 art\u00edstica tamb\u00e9 t\u00e9 una gran rellev\u00e0ncia des de la perspectiva social i cultural, ja que les manifestacions art\u00edstiques no tan sols s\u00f3n generadores d\u2019espais de coneixement sin\u00f3 tamb\u00e9 d\u2019espais d\u2019experi\u00e8ncia dins l\u2019entorn proper (centre escolar, barri, poble, ciutat\u2026) i de di\u00e0leg amb d\u2019altres manifestacions art\u00edstiques i culturals del m\u00f3n.<\/p>\n<p><strong>Recursos XTEC<\/strong><\/p>\n<ul>\n<li><a href=\"http:\/\/xtec.gencat.cat\/ca\/recursos\/musica\/\">M\u00fasica<\/a><\/li>\n<li><a href=\"http:\/\/xtec.gencat.cat\/ca\/recursos\/visualplastica\/\">Visual i pl\u00e0stica<\/a><\/li>\n<\/ul>\n<p><strong>Recursos edu365<\/strong><\/p>\n<ul>\n<li><a href=\"http:\/\/www.edu365.cat\/primaria\/musica\/index.html\" target=\"_blank\" rel=\"noopener noreferrer\">M\u00fasica<\/a><\/li>\n<li><a href=\"http:\/\/www.edu365.cat\/primaria\/visual\/index.html\" target=\"_blank\" rel=\"noopener noreferrer\">Visual i pl\u00e0stica<\/a><\/li>\n<\/ul>\n<p><strong>Altres recursos<\/strong><\/p>\n<ul>\n<li><a href=\"http:\/\/xtec.gencat.cat\/ca\/projectes\/ensenyaments-artistics\/araART\/\">AraART<\/a>. Programa per afavorir la realitzaci\u00f3 de projectes de centre, en col\u00b7laboraci\u00f3 amb escoles o entitats art\u00edstiques de l\u2019entorn.<\/li>\n<li><a href=\"https:\/\/instrumentsmusicals.wordpress.com\/\">Instruments musicals<\/a>. Informaci\u00f3 i v\u00eddeos sobre els instruments musicals m\u00e9s habituals que conformen una orquestra cl\u00e0ssica, aix\u00ed com la seva classificaci\u00f3.<\/li>\n<\/ul>\n<p><strong>Experi\u00e8ncies<\/strong><\/p>\n<ul>\n<li>V\u00eddeo\u00a0<a href=\"http:\/\/www.alacarta.cat\/families-i-escola\/capitol\/activitats-artistiques-i-educacio\">Activitats art\u00edstiques i educaci\u00f3<\/a>\u00a0(alacarta.cat)<\/li>\n<\/ul>\n","protected":false},"excerpt":{"rendered":"<p>L&#8217;\u00e0mbit art\u00edstic \u00a0inclou l&#8217;\u00e0rea d\u2019educaci\u00f3 art\u00edstica: visual, pl\u00e0stica, m\u00fasica i dansa. L&#8217;educaci\u00f3 art\u00edstica t\u00e9 com objectiu desenvolupar les compet\u00e8ncies perceptives i d&#8217;expressi\u00f3 que permetin als alumnes \u00a0comprendre el seu entorn i els mons art\u00edstics i culturals i adquirir eines per \u00a0comunicar-se amb els llenguatges de&hellip;  <a href=\"https:\/\/agora.xtec.cat\/ceipjoandemargarit\/especialistes\/educacio-artistica\/\" title=\"Read Educaci\u00f3 art\u00edstica\">Llegeix m\u00e9s\u00bb<\/a><\/p>\n","protected":false},"author":1,"featured_media":0,"parent":666,"menu_order":20,"comment_status":"closed","ping_status":"closed","template":"page-templates\/side-menu.php","meta":{"_bbp_topic_count":0,"_bbp_reply_count":0,"_bbp_total_topic_count":0,"_bbp_total_reply_count":0,"_bbp_voice_count":0,"_bbp_anonymous_reply_count":0,"_bbp_topic_count_hidden":0,"_bbp_reply_count_hidden":0,"_bbp_forum_subforum_count":0,"footnotes":""},"class_list":["post-659","page","type-page","status-publish","hentry"],"post_mailing_queue_ids":[],"_links":{"self":[{"href":"https:\/\/agora.xtec.cat\/ceipjoandemargarit\/wp-json\/wp\/v2\/pages\/659","targetHints":{"allow":["GET"]}}],"collection":[{"href":"https:\/\/agora.xtec.cat\/ceipjoandemargarit\/wp-json\/wp\/v2\/pages"}],"about":[{"href":"https:\/\/agora.xtec.cat\/ceipjoandemargarit\/wp-json\/wp\/v2\/types\/page"}],"author":[{"embeddable":true,"href":"https:\/\/agora.xtec.cat\/ceipjoandemargarit\/wp-json\/wp\/v2\/users\/1"}],"replies":[{"embeddable":true,"href":"https:\/\/agora.xtec.cat\/ceipjoandemargarit\/wp-json\/wp\/v2\/comments?post=659"}],"version-history":[{"count":4,"href":"https:\/\/agora.xtec.cat\/ceipjoandemargarit\/wp-json\/wp\/v2\/pages\/659\/revisions"}],"predecessor-version":[{"id":2275,"href":"https:\/\/agora.xtec.cat\/ceipjoandemargarit\/wp-json\/wp\/v2\/pages\/659\/revisions\/2275"}],"up":[{"embeddable":true,"href":"https:\/\/agora.xtec.cat\/ceipjoandemargarit\/wp-json\/wp\/v2\/pages\/666"}],"wp:attachment":[{"href":"https:\/\/agora.xtec.cat\/ceipjoandemargarit\/wp-json\/wp\/v2\/media?parent=659"}],"curies":[{"name":"wp","href":"https:\/\/api.w.org\/{rel}","templated":true}]}}

Educació artística

<p style="text-align: justify;">L&#8217;àmbit artístic  inclou l&#8217;àrea d’educació artística: visual, plàstica, música i dansa. L&#8217;educació artística té com objectiu desenvolupar les competències perceptives i d&#8217;expressió que permetin als alumnes  comprendre el seu entorn i els mons artístics i culturals i adquirir eines per  comunicar-se amb els llenguatges de les arts. L&#8217;alumne aprèn a percebre, però també  a produir a partir del coneixement i de la comprensió de si mateix i del seu entorn.</p>
<p style="text-align: justify;">L’educació artística afavoreix l’estructuració del pensament de l’alumnat en tant que analitza la realitat, ajuda a comprendre i respondre, a sentir i a distingir, a pensar i a construir. L’aprenentatge de l’art i a través de l’art, genera coneixement i transferència a altres situacions i contextos tot desenvolupant un pensament crític, obert i flexible.</p>
<p style="text-align: justify;">L’educació artística també té una gran rellevància des de la perspectiva social i cultural, ja que les manifestacions artístiques no tan sols són generadores d’espais de coneixement sinó també d’espais d’experiència dins l’entorn proper (centre escolar, barri, poble, ciutat…) i de diàleg amb d’altres manifestacions artístiques i culturals del món.</p>
<p><strong>Recursos XTEC</strong></p>
<ul>
<li><a href="http://xtec.gencat.cat/ca/recursos/musica/">Música</a></li>
<li><a href="http://xtec.gencat.cat/ca/recursos/visualplastica/">Visual i plàstica</a></li>
</ul>
<p><strong>Recursos edu365</strong></p>
<ul>
<li><a href="http://www.edu365.cat/primaria/musica/index.html" target="_blank" rel="noopener noreferrer">Música</a></li>
<li><a href="http://www.edu365.cat/primaria/visual/index.html" target="_blank" rel="noopener noreferrer">Visual i plàstica</a></li>
</ul>
<p><strong>Altres recursos</strong></p>
<ul>
<li><a href="http://xtec.gencat.cat/ca/projectes/ensenyaments-artistics/araART/">AraART</a>. Programa per afavorir la realització de projectes de centre, en col·laboració amb escoles o entitats artístiques de l’entorn.</li>
<li><a href="https://instrumentsmusicals.wordpress.com/">Instruments musicals</a>. Informació i vídeos sobre els instruments musicals més habituals que conformen una orquestra clàssica, així com la seva classificació.</li>
</ul>
<p><strong>Experiències</strong></p>
<ul>
<li>Vídeo <a href="http://www.alacarta.cat/families-i-escola/capitol/activitats-artistiques-i-educacio">Activitats artístiques i educació</a> (alacarta.cat)</li>
</ul>

<p>L&#8217;àmbit artístic  inclou l&#8217;àrea d’educació artística: visual, plàstica, música i dansa. L&#8217;educació artística té com objectiu desenvolupar les competències perceptives i d&#8217;expressió que permetin als alumnes  comprendre el seu entorn i els mons artístics i culturals i adquirir eines per  comunicar-se amb els llenguatges de&hellip;  <a href="https://agora.xtec.cat/ceipjoandemargarit/especialistes/educacio-artistica/" title="Read Educació artística">Llegeix més»</a></p>
