{"id":3959,"date":"2024-09-28T12:49:44","date_gmt":"2024-09-28T10:49:44","guid":{"rendered":"https:\/\/agora.xtec.cat\/ceipjoandemargarit\/?page_id=3959"},"modified":"2025-10-15T13:16:23","modified_gmt":"2025-10-15T11:16:23","slug":"cicle-mitja","status":"publish","type":"page","link":"https:\/\/agora.xtec.cat\/ceipjoandemargarit\/nivells\/cicle-mitja\/","title":{"rendered":"Cicle mitj\u00e0"},"content":{"rendered":"<p>El cicle mitj\u00e0 s\u00f3n els cursos de 3r i 4t.<\/p>\n<p>Aquest curs 25-26 hi ha dos grups de 3r i dos grups de 4t.<\/p>\n<p>L&#8217;equip docent de cicle mitj\u00e0 el trobareu a l&#8217;apartat de l&#8217;Escola Joan de Margarit a <a href=\"https:\/\/agora.xtec.cat\/ceipjoandemargarit\/lescola\/el-nostre-claustre\/\">El nostre claustre<\/a>.<\/p>\n","protected":false},"excerpt":{"rendered":"<p>El cicle mitj\u00e0 s\u00f3n els cursos de 3r i 4t.<br \/>\nAquest curs 25-26 hi ha dos grups de 3r i dos grups de 4t.<br \/>\nL&#8217;equip docent de cicle mitj\u00e0 el trobareu a l&#8217;apartat de l&#8217;Escola Joan de Margarit a <a href=\"https:\/\/agora.xtec.cat\/ceipjoandemargarit\/lescola\/el-nostre-claustre\/\">El nostre claustre<\/a>.<\/p>\n","protected":false},"author":1,"featured_media":0,"parent":796,"menu_order":30,"comment_status":"closed","ping_status":"closed","template":"page-templates\/side-menu.php","meta":{"_bbp_topic_count":0,"_bbp_reply_count":0,"_bbp_total_topic_count":0,"_bbp_total_reply_count":0,"_bbp_voice_count":0,"_bbp_anonymous_reply_count":0,"_bbp_topic_count_hidden":0,"_bbp_reply_count_hidden":0,"_bbp_forum_subforum_count":0,"footnotes":""},"class_list":["post-3959","page","type-page","status-publish","hentry"],"post_mailing_queue_ids":[],"_links":{"self":[{"href":"https:\/\/agora.xtec.cat\/ceipjoandemargarit\/wp-json\/wp\/v2\/pages\/3959","targetHints":{"allow":["GET"]}}],"collection":[{"href":"https:\/\/agora.xtec.cat\/ceipjoandemargarit\/wp-json\/wp\/v2\/pages"}],"about":[{"href":"https:\/\/agora.xtec.cat\/ceipjoandemargarit\/wp-json\/wp\/v2\/types\/page"}],"author":[{"embeddable":true,"href":"https:\/\/agora.xtec.cat\/ceipjoandemargarit\/wp-json\/wp\/v2\/users\/1"}],"replies":[{"embeddable":true,"href":"https:\/\/agora.xtec.cat\/ceipjoandemargarit\/wp-json\/wp\/v2\/comments?post=3959"}],"version-history":[{"count":4,"href":"https:\/\/agora.xtec.cat\/ceipjoandemargarit\/wp-json\/wp\/v2\/pages\/3959\/revisions"}],"predecessor-version":[{"id":4368,"href":"https:\/\/agora.xtec.cat\/ceipjoandemargarit\/wp-json\/wp\/v2\/pages\/3959\/revisions\/4368"}],"up":[{"embeddable":true,"href":"https:\/\/agora.xtec.cat\/ceipjoandemargarit\/wp-json\/wp\/v2\/pages\/796"}],"wp:attachment":[{"href":"https:\/\/agora.xtec.cat\/ceipjoandemargarit\/wp-json\/wp\/v2\/media?parent=3959"}],"curies":[{"name":"wp","href":"https:\/\/api.w.org\/{rel}","templated":true}]}}

Cicle mitjà

<p>El cicle mitjà són els cursos de 3r i 4t.</p>
<p>Aquest curs 25-26 hi ha dos grups de 3r i dos grups de 4t.</p>
<p>L&#8217;equip docent de cicle mitjà el trobareu a l&#8217;apartat de l&#8217;Escola Joan de Margarit a <a href="https://agora.xtec.cat/ceipjoandemargarit/lescola/el-nostre-claustre/">El nostre claustre</a>.</p>

<p>El cicle mitjà són els cursos de 3r i 4t.<br />
Aquest curs 25-26 hi ha dos grups de 3r i dos grups de 4t.<br />
L&#8217;equip docent de cicle mitjà el trobareu a l&#8217;apartat de l&#8217;Escola Joan de Margarit a <a href="https://agora.xtec.cat/ceipjoandemargarit/lescola/el-nostre-claustre/">El nostre claustre</a>.</p>
