{"id":3606,"date":"2024-02-06T13:08:12","date_gmt":"2024-02-06T12:08:12","guid":{"rendered":"https:\/\/agora.xtec.cat\/ceipjoandemargarit\/?page_id=3606"},"modified":"2024-02-20T15:56:52","modified_gmt":"2024-02-20T14:56:52","slug":"pla-de-consum-de-fruita","status":"publish","type":"page","link":"https:\/\/agora.xtec.cat\/ceipjoandemargarit\/pla-de-consum-de-fruita\/","title":{"rendered":"Pla de consum de fruita"},"content":{"rendered":"<p><a href=\"https:\/\/agora.xtec.cat\/ceipjoandemargarit\/wp-content\/uploads\/usu2172\/2024\/02\/af-fruites_cartell_A3-1_page-0001-scaled.jpg\"><img loading=\"lazy\" decoding=\"async\" class=\"alignleft wp-image-3699\" src=\"https:\/\/agora.xtec.cat\/ceipjoandemargarit\/wp-content\/uploads\/usu2172\/2024\/02\/af-fruites_cartell_A3-1_page-0001-735x1024.jpg\" alt=\"\" width=\"347\" height=\"483\" \/><\/a><\/p>\n<p><span style=\"font-weight: 400;\">Aquest curs seguim amb el Pla de consum de fruita a l\u2019escola! \u00c9s iniciativa de la Uni\u00f3 Europea que es fa efectiva per una acci\u00f3 coordinada dels Departaments d\u2019Agricultura, Salut i Educaci\u00f3. El sector agrari productor est\u00e0 fent un gran esfor\u00e7\u00a0 per donar suport a aquest Programa i promoure entre els infants\u00a0 h\u00e0bits de consum saludables.<\/span><\/p>\n<p><b>En qu\u00e8 consisteix el <\/b><b><i>\u201cPrograma de consum de fruita a les escoles\u201d <\/i><\/b><b>?<\/b><\/p>\n<p><span style=\"font-weight: 400;\">Aquest pla consisteix a distribuir, 2\/3 dies al mes, fruita fresca als alumnes per potenciar accions que afavoreixin la salut dels infants, com ara augmentar el consum de fruites i verdures, fruita seca, llegums, aigua i joc actiu i reduir el consum de llaminadures, begudes refrescants, brioxeria i videojocs sedentaris.<\/span><\/p>\n<p>&nbsp;<\/p>\n<p>&nbsp;<\/p>\n","protected":false},"excerpt":{"rendered":"<p><a href=\"https:\/\/agora.xtec.cat\/ceipjoandemargarit\/wp-content\/uploads\/usu2172\/2024\/02\/af-fruites_cartell_A3-1_page-0001-scaled.jpg\"><\/a><br \/>\nAquest curs seguim amb el Pla de consum de fruita a l\u2019escola! \u00c9s iniciativa de la Uni\u00f3 Europea que es fa efectiva per una acci\u00f3 coordinada dels Departaments d\u2019Agricultura, Salut i Educaci\u00f3. El sector agrari productor est\u00e0 fent un gran esfor\u00e7\u00a0 per donar suport&hellip;  <a href=\"https:\/\/agora.xtec.cat\/ceipjoandemargarit\/pla-de-consum-de-fruita\/\" title=\"Read Pla de consum de fruita\">Llegeix m\u00e9s\u00bb<\/a><\/p>\n","protected":false},"author":1,"featured_media":0,"parent":0,"menu_order":0,"comment_status":"closed","ping_status":"closed","template":"","meta":{"_bbp_topic_count":0,"_bbp_reply_count":0,"_bbp_total_topic_count":0,"_bbp_total_reply_count":0,"_bbp_voice_count":0,"_bbp_anonymous_reply_count":0,"_bbp_topic_count_hidden":0,"_bbp_reply_count_hidden":0,"_bbp_forum_subforum_count":0,"footnotes":""},"class_list":["post-3606","page","type-page","status-publish","hentry"],"post_mailing_queue_ids":[],"_links":{"self":[{"href":"https:\/\/agora.xtec.cat\/ceipjoandemargarit\/wp-json\/wp\/v2\/pages\/3606","targetHints":{"allow":["GET"]}}],"collection":[{"href":"https:\/\/agora.xtec.cat\/ceipjoandemargarit\/wp-json\/wp\/v2\/pages"}],"about":[{"href":"https:\/\/agora.xtec.cat\/ceipjoandemargarit\/wp-json\/wp\/v2\/types\/page"}],"author":[{"embeddable":true,"href":"https:\/\/agora.xtec.cat\/ceipjoandemargarit\/wp-json\/wp\/v2\/users\/1"}],"replies":[{"embeddable":true,"href":"https:\/\/agora.xtec.cat\/ceipjoandemargarit\/wp-json\/wp\/v2\/comments?post=3606"}],"version-history":[{"count":4,"href":"https:\/\/agora.xtec.cat\/ceipjoandemargarit\/wp-json\/wp\/v2\/pages\/3606\/revisions"}],"predecessor-version":[{"id":3701,"href":"https:\/\/agora.xtec.cat\/ceipjoandemargarit\/wp-json\/wp\/v2\/pages\/3606\/revisions\/3701"}],"wp:attachment":[{"href":"https:\/\/agora.xtec.cat\/ceipjoandemargarit\/wp-json\/wp\/v2\/media?parent=3606"}],"curies":[{"name":"wp","href":"https:\/\/api.w.org\/{rel}","templated":true}]}}

<p><a href="https://agora.xtec.cat/ceipjoandemargarit/wp-content/uploads/usu2172/2024/02/af-fruites_cartell_A3-1_page-0001-scaled.jpg"><img loading="lazy" decoding="async" class="alignleft wp-image-3699" src="https://agora.xtec.cat/ceipjoandemargarit/wp-content/uploads/usu2172/2024/02/af-fruites_cartell_A3-1_page-0001-735x1024.jpg" alt="" width="347" height="483" /></a></p>
<p><span style="font-weight: 400;">Aquest curs seguim amb el Pla de consum de fruita a l’escola! És iniciativa de la Unió Europea que es fa efectiva per una acció coordinada dels Departaments d’Agricultura, Salut i Educació. El sector agrari productor està fent un gran esforç  per donar suport a aquest Programa i promoure entre els infants  hàbits de consum saludables.</span></p>
<p><b>En què consisteix el </b><b><i>“Programa de consum de fruita a les escoles” </i></b><b>?</b></p>
<p><span style="font-weight: 400;">Aquest pla consisteix a distribuir, 2/3 dies al mes, fruita fresca als alumnes per potenciar accions que afavoreixin la salut dels infants, com ara augmentar el consum de fruites i verdures, fruita seca, llegums, aigua i joc actiu i reduir el consum de llaminadures, begudes refrescants, brioxeria i videojocs sedentaris.</span></p>
<p>&nbsp;</p>
<p>&nbsp;</p>

<p><a href="https://agora.xtec.cat/ceipjoandemargarit/wp-content/uploads/usu2172/2024/02/af-fruites_cartell_A3-1_page-0001-scaled.jpg"></a><br />
Aquest curs seguim amb el Pla de consum de fruita a l’escola! És iniciativa de la Unió Europea que es fa efectiva per una acció coordinada dels Departaments d’Agricultura, Salut i Educació. El sector agrari productor està fent un gran esforç  per donar suport&hellip;  <a href="https://agora.xtec.cat/ceipjoandemargarit/pla-de-consum-de-fruita/" title="Read Pla de consum de fruita">Llegeix més»</a></p>
