{"id":3578,"date":"2024-01-30T13:11:02","date_gmt":"2024-01-30T12:11:02","guid":{"rendered":"https:\/\/agora.xtec.cat\/ceipjoandemargarit\/?page_id=3578"},"modified":"2024-02-21T19:40:26","modified_gmt":"2024-02-21T18:40:26","slug":"sigues-tu","status":"publish","type":"page","link":"https:\/\/agora.xtec.cat\/ceipjoandemargarit\/projectes-activitats-entorn\/sigues-tu\/","title":{"rendered":"Sigues tu"},"content":{"rendered":"<p><strong>\u00abSigues tu\u00bb \u00e9s un programa de Dipsalut que promou estils de vida saludables i respectuosos amb l&#8217;entorn a partir del treball de les habilitats per a la vida i el sentit de coher\u00e8ncia.<\/strong><\/p>\n<p>Les habilitats per a la vida s\u00f3n destreses psicosocials (com, per exemple, la capacitat de resoldre problemes o de gestionar les emocions) que complementen i optimitzen la intel\u00b7lig\u00e8ncia i els coneixements. Desenvolupar aquestes habilitats \u00e9s clau per prendre bones decisions en mat\u00e8ria de salut i per afrontar de manera positiva els desafiaments de la vida quotidiana.<\/p>\n<p>A partir dels recursos materials (contes, historietes, \u00e0lbums de cromos, v\u00eddeos&#8230;), s\u2019inicia una reflexi\u00f3 a l\u2019aula sobre aspectes com ara la import\u00e0ncia de respectar-se a un mateix i als altres, de saber prendre decisions, d\u2019afrontar els desafiaments de manera positiva o de mantenir el sentit cr\u00edtic enfront de les pressions del grup. Els materials tamb\u00e9 permeten abordar temes de g\u00e8nere, consums, \u00fas de les TIC, sexualitat, respecte i conviv\u00e8ncia, entre d&#8217;altres.<\/p>\n<p>&nbsp;<\/p>\n","protected":false},"excerpt":{"rendered":"<p>\u00abSigues tu\u00bb \u00e9s un programa de Dipsalut que promou estils de vida saludables i respectuosos amb l&#8217;entorn a partir del treball de les habilitats per a la vida i el sentit de coher\u00e8ncia.<br \/>\nLes habilitats per a la vida s\u00f3n destreses psicosocials (com, per exemple, la&hellip;  <a href=\"https:\/\/agora.xtec.cat\/ceipjoandemargarit\/projectes-activitats-entorn\/sigues-tu\/\" title=\"Read Sigues tu\">Llegeix m\u00e9s\u00bb<\/a><\/p>\n","protected":false},"author":1,"featured_media":0,"parent":3488,"menu_order":40,"comment_status":"closed","ping_status":"closed","template":"page-templates\/side-menu.php","meta":{"_bbp_topic_count":0,"_bbp_reply_count":0,"_bbp_total_topic_count":0,"_bbp_total_reply_count":0,"_bbp_voice_count":0,"_bbp_anonymous_reply_count":0,"_bbp_topic_count_hidden":0,"_bbp_reply_count_hidden":0,"_bbp_forum_subforum_count":0,"footnotes":""},"class_list":["post-3578","page","type-page","status-publish","hentry"],"post_mailing_queue_ids":[],"_links":{"self":[{"href":"https:\/\/agora.xtec.cat\/ceipjoandemargarit\/wp-json\/wp\/v2\/pages\/3578","targetHints":{"allow":["GET"]}}],"collection":[{"href":"https:\/\/agora.xtec.cat\/ceipjoandemargarit\/wp-json\/wp\/v2\/pages"}],"about":[{"href":"https:\/\/agora.xtec.cat\/ceipjoandemargarit\/wp-json\/wp\/v2\/types\/page"}],"author":[{"embeddable":true,"href":"https:\/\/agora.xtec.cat\/ceipjoandemargarit\/wp-json\/wp\/v2\/users\/1"}],"replies":[{"embeddable":true,"href":"https:\/\/agora.xtec.cat\/ceipjoandemargarit\/wp-json\/wp\/v2\/comments?post=3578"}],"version-history":[{"count":3,"href":"https:\/\/agora.xtec.cat\/ceipjoandemargarit\/wp-json\/wp\/v2\/pages\/3578\/revisions"}],"predecessor-version":[{"id":3707,"href":"https:\/\/agora.xtec.cat\/ceipjoandemargarit\/wp-json\/wp\/v2\/pages\/3578\/revisions\/3707"}],"up":[{"embeddable":true,"href":"https:\/\/agora.xtec.cat\/ceipjoandemargarit\/wp-json\/wp\/v2\/pages\/3488"}],"wp:attachment":[{"href":"https:\/\/agora.xtec.cat\/ceipjoandemargarit\/wp-json\/wp\/v2\/media?parent=3578"}],"curies":[{"name":"wp","href":"https:\/\/api.w.org\/{rel}","templated":true}]}}