{"id":28,"date":"2014-09-18T12:29:35","date_gmt":"2014-09-18T11:29:35","guid":{"rendered":"http:\/\/agora.xtec.cat\/ceipjoandemargarit\/?page_id=28"},"modified":"2026-01-14T13:40:48","modified_gmt":"2026-01-14T12:40:48","slug":"consell-escolar","status":"publish","type":"page","link":"https:\/\/agora.xtec.cat\/ceipjoandemargarit\/lescola\/consell-escolar\/","title":{"rendered":"Consell Escolar"},"content":{"rendered":"<blockquote>\n<p style=\"text-align: justify;\"><a href=\"https:\/\/agora.xtec.cat\/ceipjoandemargarit\/wp-content\/uploads\/usu2172\/2020\/09\/consell-ecolar.jpg\"><img loading=\"lazy\" decoding=\"async\" class=\"size-full wp-image-1132 alignleft\" src=\"https:\/\/agora.xtec.cat\/ceipjoandemargarit\/wp-content\/uploads\/usu2172\/2020\/09\/consell-ecolar.jpg\" alt=\"\" width=\"400\" height=\"214\" srcset=\"https:\/\/agora.xtec.cat\/ceipjoandemargarit\/wp-content\/uploads\/usu2172\/2020\/09\/consell-ecolar.jpg 400w, https:\/\/agora.xtec.cat\/ceipjoandemargarit\/wp-content\/uploads\/usu2172\/2020\/09\/consell-ecolar-300x161.jpg 300w\" sizes=\"auto, (max-width: 400px) 100vw, 400px\" \/><\/a><\/p>\n<p>&nbsp;<\/p>\n<p>&nbsp;<\/p>\n<p>&nbsp;<\/p>\n<p>&nbsp;<\/p>\n<p>&nbsp;<\/p>\n<p style=\"text-align: justify;\"><strong><span style=\"color: #800080;\"><em>Els nostres fills, les nostres filles, els nostres alumnes, les nostres alumnes, s\u00f3n el projecte m\u00e9s important de la nostra vida. <\/em><\/span><\/strong><\/p>\n<p style=\"text-align: justify;\"><strong><span style=\"color: #800080;\"><em>El nostre objectiu com\u00fa com a fam\u00edlies, docents i tota la comunitat educativa \u00e9s acompanyar-los en el seu creixement.<\/em><\/span><\/strong><\/p>\n<\/blockquote>\n<p style=\"text-align: justify;\">El Consell Escolar \u00e9s l&#8217;\u00f2rgan de participaci\u00f3 de la comunitat escolar en el govern del Centre Educatiu.<\/p>\n<p style=\"text-align: justify;\"><span style=\"font-family: inherit; font-size: 1em;\">Est\u00e0 compost per representants del professorat, del personal d&#8217;administraci\u00f3 i serveis, dels pares i mares, de l&#8217;associaci\u00f3 de fam\u00edlies d&#8217;alumnes AFA i un representant de l&#8217;Ajuntament.<\/span><\/p>\n<p style=\"text-align: justify;\">Els representants surten elegits per votaci\u00f3.<\/p>\n<p><span style=\"color: #800080;\"><b style=\"color: #800080;\">El Consell Escolar de la nostra escola est\u00e0 <\/b><span style=\"color: #800080;\"><b>format<\/b><\/span><b style=\"color: #800080;\"> per:<\/b><\/span><\/p>\n<p><strong>Representant de l\u2019Ajuntament:<\/strong> Dolors Molina<\/p>\n<p><strong>Representants de les fam\u00edlies: <\/strong>N\u00faria Bassa, Xavier Boada, Carla Escoda, Montse Geroni i Sana Masmoudi.<\/p>\n<p><strong>Representant de l\u2019AFA: <\/strong>Joaquim Prieto<\/p>\n<p><strong>Representants del professorat: <\/strong>Dani Campos, Paula Martos, Cristian Qu\u00edlez, Irene Tamayo i Arnau Bofill.<\/p>\n<p><strong>Representant del PAS: <\/strong>Anna Mont-ros i Patr\u00edcia P\u00e9rez<\/p>\n<p><strong>Equip Directiu:<\/strong> Francesc Pacheco (Director), Jordi Hern\u00e0ndez (Cap d&#8217;estudis) i Raquel Junqu\u00e9\u00a0(Secret\u00e0ria)<\/p>\n<p><strong><span style=\"color: #800080;\">ACORS PRESOS &#8211; CONSELL ESCOLAR:<\/span><\/strong><\/p>\n<p><strong>Curs 2025-2026<\/strong><\/p>\n<p>&nbsp;<\/p>\n<p>&nbsp;<\/p>\n<p>&nbsp;<\/p>\n<p>&nbsp;<\/p>\n<p>&nbsp;<\/p>\n<p>&nbsp;<\/p>\n<p>&nbsp;<\/p>\n<p>&nbsp;<\/p>\n<p>&nbsp;<\/p>\n<p>&nbsp;<\/p>\n<p>&nbsp;<\/p>\n<p>&nbsp;<\/p>\n","protected":false},"excerpt":{"rendered":"<p><a href=\"https:\/\/agora.xtec.cat\/ceipjoandemargarit\/wp-content\/uploads\/usu2172\/2020\/09\/consell-ecolar.jpg\"><\/a><br \/>\n&nbsp;<br \/>\n&nbsp;<br \/>\n&nbsp;<br \/>\n&nbsp;<br \/>\n&nbsp;<br \/>\nEls nostres fills, les nostres filles, els nostres alumnes, les nostres alumnes, s\u00f3n el projecte m\u00e9s important de la nostra vida.<br \/>\nEl nostre objectiu com\u00fa com a fam\u00edlies, docents i tota la comunitat educativa \u00e9s acompanyar-los en el seu creixement.<\/p>\n<p>El Consell Escolar \u00e9s l&#8217;\u00f2rgan&hellip;  <a href=\"https:\/\/agora.xtec.cat\/ceipjoandemargarit\/lescola\/consell-escolar\/\" title=\"Read Consell Escolar\">Llegeix m\u00e9s\u00bb<\/a><\/p>\n","protected":false},"author":1,"featured_media":0,"parent":22,"menu_order":40,"comment_status":"closed","ping_status":"closed","template":"page-templates\/side-menu.php","meta":{"_bbp_topic_count":0,"_bbp_reply_count":0,"_bbp_total_topic_count":0,"_bbp_total_reply_count":0,"_bbp_voice_count":0,"_bbp_anonymous_reply_count":0,"_bbp_topic_count_hidden":0,"_bbp_reply_count_hidden":0,"_bbp_forum_subforum_count":0,"footnotes":""},"class_list":["post-28","page","type-page","status-publish","hentry"],"post_mailing_queue_ids":[],"_links":{"self":[{"href":"https:\/\/agora.xtec.cat\/ceipjoandemargarit\/wp-json\/wp\/v2\/pages\/28","targetHints":{"allow":["GET"]}}],"collection":[{"href":"https:\/\/agora.xtec.cat\/ceipjoandemargarit\/wp-json\/wp\/v2\/pages"}],"about":[{"href":"https:\/\/agora.xtec.cat\/ceipjoandemargarit\/wp-json\/wp\/v2\/types\/page"}],"author":[{"embeddable":true,"href":"https:\/\/agora.xtec.cat\/ceipjoandemargarit\/wp-json\/wp\/v2\/users\/1"}],"replies":[{"embeddable":true,"href":"https:\/\/agora.xtec.cat\/ceipjoandemargarit\/wp-json\/wp\/v2\/comments?post=28"}],"version-history":[{"count":6,"href":"https:\/\/agora.xtec.cat\/ceipjoandemargarit\/wp-json\/wp\/v2\/pages\/28\/revisions"}],"predecessor-version":[{"id":4446,"href":"https:\/\/agora.xtec.cat\/ceipjoandemargarit\/wp-json\/wp\/v2\/pages\/28\/revisions\/4446"}],"up":[{"embeddable":true,"href":"https:\/\/agora.xtec.cat\/ceipjoandemargarit\/wp-json\/wp\/v2\/pages\/22"}],"wp:attachment":[{"href":"https:\/\/agora.xtec.cat\/ceipjoandemargarit\/wp-json\/wp\/v2\/media?parent=28"}],"curies":[{"name":"wp","href":"https:\/\/api.w.org\/{rel}","templated":true}]}}