{"id":7317,"date":"2024-03-01T15:49:01","date_gmt":"2024-03-01T14:49:01","guid":{"rendered":"https:\/\/agora.xtec.cat\/ceipjoanadempuries\/?page_id=7317"},"modified":"2024-03-01T16:15:17","modified_gmt":"2024-03-01T15:15:17","slug":"cantarella","status":"publish","type":"page","link":"https:\/\/agora.xtec.cat\/ceipjoanadempuries\/cantarella\/","title":{"rendered":"Cantarella"},"content":{"rendered":"<p><strong>La Cantarella<\/strong> \u00e9s un projecte que consisteix en una cantada amb la peculiaritat que inclou alumnat d\u2019etapes diferents en un mateix espectacle<span style=\"font-family: inherit; font-size: 1em;\">.<\/span><\/p>\n<p>La Cantarella va n\u00e9ixer amb la voluntat de posar en contacte alumnat de l\u2019\u00faltim curs de prim\u00e0ria i del primer cicle de secund\u00e0ria. Inclou un argument, un grup de rock creat per l\u2019esdeveniment (la Cantarella Band) que acompanya al cor i un conjunt de can\u00e7ons de rock-pop catal\u00e0 que l\u2019alumnat treballa i apr\u00e8n a les hores de classe. Un grup d\u2019alumnes tamb\u00e9 fa una representaci\u00f3 teatral senzilla. Hi participa la nostra escola conjuntament amb altres escoles de la comarca.<\/p>\n<p>L\u2019espectacle final ser\u00e0 el dia<strong> 29 d\u2019abril al mat\u00ed (horari lectiu)<\/strong> a la pla\u00e7a Moss\u00e8n Cinto Verdaguer, 1 de Castell\u00f3 d\u2019Emp\u00faries i \u00e9s obert a tothom.<\/p>\n","protected":false},"excerpt":{"rendered":"<p>La Cantarella \u00e9s un projecte que consisteix en una cantada amb la peculiaritat que inclou alumnat d\u2019etapes diferents en un mateix espectacle.<br \/>\nLa Cantarella va n\u00e9ixer amb la voluntat de posar en contacte alumnat de l\u2019\u00faltim curs de prim\u00e0ria i del primer cicle de secund\u00e0ria. Inclou&hellip;  <a href=\"https:\/\/agora.xtec.cat\/ceipjoanadempuries\/cantarella\/\" title=\"Read Cantarella\">Llegeix m\u00e9s\u00bb<\/a><\/p>\n","protected":false},"author":1,"featured_media":0,"parent":0,"menu_order":0,"comment_status":"closed","ping_status":"closed","template":"","meta":{"_bbp_topic_count":0,"_bbp_reply_count":0,"_bbp_total_topic_count":0,"_bbp_total_reply_count":0,"_bbp_voice_count":0,"_bbp_anonymous_reply_count":0,"_bbp_topic_count_hidden":0,"_bbp_reply_count_hidden":0,"_bbp_forum_subforum_count":0,"footnotes":""},"class_list":["post-7317","page","type-page","status-publish","hentry"],"post_mailing_queue_ids":[],"_links":{"self":[{"href":"https:\/\/agora.xtec.cat\/ceipjoanadempuries\/wp-json\/wp\/v2\/pages\/7317","targetHints":{"allow":["GET"]}}],"collection":[{"href":"https:\/\/agora.xtec.cat\/ceipjoanadempuries\/wp-json\/wp\/v2\/pages"}],"about":[{"href":"https:\/\/agora.xtec.cat\/ceipjoanadempuries\/wp-json\/wp\/v2\/types\/page"}],"author":[{"embeddable":true,"href":"https:\/\/agora.xtec.cat\/ceipjoanadempuries\/wp-json\/wp\/v2\/users\/1"}],"replies":[{"embeddable":true,"href":"https:\/\/agora.xtec.cat\/ceipjoanadempuries\/wp-json\/wp\/v2\/comments?post=7317"}],"version-history":[{"count":3,"href":"https:\/\/agora.xtec.cat\/ceipjoanadempuries\/wp-json\/wp\/v2\/pages\/7317\/revisions"}],"predecessor-version":[{"id":7322,"href":"https:\/\/agora.xtec.cat\/ceipjoanadempuries\/wp-json\/wp\/v2\/pages\/7317\/revisions\/7322"}],"wp:attachment":[{"href":"https:\/\/agora.xtec.cat\/ceipjoanadempuries\/wp-json\/wp\/v2\/media?parent=7317"}],"curies":[{"name":"wp","href":"https:\/\/api.w.org\/{rel}","templated":true}]}}