{"id":568,"date":"2019-09-27T16:02:32","date_gmt":"2019-09-27T14:02:32","guid":{"rendered":"https:\/\/agora.xtec.cat\/ceipjoanadempuries\/?page_id=568"},"modified":"2022-01-25T15:12:03","modified_gmt":"2022-01-25T14:12:03","slug":"projecte-linguistic","status":"publish","type":"page","link":"https:\/\/agora.xtec.cat\/ceipjoanadempuries\/projecte-educatiu\/projecte-linguistic\/","title":{"rendered":"PROJECTE LING\u00dc\u00cdSTIC"},"content":{"rendered":"<p>Clicant en el seg\u00fcent enlla\u00e7 podreu accedir al Projecte Ling\u00fc\u00edstic de Centre.<\/p>\n<p><a href=\"https:\/\/agora.xtec.cat\/ceipjoanadempuries\/wp-content\/uploads\/usu2026\/2022\/01\/PROJECTE-LINGUISTIC-JOANA-EMPURIES-2019-2.pdf\" target=\"_blank\" rel=\"noopener\">PROJECTE LING\u00dc\u00cdSTIC JOANA D&#8217;EMP\u00daRIES<\/a><\/p>\n","protected":false},"excerpt":{"rendered":"<p>Clicant en el seg\u00fcent enlla\u00e7 podreu accedir al Projecte Ling\u00fc\u00edstic de Centre.<br \/>\n<a href=\"https:\/\/agora.xtec.cat\/ceipjoanadempuries\/wp-content\/uploads\/usu2026\/2022\/01\/PROJECTE-LINGUISTIC-JOANA-EMPURIES-2019-2.pdf\" target=\"_blank\" rel=\"noopener\">PROJECTE LING\u00dc\u00cdSTIC JOANA D&#8217;EMP\u00daRIES<\/a><\/p>\n","protected":false},"author":1,"featured_media":0,"parent":64,"menu_order":3,"comment_status":"closed","ping_status":"closed","template":"page-templates\/side-menu.php","meta":{"_bbp_topic_count":0,"_bbp_reply_count":0,"_bbp_total_topic_count":0,"_bbp_total_reply_count":0,"_bbp_voice_count":0,"_bbp_anonymous_reply_count":0,"_bbp_topic_count_hidden":0,"_bbp_reply_count_hidden":0,"_bbp_forum_subforum_count":0,"footnotes":""},"class_list":["post-568","page","type-page","status-publish","hentry"],"post_mailing_queue_ids":[],"_links":{"self":[{"href":"https:\/\/agora.xtec.cat\/ceipjoanadempuries\/wp-json\/wp\/v2\/pages\/568","targetHints":{"allow":["GET"]}}],"collection":[{"href":"https:\/\/agora.xtec.cat\/ceipjoanadempuries\/wp-json\/wp\/v2\/pages"}],"about":[{"href":"https:\/\/agora.xtec.cat\/ceipjoanadempuries\/wp-json\/wp\/v2\/types\/page"}],"author":[{"embeddable":true,"href":"https:\/\/agora.xtec.cat\/ceipjoanadempuries\/wp-json\/wp\/v2\/users\/1"}],"replies":[{"embeddable":true,"href":"https:\/\/agora.xtec.cat\/ceipjoanadempuries\/wp-json\/wp\/v2\/comments?post=568"}],"version-history":[{"count":2,"href":"https:\/\/agora.xtec.cat\/ceipjoanadempuries\/wp-json\/wp\/v2\/pages\/568\/revisions"}],"predecessor-version":[{"id":5219,"href":"https:\/\/agora.xtec.cat\/ceipjoanadempuries\/wp-json\/wp\/v2\/pages\/568\/revisions\/5219"}],"up":[{"embeddable":true,"href":"https:\/\/agora.xtec.cat\/ceipjoanadempuries\/wp-json\/wp\/v2\/pages\/64"}],"wp:attachment":[{"href":"https:\/\/agora.xtec.cat\/ceipjoanadempuries\/wp-json\/wp\/v2\/media?parent=568"}],"curies":[{"name":"wp","href":"https:\/\/api.w.org\/{rel}","templated":true}]}}