{"id":3256,"date":"2021-10-30T16:58:25","date_gmt":"2021-10-30T14:58:25","guid":{"rendered":"https:\/\/agora.xtec.cat\/ceipjoanabello-mollet\/?page_id=3256"},"modified":"2023-02-17T16:05:30","modified_gmt":"2023-02-17T15:05:30","slug":"ampa","status":"publish","type":"page","link":"https:\/\/agora.xtec.cat\/ceipjoanabello-mollet\/ampa\/","title":{"rendered":"AFA"},"content":{"rendered":"<p><span style=\"text-decoration: underline;\"><a href=\"https:\/\/agora.xtec.cat\/ceipjoanabello-mollet\/wp-content\/uploads\/usu1842\/2023\/02\/afa-scaled-e1676632635385.jpg\"><img loading=\"lazy\" decoding=\"async\" class=\"alignleft wp-image-4078 size-thumbnail\" src=\"https:\/\/agora.xtec.cat\/ceipjoanabello-mollet\/wp-content\/uploads\/usu1842\/2023\/02\/afa-scaled-e1676632635385-150x150.jpg\" alt=\"\" width=\"150\" height=\"150\" \/><\/a><\/span><\/p>\n<p>Les AFA\u2019s s\u00f3n associacions sense afany de lucre formades per fam\u00edlies d\u2019alumnes i situades en el mateix centre educatiu amb una missi\u00f3: contribuir a la millora de la qualitat del sistema educatiu p\u00fablic i de les condicions d\u2019escolaritzaci\u00f3 de l\u2019alumnat del seu centre. El seu funcionament es basa en el di\u00e0leg i en la col\u00b7laboraci\u00f3 amb els sectors de la comunitat educativa.<\/p>\n<p>&nbsp;<\/p>\n<p><span style=\"text-decoration: underline;\">FUNCIONS:<\/span><\/p>\n<ul>\n<li>Fomenta la participaci\u00f3 associativa i la coresponsabilitat educativa.<\/li>\n<li>Contribueix al govern del centre educatiu.<\/li>\n<li>Facilita la prestaci\u00f3 de serveis fora de l\u2019horari lectiu.<\/li>\n<li>Contribuir a assolir l\u2019\u00e8xit escolar i personal de l\u2019alumnat del centre, a partir de la millora de la qualitat educativa, tot afavorint el clima educatiu entre tots els agents de la comunitat escolar.<\/li>\n<\/ul>\n<p>&nbsp;<\/p>\n<p><em>PREN NOTA:<\/em><\/p>\n<p><strong>Sobir\u00e0<\/strong> vol dir que \u00e9s l\u2019\u00f2rgan on es prenen acords i es fixen les l\u00ednies fonamentals de l\u2019AFA. \u00d2rgan de govern \u00e9s el que porta a terme la missi\u00f3 de l\u2019entitat. \u00c9s el motor de tota l\u2019estructura associativa, i les mares i els pares que la composen garanteixen la bona gesti\u00f3 i seguiment dels serveis, projectes, activitats i recursos propis de l\u2019AFA.<\/p>\n<p>Com en tota organitzaci\u00f3 democr\u00e0tica i participativa, una bona coordinaci\u00f3 entre tots els membres de la junta \u00e9s clau.<\/p>\n<p><strong>La comunicaci\u00f3<\/strong> \u00e9s fonamental per a una coordinaci\u00f3 efectiva.<\/p>\n<p><strong>Les comissions de treball<\/strong> s\u00f3n espais perqu\u00e8 totes les fam\u00edlies que ho desitgin puguin aprofundir col\u00b7lectivament en diversos \u00e0mbits i tem\u00e0tiques. D\u2019aquesta manera els associats participen activament en les decisions fruit del di\u00e0leg i de l\u2019acord.<\/p>\n","protected":false},"excerpt":{"rendered":"<p>Les AFA\u2019s s\u00f3n associacions sense afany de lucre formades per fam\u00edlies d\u2019alumnes i situades en el mateix centre educatiu amb una missi\u00f3: contribuir a la millora de la qualitat del sistema educatiu p\u00fablic i de les condicions d\u2019escolaritzaci\u00f3 de l\u2019alumnat del seu centre. El seu funcionament es basa en el di\u00e0leg i en la col\u00b7laboraci\u00f3 [&hellip;]<\/p>\n","protected":false},"author":36,"featured_media":0,"parent":0,"menu_order":0,"comment_status":"closed","ping_status":"closed","template":"page-templates\/side-menu.php","meta":{"_bbp_topic_count":0,"_bbp_reply_count":0,"_bbp_total_topic_count":0,"_bbp_total_reply_count":0,"_bbp_voice_count":0,"_bbp_anonymous_reply_count":0,"_bbp_topic_count_hidden":0,"_bbp_reply_count_hidden":0,"_bbp_forum_subforum_count":0,"site-sidebar-layout":"default","site-content-layout":"","ast-site-content-layout":"","site-content-style":"default","site-sidebar-style":"default","ast-global-header-display":"","ast-banner-title-visibility":"","ast-main-header-display":"","ast-hfb-above-header-display":"","ast-hfb-below-header-display":"","ast-hfb-mobile-header-display":"","site-post-title":"","ast-breadcrumbs-content":"","ast-featured-img":"","footer-sml-layout":"","theme-transparent-header-meta":"","adv-header-id-meta":"","stick-header-meta":"","header-above-stick-meta":"","header-main-stick-meta":"","header-below-stick-meta":"","astra-migrate-meta-layouts":"default","ast-page-background-enabled":"default","ast-page-background-meta":{"desktop":{"background-color":"var(--ast-global-color-4)","background-image":"","background-repeat":"repeat","background-position":"center center","background-size":"auto","background-attachment":"scroll","background-type":"","background-media":"","overlay-type":"","overlay-color":"","overlay-opacity":"","overlay-gradient":""},"tablet":{"background-color":"","background-image":"","background-repeat":"repeat","background-position":"center center","background-size":"auto","background-attachment":"scroll","background-type":"","background-media":"","overlay-type":"","overlay-color":"","overlay-opacity":"","overlay-gradient":""},"mobile":{"background-color":"","background-image":"","background-repeat":"repeat","background-position":"center center","background-size":"auto","background-attachment":"scroll","background-type":"","background-media":"","overlay-type":"","overlay-color":"","overlay-opacity":"","overlay-gradient":""}},"ast-content-background-meta":{"desktop":{"background-color":"var(--ast-global-color-5)","background-image":"","background-repeat":"repeat","background-position":"center center","background-size":"auto","background-attachment":"scroll","background-type":"","background-media":"","overlay-type":"","overlay-color":"","overlay-opacity":"","overlay-gradient":""},"tablet":{"background-color":"var(--ast-global-color-5)","background-image":"","background-repeat":"repeat","background-position":"center center","background-size":"auto","background-attachment":"scroll","background-type":"","background-media":"","overlay-type":"","overlay-color":"","overlay-opacity":"","overlay-gradient":""},"mobile":{"background-color":"var(--ast-global-color-5)","background-image":"","background-repeat":"repeat","background-position":"center center","background-size":"auto","background-attachment":"scroll","background-type":"","background-media":"","overlay-type":"","overlay-color":"","overlay-opacity":"","overlay-gradient":""}},"footnotes":""},"class_list":["post-3256","page","type-page","status-publish","hentry"],"post_mailing_queue_ids":[],"_links":{"self":[{"href":"https:\/\/agora.xtec.cat\/ceipjoanabello-mollet\/wp-json\/wp\/v2\/pages\/3256","targetHints":{"allow":["GET"]}}],"collection":[{"href":"https:\/\/agora.xtec.cat\/ceipjoanabello-mollet\/wp-json\/wp\/v2\/pages"}],"about":[{"href":"https:\/\/agora.xtec.cat\/ceipjoanabello-mollet\/wp-json\/wp\/v2\/types\/page"}],"author":[{"embeddable":true,"href":"https:\/\/agora.xtec.cat\/ceipjoanabello-mollet\/wp-json\/wp\/v2\/users\/36"}],"replies":[{"embeddable":true,"href":"https:\/\/agora.xtec.cat\/ceipjoanabello-mollet\/wp-json\/wp\/v2\/comments?post=3256"}],"version-history":[{"count":4,"href":"https:\/\/agora.xtec.cat\/ceipjoanabello-mollet\/wp-json\/wp\/v2\/pages\/3256\/revisions"}],"predecessor-version":[{"id":4087,"href":"https:\/\/agora.xtec.cat\/ceipjoanabello-mollet\/wp-json\/wp\/v2\/pages\/3256\/revisions\/4087"}],"wp:attachment":[{"href":"https:\/\/agora.xtec.cat\/ceipjoanabello-mollet\/wp-json\/wp\/v2\/media?parent=3256"}],"curies":[{"name":"wp","href":"https:\/\/api.w.org\/{rel}","templated":true}]}}