{"id":3249,"date":"2021-10-30T16:41:04","date_gmt":"2021-10-30T14:41:04","guid":{"rendered":"https:\/\/agora.xtec.cat\/ceipjoanabello-mollet\/?page_id=3249"},"modified":"2024-01-21T22:09:45","modified_gmt":"2024-01-21T21:09:45","slug":"padrins-i-fillols","status":"publish","type":"page","link":"https:\/\/agora.xtec.cat\/ceipjoanabello-mollet\/que-fem\/padrins-i-fillols\/","title":{"rendered":"Padrins i Fillols"},"content":{"rendered":"<p><a href=\"https:\/\/agora.xtec.cat\/ceipjoanabello-mollet\/wp-content\/uploads\/usu1842\/2022\/01\/padrins-i-fillols-1.jpeg\"><img loading=\"lazy\" decoding=\"async\" class=\"wp-image-3468 alignright\" src=\"https:\/\/agora.xtec.cat\/ceipjoanabello-mollet\/wp-content\/uploads\/usu1842\/2022\/01\/padrins-i-fillols-1-1024x768.jpeg\" alt=\"\" width=\"326\" height=\"245\" srcset=\"https:\/\/agora.xtec.cat\/ceipjoanabello-mollet\/wp-content\/uploads\/usu1842\/2022\/01\/padrins-i-fillols-1-1024x768.jpeg 1024w, https:\/\/agora.xtec.cat\/ceipjoanabello-mollet\/wp-content\/uploads\/usu1842\/2022\/01\/padrins-i-fillols-1-300x225.jpeg 300w, https:\/\/agora.xtec.cat\/ceipjoanabello-mollet\/wp-content\/uploads\/usu1842\/2022\/01\/padrins-i-fillols-1-768x576.jpeg 768w, https:\/\/agora.xtec.cat\/ceipjoanabello-mollet\/wp-content\/uploads\/usu1842\/2022\/01\/padrins-i-fillols-1-1536x1152.jpeg 1536w, https:\/\/agora.xtec.cat\/ceipjoanabello-mollet\/wp-content\/uploads\/usu1842\/2022\/01\/padrins-i-fillols-1-200x150.jpeg 200w, https:\/\/agora.xtec.cat\/ceipjoanabello-mollet\/wp-content\/uploads\/usu1842\/2022\/01\/padrins-i-fillols-1.jpeg 2016w\" sizes=\"auto, (max-width: 326px) 100vw, 326px\" \/><\/a> Un dels projectes m\u00e9s bonics de l\u2019escola \u00e9s el de PADRINS I FILLOLS.<\/p>\n<p>Aquest projecte t\u00e9 com a objectiu fomentar les relacions i l\u2019empatia entre els m\u00e9s grans i els m\u00e9s petitons, afavorir la conviv\u00e8ncia, fomentar la lectura, l\u2019escolta\u2026 en definitiva, crear un vincle que no oblidaran mai.<\/p>\n<p>Els cursos que formen part d\u2019aquest projecte s\u00f3n P-3, P-4 i P-5 juntament amb 4t, 5\u00e8 i 6\u00e8.<\/p>\n<p>A trav\u00e9s d\u2019aquest projecte els i les alumnes m\u00e9s petits de l\u2019escola s\u00f3n apadrinats pels m\u00e9s grans. Quan un alumne comen\u00e7a P-3 se li adjudica un padr\u00ed o padrina que l\u2019acompanyar\u00e0 fins que l\u2019alumne acabi l\u2019etapa d\u2019infantil.<a style=\"color: #2795b6;\" href=\"https:\/\/agora.xtec.cat\/ceipjoanabello-mollet\/wp-content\/uploads\/usu1842\/2022\/01\/padrins-i-fillols-2.jpeg\"><img loading=\"lazy\" decoding=\"async\" class=\"wp-image-3467 alignright\" src=\"https:\/\/agora.xtec.cat\/ceipjoanabello-mollet\/wp-content\/uploads\/usu1842\/2022\/01\/padrins-i-fillols-2-1024x768.jpeg\" alt=\"\" width=\"323\" height=\"243\" srcset=\"https:\/\/agora.xtec.cat\/ceipjoanabello-mollet\/wp-content\/uploads\/usu1842\/2022\/01\/padrins-i-fillols-2-1024x768.jpeg 1024w, https:\/\/agora.xtec.cat\/ceipjoanabello-mollet\/wp-content\/uploads\/usu1842\/2022\/01\/padrins-i-fillols-2-300x225.jpeg 300w, https:\/\/agora.xtec.cat\/ceipjoanabello-mollet\/wp-content\/uploads\/usu1842\/2022\/01\/padrins-i-fillols-2-768x576.jpeg 768w, https:\/\/agora.xtec.cat\/ceipjoanabello-mollet\/wp-content\/uploads\/usu1842\/2022\/01\/padrins-i-fillols-2-1536x1152.jpeg 1536w, https:\/\/agora.xtec.cat\/ceipjoanabello-mollet\/wp-content\/uploads\/usu1842\/2022\/01\/padrins-i-fillols-2-200x150.jpeg 200w, https:\/\/agora.xtec.cat\/ceipjoanabello-mollet\/wp-content\/uploads\/usu1842\/2022\/01\/padrins-i-fillols-2.jpeg 2016w\" sizes=\"auto, (max-width: 323px) 100vw, 323px\" \/><\/a><\/p>\n<p>&nbsp;<\/p>\n<p>D\u2019aquesta manera tot l\u2019alumnat del centre, al llarg de la seva escolaritat fa els dos rols: el de padr\u00ed o padrina i el de fillol o fillola.<\/p>\n<p>Al llarg del curs, els padrins i fillols es troben en diverses ocasions. En les celebracions de festes com la Castanyada, en moments d\u2019esbarjo jugant junts, en moments\u00a0de lectura\u2026 S\u00f3n unes trobades molt desitjades per les dues parts.<\/p>\n<p>&nbsp;<\/p>\n<p>&nbsp;<\/p>\n<p>&nbsp;<\/p>\n<p>&nbsp;<\/p>\n","protected":false},"excerpt":{"rendered":"<p>Un dels projectes m\u00e9s bonics de l\u2019escola \u00e9s el de PADRINS I FILLOLS. Aquest projecte t\u00e9 com a objectiu fomentar les relacions i l\u2019empatia entre els m\u00e9s grans i els m\u00e9s petitons, afavorir la conviv\u00e8ncia, fomentar la lectura, l\u2019escolta\u2026 en definitiva, crear un vincle que no oblidaran mai. Els cursos que formen part d\u2019aquest projecte [&hellip;]<\/p>\n","protected":false},"author":36,"featured_media":0,"parent":4340,"menu_order":6,"comment_status":"closed","ping_status":"closed","template":"page-templates\/side-menu.php","meta":{"_bbp_topic_count":0,"_bbp_reply_count":0,"_bbp_total_topic_count":0,"_bbp_total_reply_count":0,"_bbp_voice_count":0,"_bbp_anonymous_reply_count":0,"_bbp_topic_count_hidden":0,"_bbp_reply_count_hidden":0,"_bbp_forum_subforum_count":0,"site-sidebar-layout":"default","site-content-layout":"","ast-site-content-layout":"","site-content-style":"default","site-sidebar-style":"default","ast-global-header-display":"","ast-banner-title-visibility":"","ast-main-header-display":"","ast-hfb-above-header-display":"","ast-hfb-below-header-display":"","ast-hfb-mobile-header-display":"","site-post-title":"","ast-breadcrumbs-content":"","ast-featured-img":"","footer-sml-layout":"","theme-transparent-header-meta":"","adv-header-id-meta":"","stick-header-meta":"","header-above-stick-meta":"","header-main-stick-meta":"","header-below-stick-meta":"","astra-migrate-meta-layouts":"default","ast-page-background-enabled":"default","ast-page-background-meta":{"desktop":{"background-color":"var(--ast-global-color-4)","background-image":"","background-repeat":"repeat","background-position":"center center","background-size":"auto","background-attachment":"scroll","background-type":"","background-media":"","overlay-type":"","overlay-color":"","overlay-opacity":"","overlay-gradient":""},"tablet":{"background-color":"","background-image":"","background-repeat":"repeat","background-position":"center center","background-size":"auto","background-attachment":"scroll","background-type":"","background-media":"","overlay-type":"","overlay-color":"","overlay-opacity":"","overlay-gradient":""},"mobile":{"background-color":"","background-image":"","background-repeat":"repeat","background-position":"center center","background-size":"auto","background-attachment":"scroll","background-type":"","background-media":"","overlay-type":"","overlay-color":"","overlay-opacity":"","overlay-gradient":""}},"ast-content-background-meta":{"desktop":{"background-color":"var(--ast-global-color-5)","background-image":"","background-repeat":"repeat","background-position":"center center","background-size":"auto","background-attachment":"scroll","background-type":"","background-media":"","overlay-type":"","overlay-color":"","overlay-opacity":"","overlay-gradient":""},"tablet":{"background-color":"var(--ast-global-color-5)","background-image":"","background-repeat":"repeat","background-position":"center center","background-size":"auto","background-attachment":"scroll","background-type":"","background-media":"","overlay-type":"","overlay-color":"","overlay-opacity":"","overlay-gradient":""},"mobile":{"background-color":"var(--ast-global-color-5)","background-image":"","background-repeat":"repeat","background-position":"center center","background-size":"auto","background-attachment":"scroll","background-type":"","background-media":"","overlay-type":"","overlay-color":"","overlay-opacity":"","overlay-gradient":""}},"footnotes":""},"class_list":["post-3249","page","type-page","status-publish","hentry"],"post_mailing_queue_ids":[],"_links":{"self":[{"href":"https:\/\/agora.xtec.cat\/ceipjoanabello-mollet\/wp-json\/wp\/v2\/pages\/3249","targetHints":{"allow":["GET"]}}],"collection":[{"href":"https:\/\/agora.xtec.cat\/ceipjoanabello-mollet\/wp-json\/wp\/v2\/pages"}],"about":[{"href":"https:\/\/agora.xtec.cat\/ceipjoanabello-mollet\/wp-json\/wp\/v2\/types\/page"}],"author":[{"embeddable":true,"href":"https:\/\/agora.xtec.cat\/ceipjoanabello-mollet\/wp-json\/wp\/v2\/users\/36"}],"replies":[{"embeddable":true,"href":"https:\/\/agora.xtec.cat\/ceipjoanabello-mollet\/wp-json\/wp\/v2\/comments?post=3249"}],"version-history":[{"count":3,"href":"https:\/\/agora.xtec.cat\/ceipjoanabello-mollet\/wp-json\/wp\/v2\/pages\/3249\/revisions"}],"predecessor-version":[{"id":3469,"href":"https:\/\/agora.xtec.cat\/ceipjoanabello-mollet\/wp-json\/wp\/v2\/pages\/3249\/revisions\/3469"}],"up":[{"embeddable":true,"href":"https:\/\/agora.xtec.cat\/ceipjoanabello-mollet\/wp-json\/wp\/v2\/pages\/4340"}],"wp:attachment":[{"href":"https:\/\/agora.xtec.cat\/ceipjoanabello-mollet\/wp-json\/wp\/v2\/media?parent=3249"}],"curies":[{"name":"wp","href":"https:\/\/api.w.org\/{rel}","templated":true}]}}