{"id":3198,"date":"2021-10-28T19:09:15","date_gmt":"2021-10-28T17:09:15","guid":{"rendered":"https:\/\/agora.xtec.cat\/ceipjoanabello-mollet\/?page_id=3198"},"modified":"2024-01-23T12:23:39","modified_gmt":"2024-01-23T11:23:39","slug":"transformacio-educacio-infantil","status":"publish","type":"page","link":"https:\/\/agora.xtec.cat\/ceipjoanabello-mollet\/projecte-educatiu\/transformacio-educacio-infantil\/","title":{"rendered":"Transformaci\u00f3 Educaci\u00f3 Infantil"},"content":{"rendered":"<p style=\"text-align: justify;\"><span style=\"font-weight: 400;\">Una societat que vol invertir en el seu futur, ha de considerar cada cop m\u00e9s l\u2019educaci\u00f3 infantil com la primera etapa i una de les <\/span><b>m\u00e9s importants del sistema educatiu<\/b><span style=\"font-weight: 400;\"> i definir-ne clarament els seus principis i objectius. Tenint en compte aquestes premises, la finalitat principal de la nostra escola \u00e9s que aquesta esdevingui pels infants, <\/span><b>un espai de benestar i d\u2019aprenentatge<\/b><span style=\"font-weight: 400;\">.<\/span><\/p>\n<p style=\"text-align: justify;\"><span style=\"font-weight: 400;\">Per atendre les necessitats i els diferents ritmes d\u2019aprenentatge dels nostres infants, portem a terme una <\/span><b>metodologia activa, globalitzada <\/b><span style=\"font-weight: 400;\">on el nen i la nena s\u00f3n <\/span><b>protagonistes dels seu propi aprenentatge<\/b><span style=\"font-weight: 400;\">. Aquesta metodologia es duu a terme di\u00e0riament a trav\u00e9s dels microespais.\u00a0<\/span><\/p>\n<p style=\"text-align: justify;\"><span style=\"font-weight: 400;\">Un microespai implica proposar reptes cognitius, crear un ambient ric i facilitador de relacions humanes, donar oportunitats per refor\u00e7ar la pr\u00f2pia confian\u00e7a i l\u2019autoestima, assegurar el cam\u00ed cap a la pr\u00f2pia autonomia i ajudar que els infants es puguin anar fent una idea adequada del m\u00f3n en qu\u00e8 viuen i viuran.\u00a0<\/span><\/p>\n<p style=\"text-align: justify;\"><span style=\"font-weight: 400;\">Per\u00f2 com ho fem les mestres tot aix\u00f2?.<\/span><span style=\"font-weight: 400;\"> En el nostre dia a dia, oferim als alumnes diferents propostes i provocacions en cadascun dels microespais , per poder donar resposta als continguts i capacitats que hem d\u2019assolir tenint en compte el curr\u00edculum d\u2019educaci\u00f3 infantil. Els nens i nenes <\/span><b>circulen lliurement dins l\u2019aula<\/b><span style=\"font-weight: 400;\">, escollint la proposta segons els seus interessos. El\u00a0 paper del\/la mestre \u00e9s el <\/span><b>d\u2019observar, acompanyar i guiar<\/b><span style=\"font-weight: 400;\"> als i les alumnes en el seu proc\u00e9s d&#8217;aprenentatge.\u00a0<\/span><\/p>\n<p style=\"text-align: justify;\"><span style=\"font-weight: 400;\">Els microespais que oferim des\u00a0 de les nostres aules s\u00f3n:\u00a0 Atelier,\u00a0 motricitat fina, experimentaci\u00f3 i natura, joc simb\u00f2lic, assemblea i biblioteca, construccions, lletres, raonament matem\u00e0tic i minimons.\u00a0\u00a0<\/span><\/p>\n<p style=\"text-align: justify;\"><span style=\"font-weight: 400;\">A m\u00e9s a m\u00e9s,\u00a0 d\u2019aquestes propostes, els i les mestres planifiquem, programem i portem a terme diferents activitats competencials de:\u00a0 lectura, rob\u00f2tica, projectes i\u00a0 centre d\u2019inter\u00e8s, entre d\u2019altres.<\/span><\/p>\n<p style=\"text-align: justify;\"><span style=\"font-weight: 400;\">En conclusi\u00f3, aquesta <\/span><b>metodologia global<\/b><span style=\"font-weight: 400;\"> ens permet donar resposta a la diversitat del llenguatge, crear curiositats, diversificar contextos d\u2019aprenentatge i promoure la inclusi\u00f3.\u00a0<\/span><\/p>\n","protected":false},"excerpt":{"rendered":"<p>Una societat que vol invertir en el seu futur, ha de considerar cada cop m\u00e9s l\u2019educaci\u00f3 infantil com la primera etapa i una de les m\u00e9s importants del sistema educatiu i definir-ne clarament els seus principis i objectius. Tenint en compte aquestes premises, la finalitat principal de la nostra escola \u00e9s que aquesta esdevingui pels [&hellip;]<\/p>\n","protected":false},"author":36,"featured_media":0,"parent":64,"menu_order":1,"comment_status":"closed","ping_status":"closed","template":"page-templates\/side-menu.php","meta":{"_bbp_topic_count":0,"_bbp_reply_count":0,"_bbp_total_topic_count":0,"_bbp_total_reply_count":0,"_bbp_voice_count":0,"_bbp_anonymous_reply_count":0,"_bbp_topic_count_hidden":0,"_bbp_reply_count_hidden":0,"_bbp_forum_subforum_count":0,"site-sidebar-layout":"default","site-content-layout":"","ast-site-content-layout":"","site-content-style":"default","site-sidebar-style":"default","ast-global-header-display":"","ast-banner-title-visibility":"","ast-main-header-display":"","ast-hfb-above-header-display":"","ast-hfb-below-header-display":"","ast-hfb-mobile-header-display":"","site-post-title":"","ast-breadcrumbs-content":"","ast-featured-img":"","footer-sml-layout":"","theme-transparent-header-meta":"","adv-header-id-meta":"","stick-header-meta":"","header-above-stick-meta":"","header-main-stick-meta":"","header-below-stick-meta":"","astra-migrate-meta-layouts":"default","ast-page-background-enabled":"default","ast-page-background-meta":{"desktop":{"background-color":"var(--ast-global-color-4)","background-image":"","background-repeat":"repeat","background-position":"center center","background-size":"auto","background-attachment":"scroll","background-type":"","background-media":"","overlay-type":"","overlay-color":"","overlay-opacity":"","overlay-gradient":""},"tablet":{"background-color":"","background-image":"","background-repeat":"repeat","background-position":"center center","background-size":"auto","background-attachment":"scroll","background-type":"","background-media":"","overlay-type":"","overlay-color":"","overlay-opacity":"","overlay-gradient":""},"mobile":{"background-color":"","background-image":"","background-repeat":"repeat","background-position":"center center","background-size":"auto","background-attachment":"scroll","background-type":"","background-media":"","overlay-type":"","overlay-color":"","overlay-opacity":"","overlay-gradient":""}},"ast-content-background-meta":{"desktop":{"background-color":"var(--ast-global-color-5)","background-image":"","background-repeat":"repeat","background-position":"center center","background-size":"auto","background-attachment":"scroll","background-type":"","background-media":"","overlay-type":"","overlay-color":"","overlay-opacity":"","overlay-gradient":""},"tablet":{"background-color":"var(--ast-global-color-5)","background-image":"","background-repeat":"repeat","background-position":"center center","background-size":"auto","background-attachment":"scroll","background-type":"","background-media":"","overlay-type":"","overlay-color":"","overlay-opacity":"","overlay-gradient":""},"mobile":{"background-color":"var(--ast-global-color-5)","background-image":"","background-repeat":"repeat","background-position":"center center","background-size":"auto","background-attachment":"scroll","background-type":"","background-media":"","overlay-type":"","overlay-color":"","overlay-opacity":"","overlay-gradient":""}},"footnotes":""},"class_list":["post-3198","page","type-page","status-publish","hentry"],"post_mailing_queue_ids":[],"_links":{"self":[{"href":"https:\/\/agora.xtec.cat\/ceipjoanabello-mollet\/wp-json\/wp\/v2\/pages\/3198","targetHints":{"allow":["GET"]}}],"collection":[{"href":"https:\/\/agora.xtec.cat\/ceipjoanabello-mollet\/wp-json\/wp\/v2\/pages"}],"about":[{"href":"https:\/\/agora.xtec.cat\/ceipjoanabello-mollet\/wp-json\/wp\/v2\/types\/page"}],"author":[{"embeddable":true,"href":"https:\/\/agora.xtec.cat\/ceipjoanabello-mollet\/wp-json\/wp\/v2\/users\/36"}],"replies":[{"embeddable":true,"href":"https:\/\/agora.xtec.cat\/ceipjoanabello-mollet\/wp-json\/wp\/v2\/comments?post=3198"}],"version-history":[{"count":4,"href":"https:\/\/agora.xtec.cat\/ceipjoanabello-mollet\/wp-json\/wp\/v2\/pages\/3198\/revisions"}],"predecessor-version":[{"id":4393,"href":"https:\/\/agora.xtec.cat\/ceipjoanabello-mollet\/wp-json\/wp\/v2\/pages\/3198\/revisions\/4393"}],"up":[{"embeddable":true,"href":"https:\/\/agora.xtec.cat\/ceipjoanabello-mollet\/wp-json\/wp\/v2\/pages\/64"}],"wp:attachment":[{"href":"https:\/\/agora.xtec.cat\/ceipjoanabello-mollet\/wp-json\/wp\/v2\/media?parent=3198"}],"curies":[{"name":"wp","href":"https:\/\/api.w.org\/{rel}","templated":true}]}}