{"id":3757,"date":"2024-02-08T15:27:37","date_gmt":"2024-02-08T14:27:37","guid":{"rendered":"https:\/\/agora.xtec.cat\/ceipjmperamas\/?page_id=3757"},"modified":"2025-12-17T16:41:30","modified_gmt":"2025-12-17T15:41:30","slug":"cultura-digital","status":"publish","type":"page","link":"https:\/\/agora.xtec.cat\/ceipjmperamas\/estrategia-digital-de-centre-edc\/cultura-digital\/","title":{"rendered":"Cultura Digital"},"content":{"rendered":"<p dir=\"ltr\">La <strong>Cultura Digital<\/strong> defineix els<strong> procediments, protocols, normes, acords i plans<\/strong> que t\u00e9 el <strong>nostre centre<\/strong>; els quals ajuden al desenvolupament de les compet\u00e8ncies digitals.<\/p>\n<p dir=\"ltr\">Dins d&#8217;aquest apartat trobareu la <strong>documentaci\u00f3 relativa a la Cultura Digital<\/strong> de la nostra escola.<\/p>\n<ul>\n<li dir=\"ltr\"><a href=\"https:\/\/agora.xtec.cat\/ceipjmperamas\/estrategia-digital-de-centre-edc\/cultura-digital\/autoritzacions\/\">Autoritzacions<\/a><\/li>\n<li dir=\"ltr\"><a href=\"https:\/\/agora.xtec.cat\/ceipjmperamas\/estrategia-digital-de-centre-edc\/cultura-digital\/normatives\/\">Normatives<\/a><\/li>\n<li dir=\"ltr\"><a href=\"https:\/\/agora.xtec.cat\/ceipjmperamas\/estrategia-digital-de-centre-edc\/cultura-digital\/competencia-digital-alumnat\/\">Compet\u00e8ncia Digital Alumnat<\/a><\/li>\n<li dir=\"ltr\"><a href=\"https:\/\/agora.xtec.cat\/ceipjmperamas\/estrategia-digital-de-centre-edc\/cultura-digital\/pla-dacollida-digital\/\">Pla d\u2019Acollida Digital<\/a><\/li>\n<li dir=\"ltr\"><a href=\"https:\/\/agora.xtec.cat\/ceipjmperamas\/estrategia-digital-de-centre-edc\/cultura-digital\/pla-de-comunicacio\/\">Pla de Comunicaci\u00f3<\/a><\/li>\n<\/ul>\n","protected":false},"excerpt":{"rendered":"<p>La Cultura Digital defineix els procediments, protocols, normes, acords i plans que t\u00e9 el nostre centre; els quals ajuden al desenvolupament de les compet\u00e8ncies digitals. Dins d&#8217;aquest apartat trobareu la documentaci\u00f3 relativa a la Cultura Digital de la nostra escola. Autoritzacions Normatives Compet\u00e8ncia Digital Alumnat Pla d\u2019Acollida Digital Pla de Comunicaci\u00f3<\/p>\n","protected":false},"author":1,"featured_media":0,"parent":3342,"menu_order":0,"comment_status":"closed","ping_status":"closed","template":"","meta":{"_bbp_topic_count":0,"_bbp_reply_count":0,"_bbp_total_topic_count":0,"_bbp_total_reply_count":0,"_bbp_voice_count":0,"_bbp_anonymous_reply_count":0,"_bbp_topic_count_hidden":0,"_bbp_reply_count_hidden":0,"_bbp_forum_subforum_count":0,"site-sidebar-layout":"default","site-content-layout":"","ast-site-content-layout":"default","site-content-style":"default","site-sidebar-style":"default","ast-global-header-display":"","ast-banner-title-visibility":"","ast-main-header-display":"","ast-hfb-above-header-display":"","ast-hfb-below-header-display":"","ast-hfb-mobile-header-display":"","site-post-title":"","ast-breadcrumbs-content":"","ast-featured-img":"","footer-sml-layout":"","theme-transparent-header-meta":"","adv-header-id-meta":"","stick-header-meta":"","header-above-stick-meta":"","header-main-stick-meta":"","header-below-stick-meta":"","astra-migrate-meta-layouts":"set","ast-page-background-enabled":"default","ast-page-background-meta":{"desktop":{"background-color":"var(--ast-global-color-4)","background-image":"","background-repeat":"repeat","background-position":"center center","background-size":"auto","background-attachment":"scroll","background-type":"","background-media":"","overlay-type":"","overlay-color":"","overlay-opacity":"","overlay-gradient":""},"tablet":{"background-color":"","background-image":"","background-repeat":"repeat","background-position":"center center","background-size":"auto","background-attachment":"scroll","background-type":"","background-media":"","overlay-type":"","overlay-color":"","overlay-opacity":"","overlay-gradient":""},"mobile":{"background-color":"","background-image":"","background-repeat":"repeat","background-position":"center center","background-size":"auto","background-attachment":"scroll","background-type":"","background-media":"","overlay-type":"","overlay-color":"","overlay-opacity":"","overlay-gradient":""}},"ast-content-background-meta":{"desktop":{"background-color":"var(--ast-global-color-5)","background-image":"","background-repeat":"repeat","background-position":"center center","background-size":"auto","background-attachment":"scroll","background-type":"","background-media":"","overlay-type":"","overlay-color":"","overlay-opacity":"","overlay-gradient":""},"tablet":{"background-color":"var(--ast-global-color-5)","background-image":"","background-repeat":"repeat","background-position":"center center","background-size":"auto","background-attachment":"scroll","background-type":"","background-media":"","overlay-type":"","overlay-color":"","overlay-opacity":"","overlay-gradient":""},"mobile":{"background-color":"var(--ast-global-color-5)","background-image":"","background-repeat":"repeat","background-position":"center center","background-size":"auto","background-attachment":"scroll","background-type":"","background-media":"","overlay-type":"","overlay-color":"","overlay-opacity":"","overlay-gradient":""}},"footnotes":""},"class_list":["post-3757","page","type-page","status-publish","hentry"],"post_mailing_queue_ids":[],"_links":{"self":[{"href":"https:\/\/agora.xtec.cat\/ceipjmperamas\/wp-json\/wp\/v2\/pages\/3757","targetHints":{"allow":["GET"]}}],"collection":[{"href":"https:\/\/agora.xtec.cat\/ceipjmperamas\/wp-json\/wp\/v2\/pages"}],"about":[{"href":"https:\/\/agora.xtec.cat\/ceipjmperamas\/wp-json\/wp\/v2\/types\/page"}],"author":[{"embeddable":true,"href":"https:\/\/agora.xtec.cat\/ceipjmperamas\/wp-json\/wp\/v2\/users\/1"}],"replies":[{"embeddable":true,"href":"https:\/\/agora.xtec.cat\/ceipjmperamas\/wp-json\/wp\/v2\/comments?post=3757"}],"version-history":[{"count":3,"href":"https:\/\/agora.xtec.cat\/ceipjmperamas\/wp-json\/wp\/v2\/pages\/3757\/revisions"}],"predecessor-version":[{"id":4865,"href":"https:\/\/agora.xtec.cat\/ceipjmperamas\/wp-json\/wp\/v2\/pages\/3757\/revisions\/4865"}],"up":[{"embeddable":true,"href":"https:\/\/agora.xtec.cat\/ceipjmperamas\/wp-json\/wp\/v2\/pages\/3342"}],"wp:attachment":[{"href":"https:\/\/agora.xtec.cat\/ceipjmperamas\/wp-json\/wp\/v2\/media?parent=3757"}],"curies":[{"name":"wp","href":"https:\/\/api.w.org\/{rel}","templated":true}]}}